000
CXUS53 KMPX 052129
CF6EAU
PRELIMINARY LOCAL CLIMATOLOGICAL DATA (WS FORM: F-6)
STATION: EAU CLAIRE WI
MONTH: MARCH
YEAR: 2021
LATITUDE: 44 52 N
LONGITUDE: 91 29 W
TEMPERATURE IN F: :PCPN: SNOW: WIND :SUNSHINE: SKY :PK WND
================================================================================
1 2 3 4 5 6A 6B 7 8 9 10 11 12 13 14 15 16 17 18
12Z AVG MX 2MIN
DY MAX MIN AVG DEP HDD CDD WTR SNW DPTH SPD SPD DIR MIN PSBL S-S WX SPD DR
================================================================================
1 24 14 19 -6 46 0 T 0.1 2 8.0 15 320 M M 3 23 360
2 46 17 32 7 33 0 0.00 0.0 2 11.6 25 220 M M 1 38 240
3 47 24 36 10 29 0 0.00 0.0 1 3.4 9 330 M M 3 18 14 320
4 47 25 36 10 29 0 0.00 0.0 T 4.7 12 70 M M 4 17 110
5 48 21 35 9 30 0 0.00 0.0 T 2.0 8 320 M M 5 12 330
6 49 17 33 6 32 0 0.00 0.0 T 3.1 9 20 M M 0 12 40
7 56 19 38 11 27 0 0.00 0.0 T 9.8 24 180 M M 1 33 190
8 58 31 45 17 20 0 0.00 0.0 0 4.7 12 260 M M 0 1 16 280
9 67 31 49 21 16 0 T 0.0 0 11.8 32 170 M M 2 47 190
10 59 41 50 21 15 0 0.29 0.0 0 9.8 32 230 M M 7 1 43 220
11 48 33 41 12 24 0 T T 0 15.7 36 220 M M 5 1 57 210
12 42 22 32 2 33 0 0.00 0.0 0 5.4 13 320 M M 0 19 300
13 60 19 40 10 25 0 0.00 0.0 0 7.0 24 270 M M 0 34 280
14 49 27 38 8 27 0 0.00 0.0 0 10.4 22 80 M M 0 30 70
15 37 27 32 1 33 0 0.22 2.6 0 12.6 21 100 M M 5 12 28 80
16 35 28 32 1 33 0 0.00 0.0 3 2.5 9 100 M M 10 12 90
17 48 29 39 7 26 0 0.02 0.7 2 4.8 16 350 M M 7 18 24 360
18 55 28 42 10 23 0 0.00 0.0 0 9.2 20 60 M M 0 27 60
19 55 18 37 4 28 0 0.00 0.0 0 4.2 13 170 M M 0 17 160
20 61 22 42 9 23 0 0.00 0.0 0 10.2 22 170 M M 0 29 170
21 66 41 54 20 11 0 T 0.0 0 16.6 30 170 M M 2 42 170
22 62 45 54 20 11 0 T 0.0 0 5.0 18 200 M M 5 8 25 200
23 64 42 53 19 12 0 0.30 0.0 0 9.9 20 80 M M 8 1 27 100
24 51 37 44 9 21 0 0.51 0.0 0 9.4 18 310 M M 10 1 26 300
25 49 30 40 5 25 0 0.00 0.0 0 7.0 15 60 M M 6 22 40
26 44 27 36 0 29 0 0.00 0.0 0 4.4 10 10 M M 4 16 20
27 47 29 38 2 27 0 0.22 T 0 6.2 22 330 M M 8 1 30 330
28 44 28 36 -1 29 0 T T 0 10.3 23 320 M M 2 1 35 310
29 70 30 50 13 15 0 0.00 0.0 0 16.6 25 180 M M 2 48 170
30 63 30 47 9 18 0 0.00 0.0 0 16.2 26 250 M M 4 8 39 230
31 35 23 29 -9 36 0 0.00 0.0 0 11.5 24 320 M M 6 32 310
================================================================================
SM 1586 855 786 0 1.56 3.4 264.0 M 110
================================================================================
AV 51.2 27.6 8.5 FASTST M M 4 MAX(MPH)
MISC ----> 36 220 57 210
================================================================================
NOTES:
# LAST OF SEVERAL OCCURRENCES
COLUMN 17 PEAK WIND IN M.P.H.
PRELIMINARY LOCAL CLIMATOLOGICAL DATA (WS FORM: F-6) , PAGE 2
STATION: EAU CLAIRE WI
MONTH: MARCH
YEAR: 2021
LATITUDE: 44 52 N
LONGITUDE: 91 29 W
[TEMPERATURE DATA] [PRECIPITATION DATA] SYMBOLS USED IN COLUMN 16
AVERAGE MONTHLY: 39.4 TOTAL FOR MONTH: 1.56 1 = FOG OR MIST
DPTR FM NORMAL: 8.0 DPTR FM NORMAL: -0.17 2 = FOG REDUCING VISIBILITY
HIGHEST: 70 ON 29 GRTST 24HR 0.51 ON 24-24 TO 1/4 MILE OR LESS
LOWEST: 14 ON 1 3 = THUNDER
SNOW, ICE PELLETS, HAIL 4 = ICE PELLETS
TOTAL MONTH: 3.4 INCHES 5 = HAIL
GRTST 24HR 2.6 ON 15-15 6 = FREEZING RAIN OR DRIZZLE
GRTST DEPTH: 3 ON 16 7 = DUSTSTORM OR SANDSTORM:
VSBY 1/2 MILE OR LESS
8 = SMOKE OR HAZE
[NO. OF DAYS WITH] [WEATHER - DAYS WITH] 9 = BLOWING SNOW
X = TORNADO
MAX 32 OR BELOW: 1 0.01 INCH OR MORE: 6
MAX 90 OR ABOVE: 0 0.10 INCH OR MORE: 5
MIN 32 OR BELOW: 25 0.50 INCH OR MORE: 1
MIN 0 OR BELOW: 0 1.00 INCH OR MORE: 0
[HDD (BASE 65) ]
TOTAL THIS MO. 786 CLEAR (SCALE 0-3) 16
DPTR FM NORMAL -258 PTCLDY (SCALE 4-7) 12
TOTAL FM JUL 1 6703 CLOUDY (SCALE 8-10) 3
DPTR FM NORMAL -361
[CDD (BASE 65) ]
TOTAL THIS MO. 0
DPTR FM NORMAL 0 [PRESSURE DATA]
TOTAL FM JAN 1 0 HIGHEST SLP 30.59 ON 19
DPTR FM NORMAL 0 LOWEST SLP 29.40 ON 29
[REMARKS]
#FINAL-03-21#
PRECIPITATION ON MARCH 15TH-17TH, 23RD, AND 24TH ARE FROM THE 8 INCH DIAMETER RAIN GAUGE AT THE SNOW OBSERVING SITE.