000
CXUS53 KGJT 011548
CLAEEO
CLIMATE REPORT
NATIONAL WEATHER SERVICE GRAND JUNCTION CO
848 AM MST SAT JAN 01 2022
...................................
...THE MEEKER CO CLIMATE SUMMARY FOR THE YEAR OF 2021...
CLIMATE NORMAL PERIOD 1991 TO 2020
CLIMATE RECORD PERIOD 9999 TO 9999
WEATHER OBSERVED NORMAL DEPART LAST YEAR`S
VALUE DATE(S) VALUE FROM VALUE DATE(S)
NORMAL
................................................................
TEMPERATURE (F)
RECORD
HIGH MM MM
LOW MM MM
HIGHEST 98 07/09 MM MM 97 08/18
LOWEST -15 01/11 MM MM -17 10/27
AVG. MAXIMUM 61.0 60.4 0.6 60.5
AVG. MINIMUM 28.9 29.2 -0.3 26.2
MEAN 44.9 44.8 0.1 43.4
DAYS MAX >= 90 32 21.4 10.6 38
DAYS MAX <= 32 33 38.2 -5.2 43
DAYS MIN <= 32 204 202.4 1.6 219
DAYS MIN <= 0 23 24.9 -1.9 31
PRECIPITATION (INCHES)
RECORD
MAXIMUM MM MM
MINIMUM MM MM
TOTALS 13.63 15.26 -1.63 10.63
DAILY AVG. 0.04 0.04 -0.00 0.03
DAYS >= .01 88 110.6 -22.6 87
DAYS >= .10 40 49.1 -9.1 35
DAYS >= .50 5 5.0 0.0 2
DAYS >= 1.00 0 0.2 -0.2 1
GREATEST
24 HR. TOTAL 0.98 1.03
STORM TOTAL 0.81 0.28
(MM/DD(HH)) MM
SNOWFALL (INCHES)
RECORDS
TOTAL MM MM
24 HR TOTAL MM
SNOW DEPTH MM MM
TOTALS MM MM MM MM
LIQUID EQUIV MM MM MM MM
SINCE 7/1 MM MM MM MM
LIQUID 7/1 MM MM MM MM
SNOWDEPTH AVG. MM MM
DAYS >= TRACE MM MM MM MM
DAYS >= 1.0 MM MM MM MM
GREATEST
SNOW DEPTH MM MM MM
24 HR TOTAL MM MM
STORM TOTAL MM MM
(MM/DD(HH)) MM
DEGREE DAYS
HEATING TOTAL 7462 7579 -117 8059
SINCE 7/1 2759 3099 -340 3283
COOLING TOTAL 319 245 74 265
SINCE 1/1 319 244 75 265
FREEZE DATES
RECORD
EARLIEST MM
LATEST MM
EARLIEST 09/21
LATEST 05/25
................................................................
WIND (MPH)
AVERAGE WIND SPEED 5.7
RESULTANT WIND SPEED/DIRECTION 1/210
HIGHEST WIND SPEED/DIRECTION 45/290 DATE 09/11
HIGHEST GUST SPEED/DIRECTION 75/310 DATE 09/11
SKY COVER
POSSIBLE SUNSHINE (PERCENT) MM
AVERAGE SKY COVER 0.29
NUMBER OF DAYS FAIR 234
NUMBER OF DAYS PC 77
NUMBER OF DAYS CLOUDY 50
AVERAGE RH (PERCENT) 54
WEATHER CONDITIONS. NUMBER OF DAYS WITH
THUNDERSTORM 35 MIXED PRECIP 0
HEAVY RAIN 15 RAIN 23
LIGHT RAIN 93 FREEZING RAIN 0
LT FREEZING RAIN 0 HAIL 0
HEAVY SNOW 18 SNOW 30
LIGHT SNOW 62 SLEET 0
FOG 77 FOG W/VIS <= 1/4 MILE 23
HAZE 28
- INDICATES NEGATIVE NUMBERS.
R INDICATES RECORD WAS SET OR TIED.
MM INDICATES DATA IS MISSING.
T INDICATES TRACE AMOUNT.
$$