000
CXUS54 KBMX 011010
CF6EET
PRELIMINARY LOCAL CLIMATOLOGICAL DATA (WS FORM: F-6)
STATION: SHELBY COUNTY AIRPORT
MONTH: OCTOBER
YEAR: 2022
LATITUDE: 33 10 N
LONGITUDE: 86 47 W
TEMPERATURE IN F: :PCPN: SNOW: WIND :SUNSHINE: SKY :PK WND
================================================================================
1 2 3 4 5 6A 6B 7 8 9 10 11 12 13 14 15 16 17 18
12Z AVG MX 2MIN
DY MAX MIN AVG DEP HDD CDD WTR SNW DPTH SPD SPD DIR MIN PSBL S-S WX SPD DR
================================================================================
1 81 49 65 -6 0 0 0.00 0.0 0 4.3 14 300 M M 0 19 300
2 82 52 67 -4 0 2 0.00 0.0 0 5.0 15 350 M M 0 22 320
3 80 58 69 -1 0 4 0.00 0.0 0 2.8 9 110 M M 0 16 20
4 80 54 67 -3 0 2 0.00 0.0 0 1.6 9 200 M M 1 13 300
5 81 50 66 -4 0 1 0.00 0.0 0 1.1 9 340 M M 0 1 13 300
6 83 49 66 -3 0 1 0.00 0.0 0 1.2 10 300 M M 0 8 14 360
7 85 53 69 0 0 4 0.00 0.0 0 2.8 13 310 M M 0 8 17 310
8 76 52 64 -4 1 0 0.00 0.0 0 4.5 13 320 M M 0 20 320
9 74 47 61 -7 4 0 0.00 0.0 0 2.9 14 320 M M 0 20 320
10 78 46 62 -6 3 0 0.00 0.0 0 1.7 10 360 M M 0 15 20
11 81 49 65 -2 0 0 T 0.0 0 2.8 12 160 M M 1 17 150
12 69 64 67 0 0 2 0.78 0.0 0 2.8 12 170 M M 7 138 18 130
13 78 51 65 -1 0 0 0.69 0.0 0 3.1 15 310 M M 4 138 25 10
14 76 47 62 -4 3 0 0.00 0.0 0 2.0 10 280 M M 0 15 250
15 82 49 66 0 0 1 0.00 0.0 0 1.9 12 190 M M 0 15 180
16 81 53 67 2 0 2 0.00 0.0 0 1.9 10 310 M M 0 17 310
17 75 50 63 -2 2 0 0.00 0.0 0 6.1 15 300 M M 1 21 280
18 55 37 46 -18 19 0 0.00 0.0 0 5.9 18 310 M M 0 26 300
19 62 34 48 -16 17 0 0.00 0.0 0 3.1 13 300 M M 0 17 310
20 63 33 48 -15 17 0 0.00 0.0 0 1.9 12 280 M M 0 16 270
21 75 39 57 -6 8 0 0.00 0.0 0 2.0 9 180 M M 0 18 12 190
22 77 47 62 -1 3 0 0.00 0.0 0 2.1 10 160 M M 0 14 140
23 78 47 63 1 2 0 0.00 0.0 0 1.7 9 170 M M 0 18 12 210
24 80 46 63 1 2 0 0.00 0.0 0 2.2 10 140 M M 0 8 14 140
25 78 56 67 6 0 2 0.42 0.0 0 5.8 25 160 M M 6 123 33 170
26 63 48 56 -5 9 0 0.00 0.0 0 5.7 13 310 M M 0 18 310
27 74 45 60 -1 5 0 0.00 0.0 0 2.7 8 130 M M 0 14 50
28 74 54 64 4 1 0 0.00 0.0 0 3.3 8 50 M M 2 14 120
29 74 56 65 5 0 0 0.38 0.0 0 5.4 13 120 M M 8 1 20 140
30 66 61 64 4 1 0 0.27 0.0 0 4.9 14 130 M M 10 1 26 140
31 69 56 63 4 2 0 0.00 0.0 0 1.5 9 200 M M 8 12 14 230
================================================================================
SM 2330 1532 99 21 2.54 0.0 96.7 M 48
================================================================================
AV 75.2 49.4 3.1 FASTST M M 2 MAX(MPH)
MISC ----> 25 160 33 170
================================================================================
NOTES:
# LAST OF SEVERAL OCCURRENCES
COLUMN 17 PEAK WIND IN M.P.H.
PRELIMINARY LOCAL CLIMATOLOGICAL DATA (WS FORM: F-6) , PAGE 2
STATION: SHELBY COUNTY AIRPORT
MONTH: OCTOBER
YEAR: 2022
LATITUDE: 33 10 N
LONGITUDE: 86 47 W
[TEMPERATURE DATA] [PRECIPITATION DATA] SYMBOLS USED IN COLUMN 16
AVERAGE MONTHLY: 62.3 TOTAL FOR MONTH: 2.54 1 = FOG OR MIST
DPTR FM NORMAL: -2.8 DPTR FM NORMAL: -0.49 2 = FOG REDUCING VISIBILITY
HIGHEST: 85 ON 7 GRTST 24HR 1.47 ON 12-13 TO 1/4 MILE OR LESS
LOWEST: 33 ON 20 3 = THUNDER
SNOW, ICE PELLETS, HAIL 4 = ICE PELLETS
TOTAL MONTH: 0.0 INCH 5 = HAIL
GRTST 24HR 0.0 6 = FREEZING RAIN OR DRIZZLE
GRTST DEPTH: 0 7 = DUSTSTORM OR SANDSTORM:
VSBY 1/2 MILE OR LESS
8 = SMOKE OR HAZE
[NO. OF DAYS WITH] [WEATHER - DAYS WITH] 9 = BLOWING SNOW
X = TORNADO
MAX 32 OR BELOW: 0 0.01 INCH OR MORE: 5
MAX 90 OR ABOVE: 0 0.10 INCH OR MORE: 5
MIN 32 OR BELOW: 0 0.50 INCH OR MORE: 2
MIN 0 OR BELOW: 0 1.00 INCH OR MORE: 0
[HDD (BASE 65) ]
TOTAL THIS MO. 99 CLEAR (SCALE 0-3) 25
DPTR FM NORMAL 0 PTCLDY (SCALE 4-7) 4
TOTAL FM JUL 1 99 CLOUDY (SCALE 8-10) 2
DPTR FM NORMAL -4
[CDD (BASE 65) ]
TOTAL THIS MO. 21
DPTR FM NORMAL -81 [PRESSURE DATA]
TOTAL FM JAN 1 2242 HIGHEST SLP 30.30 ON 9
DPTR FM NORMAL 77 LOWEST SLP 29.72 ON 25
[REMARKS]
#FINAL-10-22#