000
CXUS54 KBMX 011110
CF6EET
PRELIMINARY LOCAL CLIMATOLOGICAL DATA (WS FORM: F-6)
STATION: SHELBY COUNTY AIRPORT
MONTH: JANUARY
YEAR: 2024
LATITUDE: 33 10 N
LONGITUDE: 86 47 W
TEMPERATURE IN F: :PCPN: SNOW: WIND :SUNSHINE: SKY :PK WND
================================================================================
1 2 3 4 5 6A 6B 7 8 9 10 11 12 13 14 15 16 17 18
12Z AVG MX 2MIN
DY MAX MIN AVG DEP HDD CDD WTR SNW DPTH SPD SPD DIR MIN PSBL S-S WX SPD DR
================================================================================
1 49 28 39 -7 26 0 0.00 0.0 0 5.7 15 320 M M 0 22 340
2 52 27 40 -6 25 0 0.00 0.0 0 1.4 9 50 M M 0 13 50
3 45 27 36 -10 29 0 T 0.0 0 0.4 6 170 M M 4 1 9 270
4 53 28 41 -5 24 0 0.00 0.0 0 4.3 12 350 M M 0 20 30
5 53 30 42 -3 23 0 1.37 M M 5.8 15 110 M M 2 1 28 100
6 50 40 45 0 20 0 0.16 M M 5.6 14 280 M M 10 1 24 80
7 52 32 42 -3 23 0 0.00 0.0 0 3.6 15 310 M M 5 22 280
8 54 32 43 -2 22 0 1.30 0.0 0 6.8 21 110 M M 4 13 37 130
9 55 38 47 2 18 0 1.90 0.0 0 9.8 20 270 M M 10 13 34 220
10 51 31 41 -4 24 0 0.00 0.0 0 4.3 14 290 M M 1 28 240
11 64 32 48 3 17 0 0.00 0.0 0 3.2 9 170 M M 3 14 120
12 60 35 48 3 17 0 0.32 0.0 0 9.5 23 160 M M 7 1 38 110
13 49 29 39 -6 26 0 0.00 0.0 0 3.9 14 280 M M 0 22 270
14 55 27 41 -4 24 0 0.00 0.0 0 2.5 14 310 M M 0 20 320
15 55 28 42 -3 23 0 0.01 0.0 0 5.6 15 310 M M 4 16 22 310
16 29 16 23 -22 42 0 0.20 M M 9.4 17 340 M M 5 16 29 360
17 36 11 24 -21 41 0 0.00 0.0 0 1.5 7 290 M M 0 13 350
18 49 21 35 -10 30 0 0.05 0.0 0 3.9 12 150 M M 6 1 18 180
19 47 25 36 -9 29 0 0.01 0.0 0 9.6 18 320 M M 3 1 28 10
20 32 17 25 -21 40 0 0.00 0.0 0 7.8 14 360 M M 0 24 20
21 42 15 29 -17 36 0 0.00 0.0 0 2.3 9 60 M M 0 16 60
22 54 26 40 -6 25 0 0.00 0.0 0 3.9 15 170 M M 4 8 24 170
23 64 48 56 10 9 0 0.02 0.0 0 5.3 9 120 M M 7 1 18 100
24 68 56 62 16 3 0 2.49 0.0 0 5.4 18 300 M M 10 123 30 290
25 70 62 66 20 0 1 1.13 0.0 0 4.7 20 210 M M 9 13 33 230
26 68 58 63 17 2 0 0.00 0.0 0 0.1 5 60 M M 8 1 8 40
27 68 44 56 10 9 0 0.48 0.0 0 6.9 18 290 M M 9 1 30 300
28 47 42 45 -1 20 0 T 0.0 0 10.5 20 300 M M 10 18 28 310
29 55 35 45 -1 20 0 0.00 0.0 0 5.8 14 320 M M 5 25 300
30 64 31 48 1 17 0 0.00 0.0 0 4.1 15 320 M M 2 12 25 320
31 56 37 47 0 18 0 0.00 0.0 0 4.0 13 350 M M 0 22 10
================================================================================
SM 1646 1008 682 1 9.44 0.0 157.6 M 128
================================================================================
AV 53.1 32.5 5.1 FASTST M M 4 MAX(MPH)
MISC ----> 23 160 38 110
================================================================================
NOTES:
# LAST OF SEVERAL OCCURRENCES
COLUMN 17 PEAK WIND IN M.P.H.
PRELIMINARY LOCAL CLIMATOLOGICAL DATA (WS FORM: F-6) , PAGE 2
STATION: SHELBY COUNTY AIRPORT
MONTH: JANUARY
YEAR: 2024
LATITUDE: 33 10 N
LONGITUDE: 86 47 W
[TEMPERATURE DATA] [PRECIPITATION DATA] SYMBOLS USED IN COLUMN 16
AVERAGE MONTHLY: 42.8 TOTAL FOR MONTH: 9.44 1 = FOG OR MIST
DPTR FM NORMAL: -2.9 DPTR FM NORMAL: 4.09 2 = FOG REDUCING VISIBILITY
HIGHEST: 70 ON 25 GRTST 24HR 2.79 ON 8- 9 TO 1/4 MILE OR LESS
LOWEST: 11 ON 17 3 = THUNDER
SNOW, ICE PELLETS, HAIL 4 = ICE PELLETS
TOTAL MONTH: 0.0 INCH 5 = HAIL
GRTST 24HR 0.0 6 = FREEZING RAIN OR DRIZZLE
GRTST DEPTH: 0 7 = DUSTSTORM OR SANDSTORM:
VSBY 1/2 MILE OR LESS
8 = SMOKE OR HAZE
[NO. OF DAYS WITH] [WEATHER - DAYS WITH] 9 = BLOWING SNOW
X = TORNADO
MAX 32 OR BELOW: 2 0.01 INCH OR MORE: 13
MAX 90 OR ABOVE: 0 0.10 INCH OR MORE: 9
MIN 32 OR BELOW: 20 0.50 INCH OR MORE: 5
MIN 0 OR BELOW: 0 1.00 INCH OR MORE: 5
[HDD (BASE 65) ]
TOTAL THIS MO. 682 CLEAR (SCALE 0-3) 13
DPTR FM NORMAL 80 PTCLDY (SCALE 4-7) 11
TOTAL FM JUL 1 1569 CLOUDY (SCALE 8-10) 7
DPTR FM NORMAL 9
[CDD (BASE 65) ]
TOTAL THIS MO. 1
DPTR FM NORMAL -1 [PRESSURE DATA]
TOTAL FM JAN 1 1 HIGHEST SLP 30.64 ON 21
DPTR FM NORMAL -1 LOWEST SLP 29.42 ON 9
[REMARKS]
#FINAL-01-24#