000
CXUS51 KRLX 011237
CF6EKN
PRELIMINARY LOCAL CLIMATOLOGICAL DATA (WS FORM: F-6)
STATION: ELKINS WV
MONTH: FEBRUARY
YEAR: 2020
LATITUDE: 38 52 N
LONGITUDE: 79 51 W
TEMPERATURE IN F: :PCPN: SNOW: WIND :SUNSHINE: SKY :PK WND
================================================================================
1 2 3 4 5 6A 6B 7 8 9 10 11 12 13 14 15 16 17 18
12Z AVG MX 2MIN
DY MAX MIN AVG DEP HDD CDD WTR SNW DPTH SPD SPD DIR MIN PSBL S-S WX SPD DR
================================================================================
1 40 33 37 7 28 0 0.24 0.2 0 1.8 15 280 M M 10 1 22 290
2 57 33 45 15 20 0 0.03 T 1 13.2 25 290 M M 5 1 36 280
3 67 31 49 19 16 0 0.00 0.0 0 5.9 16 200 M M 0 24 220
4 64 48 56 26 9 0 0.28 0.0 0 6.1 21 240 M M 9 1 29 230
5 55 35 45 15 20 0 0.20 0.0 0 4.2 17 160 M M 10 1 22 150
6 60 45 53 22 12 0 0.19 0.0 0 7.0 25 140 M M 8 1 35 140
7 45 26 36 5 29 0 0.74 2.4 T 12.5 24 270 M M 10 1 37 270
8 35 25 30 -1 35 0 0.04 0.5 2 5.1 17 290 M M 9 1 24 300
9 47 25 36 5 29 0 T T 1 5.2 16 170 M M 7 21 160
10 51 40 46 15 19 0 1.27 0.0 0 3.6 12 170 M M 10 1 18 170
11 50 36 43 12 22 0 0.51 0.0 0 4.9 17 300 M M 10 18 25 300
12 53 32 43 11 22 0 0.14 0.0 0 3.9 24 210 M M 8 18 34 210
13 57 33 45 13 20 0 0.42 T 0 10.0 21 180 M M 10 18 31 190
14 33 12 23 -9 42 0 0.05 3.1 T 8.0 20 290 M M 10 18 31 270
15 44 2 23 -9 42 0 0.00 0.0 2 1.9 10 130 M M 0 18 14 130
16 54 30 42 10 23 0 0.00 0.0 0 4.6 16 280 M M 4 24 270
17 56 23 40 8 25 0 0.00 0.0 0 4.1 15 160 M M 3 12 24 130
18 56 40 48 15 17 0 0.36 0.0 0 7.4 17 310 M M 8 1 26 190
19 44 23 34 1 31 0 T 0.0 0 4.9 15 270 M M 3 21 330
20 35 22 29 -4 36 0 0.00 0.0 0 4.2 14 10 M M 4 1 19 10
21 34 13 24 -9 41 0 0.00 0.0 0 3.7 15 340 M M 1 19 340
22 49 12 31 -3 34 0 0.00 0.0 0 2.0 12 280 M M 0 15 230
23 56 13 35 1 30 0 0.00 0.0 0 1.7 15 250 M M 4 27 260
24 58 25 42 8 23 0 T 0.0 0 2.0 10 130 M M 7 12 300
25 57 42 50 16 15 0 0.46 0.0 0 1.0 10 230 M M 10 1 13 260
26 62 33 48 14 17 0 0.57 0.1 0 4.4 24 280 M M 9 123 32 280
27 32 22 27 -8 38 0 0.03 3.5 2 12.4 30 290 M M 10 1 43 290
28 33 25 29 -6 36 0 0.04 1.6 1 10.2 20 250 M M 10 8 28 240
29 27 16 22 -13 43 0 0.01 0.5 2 7.7 18 280 M M 9 26 290
================================================================================
SM 1411 795 774 0 5.58 11.9 163.6 M 198
================================================================================
AV 48.7 27.4 5.6 FASTST M M 7 MAX(MPH)
MISC ----> # 30 290 # 43 290
================================================================================
NOTES:
# LAST OF SEVERAL OCCURRENCES
COLUMN 17 PEAK WIND IN M.P.H.
PRELIMINARY LOCAL CLIMATOLOGICAL DATA (WS FORM: F-6) , PAGE 2
STATION: ELKINS WV
MONTH: FEBRUARY
YEAR: 2020
LATITUDE: 38 52 N
LONGITUDE: 79 51 W
[TEMPERATURE DATA] [PRECIPITATION DATA] SYMBOLS USED IN COLUMN 16
AVERAGE MONTHLY: 38.0 TOTAL FOR MONTH: 5.58 1 = FOG OR MIST
DPTR FM NORMAL: 5.8 DPTR FM NORMAL: 2.48 2 = FOG REDUCING VISIBILITY
HIGHEST: 67 ON 3 GRTST 24HR 1.27 ON 10-10 TO 1/4 MILE OR LESS
LOWEST: 2 ON 15 3 = THUNDER
SNOW, ICE PELLETS, HAIL 4 = ICE PELLETS
TOTAL MONTH: 11.9 INCHES 5 = HAIL
GRTST 24HR 3.5 ON 27-27 6 = FREEZING RAIN OR DRIZZLE
GRTST DEPTH: 2 ON 29,27 7 = DUSTSTORM OR SANDSTORM:
VSBY 1/2 MILE OR LESS
8 = SMOKE OR HAZE
[NO. OF DAYS WITH] [WEATHER - DAYS WITH] 9 = BLOWING SNOW
X = TORNADO
MAX 32 OR BELOW: 2 0.01 INCH OR MORE: 18
MAX 90 OR ABOVE: 0 0.10 INCH OR MORE: 12
MIN 32 OR BELOW: 18 0.50 INCH OR MORE: 4
MIN 0 OR BELOW: 0 1.00 INCH OR MORE: 1
[HDD (BASE 65) ]
TOTAL THIS MO. 774 CLEAR (SCALE 0-3) 5
DPTR FM NORMAL -146 PTCLDY (SCALE 4-7) 10
TOTAL FM JUL 1 3535 CLOUDY (SCALE 8-10) 14
DPTR FM NORMAL -816
[CDD (BASE 65) ]
TOTAL THIS MO. 0
DPTR FM NORMAL 0 [PRESSURE DATA]
TOTAL FM JAN 1 0 HIGHEST SLP 30.62 ON 21
DPTR FM NORMAL 0 LOWEST SLP 29.13 ON 7
[REMARKS]
#FINAL-02-20#