000
CXUS55 KLKN 052022
CLMEKO
CLIMATE REPORT
NATIONAL WEATHER SERVICE ELKO, NV
122 PM PDT FRI MAY 05 2023
...................................
...THE ELKO AIRPORT NV CLIMATE SUMMARY FOR THE MONTH OF APRIL 2023...
CLIMATE NORMAL PERIOD 1991 TO 2020
CLIMATE RECORD PERIOD 1888 TO 2023
WEATHER OBSERVED NORMAL DEPART LAST YEAR`S
VALUE DATE(S) VALUE FROM VALUE DATE(S)
NORMAL
................................................................
TEMPERATURE (F)
RECORD
HIGH 88 04/29/2020
LOW 5 04/02/1936
HIGHEST 85 04/30 77 8 80 04/08
LOWEST 16 04/19 17 -1 18 04/06
04/10
AVG. MAXIMUM 59.9 59.6 0.3 60.1
AVG. MINIMUM 29.3 31.5 -2.2 26.9
MEAN 44.6 45.6 -1.0 43.5
DAYS MAX >= 90 0 0.0 0.0 0
DAYS MAX <= 32 0 0.0 0.0 0
DAYS MIN <= 32 19 18.6 0.4 25
DAYS MIN <= 0 0 0.0 0.0 0
PRECIPITATION (INCHES)
RECORD
MAXIMUM 3.94 1900
MINIMUM T 1924
TOTALS 0.14 1.05 -0.91 0.74
DAILY AVG. 0.00 0.04 -0.04 0.02
DAYS >= .01 4 9.0 -5.0 9
DAYS >= .10 0 3.1 -3.1 5
DAYS >= .50 0 0.4 -0.4 0
DAYS >= 1.00 0 0.0 0.0 0
GREATEST
24 HR. TOTAL 0.07 04/03 TO 04/03 0.20
SNOWFALL (INCHES)
RECORDS
TOTAL 19.0 1925
TOTALS 1.8 3.3 -1.5 3.8
SINCE 7/1 74.2 40.8 33.4 MM
SNOWDEPTH AVG. 0 0
DAYS >= TRACE 5 3.3 1.7 6
DAYS >= 1.0 1 0.9 0.1 1
DAYS >= 1.0 1 1
GREATEST
SNOW DEPTH 1 04/03 2
24 HR TOTAL MM MM
DEGREE DAYS
HEATING TOTAL 606 584 22 638
SINCE 7/1 7137 6288 849 MM
COOLING TOTAL 0 0 0 0
SINCE 1/1 0 0 0 MM
................................................................
WIND (MPH)
AVERAGE WIND SPEED 6.9
HIGHEST WIND SPEED/DIRECTION 36/270 DATE 04/18
HIGHEST GUST SPEED/DIRECTION 46/270 DATE 04/18
AVERAGE RH (PERCENT) 51
WEATHER CONDITIONS. NUMBER OF DAYS WITH
THUNDERSTORM 1 MIXED PRECIP 0
HEAVY RAIN 0 RAIN 0
LIGHT RAIN 1 FREEZING RAIN 0
LT FREEZING RAIN 0 HAIL 0
HEAVY SNOW 1 SNOW 0
LIGHT SNOW 4 SLEET 0
FOG 4 FOG W/VIS <= 1/4 MILE 1
HAZE 2
- INDICATES NEGATIVE NUMBERS.
R INDICATES RECORD WAS SET OR TIED.
MM INDICATES DATA IS MISSING.
T INDICATES TRACE AMOUNT.
======================================================================
...APRIL 2023 IN ELKO WAS COLDER AND DRIER THAN NORMAL...
...10TH DRIEST APRIL (TIED) ON RECORD FOR ELKO...
$$