000
CXUS54 KSHV 011400
CF6ELD
PRELIMINARY LOCAL CLIMATOLOGICAL DATA (WS FORM: F-6)
STATION: EL DORADO
MONTH: DECEMBER
YEAR: 2020
LATITUDE: 33 13 N
LONGITUDE: 92 49 W
TEMPERATURE IN F: :PCPN: SNOW: WIND :SUNSHINE: SKY :PK WND
================================================================================
1 2 3 4 5 6A 6B 7 8 9 10 11 12 13 14 15 16 17 18
12Z AVG MX 2MIN
DY MAX MIN AVG DEP HDD CDD WTR SNW DPTH SPD SPD DIR MIN PSBL S-S WX SPD DR
================================================================================
1 57 23 40 -9 25 0 0.00 0.0 0 3.4 10 230 M M 0 14 220
2 56 31 44 -4 21 0 0.05 0.0 0 6.3 15 110 M M 5 21 120
3 47 40 44 -4 21 0 0.32 0.0 0 2.8 10 90 M M 10 1 14 100
4 50 32 41 -7 24 0 0.00 0.0 0 3.4 13 280 M M 6 1 17 280
5 63 30 47 -1 18 0 0.00 0.0 0 1.4 9 210 M M 0 12 200
6 59 33 46 -1 19 0 T 0.0 0 3.0 9 310 M M 2 8 12 290
7 60 33 47 0 18 0 0.00 0.0 0 3.9 12 340 M M 0 16 310
8 68 31 50 3 15 0 0.00 0.0 0 2.2 10 310 M M 0 18 14 310
9 72 32 52 6 13 0 0.00 0.0 0 2.3 12 230 M M 0 14 260
10 76 33 55 9 10 0 0.00 0.0 0 3.3 14 180 M M 0 18 200
11 69 44 57 11 8 0 0.85 0.0 0 6.4 17 160 M M 5 1 22 160
12 60 38 49 3 16 0 0.00 0.0 0 5.9 12 280 M M 3 1 17 290
13 44 34 39 -7 26 0 1.18 0.0 0 9.5 22 40 M M 7 1 25 40
14 46 29 38 -8 27 0 0.00 0.0 0 5.7 14 50 M M 5 19 340
15 38 29 34 -11 31 0 0.13 0.0 0 4.8 12 70 M M 10 18 15 30
16 38 34 36 -9 29 0 0.00 0.0 0 4.5 10 310 M M 10 1 14 310
17 52 27 40 -5 25 0 T 0.0 0 1.6 9 260 M M 1 1 13 260
18 58 27 43 -2 22 0 0.00 0.0 0 4.7 16 160 M M 1 18 21 160
19 49 45 47 2 18 0 0.89 0.0 0 3.1 14 310 M M 10 12 18 320
20 59 36 48 4 17 0 0.00 0.0 0 2.4 10 250 M M 6 1 14 250
21 68 31 50 6 15 0 0.00 0.0 0 2.7 14 240 M M 0 1 19 250
22 67 34 51 7 14 0 0.00 0.0 0 3.5 12 140 M M 0 15 150
23 69 44 57 13 8 0 0.10 0.0 0 9.2 22 310 M M 8 13 30 310
24 44 26 35 -9 30 0 0.00 0.0 0 9.3 24 320 M M 2 33 300
25 48 23 36 -8 29 0 0.00 0.0 0 3.9 14 280 M M 0 18 290
26 65 27 46 2 19 0 0.00 0.0 0 4.7 13 210 M M 0 18 200
27 67 38 53 9 12 0 0.00 0.0 0 9.2 23 190 M M 3 32 210
28 63 44 54 10 11 0 0.00 0.0 0 6.3 14 40 M M 5 12 18 50
29 69 46 58 14 7 0 T 0.0 0 7.2 20 140 M M 5 25 150
30 67 45 56 12 9 0 1.77 0.0 0 9.5 16 360 M M 10 18 24 10
31 48 39 44 0 21 0 2.33 0.0 0 11.0 20 60 M M 10 1 29 40
================================================================================
SM 1796 1058 578 0 7.62 0.0 157.1 M 124
================================================================================
AV 57.9 34.1 5.1 FASTST M M 4 MAX(MPH)
MISC ----> 24 320 33 300
================================================================================
NOTES:
# LAST OF SEVERAL OCCURRENCES
COLUMN 17 PEAK WIND IN M.P.H.
PRELIMINARY LOCAL CLIMATOLOGICAL DATA (WS FORM: F-6) , PAGE 2
STATION: EL DORADO
MONTH: DECEMBER
YEAR: 2020
LATITUDE: 33 13 N
LONGITUDE: 92 49 W
[TEMPERATURE DATA] [PRECIPITATION DATA] SYMBOLS USED IN COLUMN 16
AVERAGE MONTHLY: 46.0 TOTAL FOR MONTH: 7.62 1 = FOG OR MIST
DPTR FM NORMAL: 0.5 DPTR FM NORMAL: 2.44 2 = FOG REDUCING VISIBILITY
HIGHEST: 76 ON 10 GRTST 24HR 3.29 ON 30-31 TO 1/4 MILE OR LESS
LOWEST: 23 ON 25, 1 3 = THUNDER
SNOW, ICE PELLETS, HAIL 4 = ICE PELLETS
TOTAL MONTH: 0.0 INCH 5 = HAIL
GRTST 24HR 0.0 6 = FREEZING RAIN OR DRIZZLE
GRTST DEPTH: 0 7 = DUSTSTORM OR SANDSTORM:
VSBY 1/2 MILE OR LESS
8 = SMOKE OR HAZE
[NO. OF DAYS WITH] [WEATHER - DAYS WITH] 9 = BLOWING SNOW
X = TORNADO
MAX 32 OR BELOW: 0 0.01 INCH OR MORE: 9
MAX 90 OR ABOVE: 0 0.10 INCH OR MORE: 8
MIN 32 OR BELOW: 14 0.50 INCH OR MORE: 5
MIN 0 OR BELOW: 0 1.00 INCH OR MORE: 3
[HDD (BASE 65) ]
TOTAL THIS MO. 578 CLEAR (SCALE 0-3) 16
DPTR FM NORMAL -30 PTCLDY (SCALE 4-7) 9
TOTAL FM JUL 1 981 CLOUDY (SCALE 8-10) 6
DPTR FM NORMAL -104
[CDD (BASE 65) ]
TOTAL THIS MO. 0
DPTR FM NORMAL -4 [PRESSURE DATA]
TOTAL FM JAN 1 2127 HIGHEST SLP 30.38 ON 18
DPTR FM NORMAL -3 LOWEST SLP 29.64 ON 31
[REMARKS]
#FINAL-12-20#