000
CXUS56 KLKN 101823
CF6ELY
PRELIMINARY LOCAL CLIMATOLOGICAL DATA (WS FORM: F-6)
STATION: ELY AIRPORT NV
MONTH: DECEMBER
YEAR: 2022
LATITUDE: 39 16 N
LONGITUDE: 114 51 W
TEMPERATURE IN F: :PCPN: SNOW: WIND :SUNSHINE: SKY :PK WND
================================================================================
1 2 3 4 5 6A 6B 7 8 9 10 11 12 13 14 15 16 17 18
12Z AVG MX 2MIN
DY MAX MIN AVG DEP HDD CDD WTR SNW DPTH SPD SPD DIR MIN PSBL S-S WX SPD DR
================================================================================
1 43 28 36 7 29 0 T T 0 20.5 39 150 M M 4 1 52 160
2 35 -3 16 -13 49 0 0.35 1.8 3 6.0 28 280 M M 2 12 40 280
3 38 10 24 -4 41 0 0.02 T 3 8.5 18 210 M M 6 1 24 220
4 43 32 38 10 27 0 0.03 0.0 2 13.0 25 150 M M 7 1 35 150
5 33 14 24 -4 41 0 0.49 5.0 2 5.5 13 210 M M 10 12 16 230
6 34 7 21 -7 44 0 0.00 0.0 6 6.6 14 190 M M 4 1 17 180
7 27 1 14 -13 51 0 0.01 0.3 6 6.4 15 190 M M 6 1 18 180
8 34 2 18 -9 47 0 0.00 0.0 5 9.4 20 230 M M 1 1 28 230
9 40 20 30 3 35 0 0.00 0.0 5 9.7 18 210 M M 2 23 210
10 38 27 33 7 32 0 0.00 0.0 5 21.5 38 150 M M 2 52 140
11 34 4 19 -7 46 0 0.35 4.3 5 18.7 38 160 M M 8 12 52 160
12 28 -4 12 -14 53 0 T T 9 7.0 15 180 M M 7 1 18 180
13 28 5 17 -9 48 0 0.10 0.1 8 4.7 12 180 M M 10 1 14 180
14 31 9 20 -6 45 0 T T 7 6.5 16 200 M M 5 19 150
15 29 -3 13 -13 52 0 T T 7 8.1 16 180 M M 5 1 18 10
16 23 -6 9 -17 56 0 T 0.2 7 6.1 16 180 M M 4 1 20 180
17 41 -6 18 -8 47 0 0.00 0.0 7 10.7 20 170 M M 0 24 170
18 40 -3 19 -7 46 0 0.00 0.0 7 11.5 21 180 M M 0 25 180
19 38 2 20 -5 45 0 0.00 0.0 7 11.1 18 180 M M 0 24 180
20 42 12 27 2 38 0 T T 7 3.8 15 300 M M 6 21 310
21 43 9 26 1 39 0 0.00 0.0 7 7.3 15 290 M M 5 25 290
22 41 15 28 3 37 0 0.00 0.0 6 5.3 15 290 M M 4 20 340
23 45 21 33 8 32 0 0.00 0.0 6 4.7 15 190 M M 6 18 180
24 49 16 33 8 32 0 0.00 0.0 6 9.1 17 180 M M 0 21 170
25 50 20 35 10 30 0 0.00 0.0 6 8.1 16 180 M M 0 20 180
26 51 23 37 12 28 0 0.00 0.0 5 10.6 20 210 M M 0 29 220
27 44 32 38 13 27 0 0.12 T 5 16.1 29 220 M M 8 1 41 230
28 34 12 23 -2 42 0 0.15 3.4 8 6.9 26 330 M M 9 128 34 300
29 32 4 18 -8 47 0 T 0.1 7 7.9 17 180 M M 7 22 170
30 40 25 33 7 32 0 0.23 1.3 7 12.6 22 160 M M 10 1 33 170
31 40 29 35 9 30 0 0.38 0.7 7 12.3 24 160 M M 10 1 34 140
================================================================================
SM 1168 354 1248 0 2.23 17.2 296.2 M 148
================================================================================
AV 37.7 11.4 9.6 FASTST M M 5 MAX(MPH)
MISC ----> 39 150 # 52 160
================================================================================
NOTES:
# LAST OF SEVERAL OCCURRENCES
COLUMN 17 PEAK WIND IN M.P.H.
PRELIMINARY LOCAL CLIMATOLOGICAL DATA (WS FORM: F-6) , PAGE 2
STATION: ELY AIRPORT NV
MONTH: DECEMBER
YEAR: 2022
LATITUDE: 39 16 N
LONGITUDE: 114 51 W
[TEMPERATURE DATA] [PRECIPITATION DATA] SYMBOLS USED IN COLUMN 16
AVERAGE MONTHLY: 24.5 TOTAL FOR MONTH: 2.23 1 = FOG OR MIST
DPTR FM NORMAL: -1.7 DPTR FM NORMAL: 1.56 2 = FOG REDUCING VISIBILITY
HIGHEST: 51 ON 26 GRTST 24HR 0.49 ON 5- 5 TO 1/4 MILE OR LESS
LOWEST: -6 ON 17,16 3 = THUNDER
SNOW, ICE PELLETS, HAIL 4 = ICE PELLETS
TOTAL MONTH: 17.2 INCHES 5 = HAIL
GRTST 24HR 5.0 ON 5- 5 6 = FREEZING RAIN OR DRIZZLE
GRTST DEPTH: 9 ON 12 7 = DUSTSTORM OR SANDSTORM:
VSBY 1/2 MILE OR LESS
8 = SMOKE OR HAZE
[NO. OF DAYS WITH] [WEATHER - DAYS WITH] 9 = BLOWING SNOW
X = TORNADO
MAX 32 OR BELOW: 7 0.01 INCH OR MORE: 11
MAX 90 OR ABOVE: 0 0.10 INCH OR MORE: 8
MIN 32 OR BELOW: 31 0.50 INCH OR MORE: 0
MIN 0 OR BELOW: 6 1.00 INCH OR MORE: 0
[HDD (BASE 65) ]
TOTAL THIS MO. 1248 CLEAR (SCALE 0-3) 10
DPTR FM NORMAL 47 PTCLDY (SCALE 4-7) 15
TOTAL FM JUL 1 2972 CLOUDY (SCALE 8-10) 6
DPTR FM NORMAL 41
[CDD (BASE 65) ]
TOTAL THIS MO. 0
DPTR FM NORMAL 0 [PRESSURE DATA]
TOTAL FM JAN 1 497 HIGHEST SLP M ON M
DPTR FM NORMAL 197 LOWEST SLP 29.48 ON 11
[REMARKS]
#FINAL-12-22#