000
CXUS53 KTOP 010810
CF6EMP
PRELIMINARY LOCAL CLIMATOLOGICAL DATA (WS FORM: F-6)
STATION: EMPORIA KS
MONTH: JUNE
YEAR: 2023
LATITUDE: 38 19 N
LONGITUDE: 96 12 W
TEMPERATURE IN F: :PCPN: SNOW: WIND :SUNSHINE: SKY :PK WND
================================================================================
1 2 3 4 5 6A 6B 7 8 9 10 11 12 13 14 15 16 17 18
12Z AVG MX 2MIN
DY MAX MIN AVG DEP HDD CDD WTR SNW DPTH SPD SPD DIR MIN PSBL S-S WX SPD DR
================================================================================
1 83 67 75 5 0 10 0.01 M M 6.4 23 250 M M 2 3 36 230
2 88 63 76 5 0 11 0.30 M M 7.2 35 90 M M 3 13 54 100
3 84 62 73 2 0 8 0.26 M M 5.6 28 170 M M 3 123 38 170
4 88 59 74 3 0 9 0.00 M M 5.5 15 50 M M 2 12 22 60
5 88 60 74 2 0 9 1.50 M M 4.9 24 60 M M 2 13 39 140
6 87 59 73 1 0 8 0.00 M M 3.4 14 130 M M 0 1 17 130
7 88 60 74 2 0 9 0.00 M M 4.5 9 260 M M 0 12 250
8 91 66 79 7 0 14 T M M 5.5 12 80 M M 0 3 15 90
9 86 62 74 1 0 9 0.00 M M 7.2 26 300 M M 0 39 290
10 78 64 71 -2 0 6 1.05 M M 4.6 21 310 M M 7 13 28 310
11 75 60 68 -5 0 3 0.00 M M 9.1 22 20 M M 5 31 360
12 77 53 65 -9 0 0 0.00 M M 4.6 10 40 M M 1 1 16 50
13 82 55 69 -5 0 4 0.00 M M 3.6 8 150 M M 2 14 250
14 80 61 71 -3 0 6 0.25 M M 5.3 21 270 M M 5 13 33 270
15 86 58 72 -2 0 7 0.00 M M 4.7 14 130 M M 0 20 140
16 88 64 76 1 0 11 0.00 M M 4.4 9 80 M M 1 14 50
17 84 64 74 -1 0 9 T M M 4.3 25 240 M M 2 3 43 240
18 84 64 74 -1 0 9 0.11 M M 6.8 29 250 M M 4 13 40 250
19 90 61 76 1 0 11 0.00 M M 6.4 16 160 M M 0 22 120
20 90 65 78 2 0 13 0.00 M M 9.0 20 120 M M 0 28 110
21 87 66 77 1 0 12 0.00 M M 7.2 18 110 M M 2 25 100
22 90 66 78 2 0 13 0.01 M M 5.8 14 90 M M 2 18 100
23 90 67 79 3 0 14 0.01 M M 8.0 15 170 M M 2 20 180
24 92 69 81 5 0 16 T M M 10.6 23 180 M M 2 3 30 180
25 88 65 77 1 0 12 0.00 M M 9.1 18 320 M M 0 26 320
26 89 57 73 -4 0 8 0.00 M M 5.0 13 10 M M 0 19 30
27 84 60 72 -5 0 7 0.03 M M 8.0 32 130 M M 0 1 46 130
28 99 71 85 8 0 20 T M M 11.8 21 200 M M 1 28 200
29 100 73 87 10 0 22 0.00 M M 5.0 15 310 M M 0 22 200
30 101 75 88 11 0 23 0.00 M M 9.3 18 180 M M 1 26 200
================================================================================
SM 2617 1896 0 313 3.53 M 192.8 M 49
================================================================================
AV 87.2 63.2 6.4 FASTST M M 2 MAX(MPH)
MISC ----> 35 90 54 100
================================================================================
NOTES:
# LAST OF SEVERAL OCCURRENCES
COLUMN 17 PEAK WIND IN M.P.H.
PRELIMINARY LOCAL CLIMATOLOGICAL DATA (WS FORM: F-6) , PAGE 2
STATION: EMPORIA KS
MONTH: JUNE
YEAR: 2023
LATITUDE: 38 19 N
LONGITUDE: 96 12 W
[TEMPERATURE DATA] [PRECIPITATION DATA] SYMBOLS USED IN COLUMN 16
AVERAGE MONTHLY: 75.2 TOTAL FOR MONTH: 3.53 1 = FOG OR MIST
DPTR FM NORMAL: 1.0 DPTR FM NORMAL: -1.00 2 = FOG REDUCING VISIBILITY
HIGHEST: 101 ON 30 GRTST 24HR 1.50 ON 5- 5 TO 1/4 MILE OR LESS
LOWEST: 53 ON 12 3 = THUNDER
SNOW, ICE PELLETS, HAIL 4 = ICE PELLETS
TOTAL MONTH: M 5 = HAIL
GRTST 24HR M ON M 6 = FREEZING RAIN OR DRIZZLE
GRTST DEPTH: M ON M 7 = DUSTSTORM OR SANDSTORM:
VSBY 1/2 MILE OR LESS
8 = SMOKE OR HAZE
[NO. OF DAYS WITH] [WEATHER - DAYS WITH] 9 = BLOWING SNOW
X = TORNADO
MAX 32 OR BELOW: 0 0.01 INCH OR MORE: 10
MAX 90 OR ABOVE: 9 0.10 INCH OR MORE: 6
MIN 32 OR BELOW: 0 0.50 INCH OR MORE: 2
MIN 0 OR BELOW: 0 1.00 INCH OR MORE: 2
[HDD (BASE 65) ]
TOTAL THIS MO. 0 CLEAR (SCALE 0-3) 26
DPTR FM NORMAL -7 PTCLDY (SCALE 4-7) 4
TOTAL FM JUL 1 4433 CLOUDY (SCALE 8-10) 0
DPTR FM NORMAL -356
[CDD (BASE 65) ]
TOTAL THIS MO. 313
DPTR FM NORMAL 29 [PRESSURE DATA]
TOTAL FM JAN 1 492 HIGHEST SLP M ON M
DPTR FM NORMAL 84 LOWEST SLP 29.62 ON 18
[REMARKS]
#FINAL-06-23#