000
CXUS53 KTOP 010810
CF6EMP
PRELIMINARY LOCAL CLIMATOLOGICAL DATA (WS FORM: F-6)
STATION: EMPORIA KS
MONTH: MARCH
YEAR: 2023
LATITUDE: 38 19 N
LONGITUDE: 96 12 W
TEMPERATURE IN F: :PCPN: SNOW: WIND :SUNSHINE: SKY :PK WND
================================================================================
1 2 3 4 5 6A 6B 7 8 9 10 11 12 13 14 15 16 17 18
12Z AVG MX 2MIN
DY MAX MIN AVG DEP HDD CDD WTR SNW DPTH SPD SPD DIR MIN PSBL S-S WX SPD DR
================================================================================
1 61 39 50 10 15 0 0.00 M M 8.7 16 20 M M 1 25 330
2 47 33 40 0 25 0 0.00 M M 13.3 20 40 M M 4 29 40
3 59 36 48 7 17 0 0.33 M M 9.9 18 320 M M 5 18 27 310
4 62 36 49 8 16 0 0.00 M M 6.2 15 180 M M 3 22 180
5 77 40 59 17 6 0 0.00 M M 14.9 31 190 M M 2 40 190
6 61 37 49 7 16 0 0.00 M M 13.5 24 180 M M 0 35 180
7 47 35 41 -1 24 0 0.28 M M 11.9 22 60 M M 8 13 28 40
8 48 42 45 2 20 0 0.00 M M 7.1 12 30 M M 10 18 15 70
9 48 36 42 -1 23 0 0.11 M M 9.8 20 320 M M 9 1 27 350
10 44 32 38 -5 27 0 0.00 M M 8.2 18 90 M M 7 8 23 100
11 47 35 41 -3 24 0 0.09 M M 11.4 20 340 M M 8 18 31 320
12 49 29 39 -5 26 0 0.00 M M 12.4 21 330 M M 4 8 31 300
13 42 22 32 -12 33 0 0.00 M M 7.7 16 330 M M 2 24 340
14 54 21 38 -7 27 0 0.00 M M 10.1 18 170 M M 1 28 160
15 65 36 51 6 14 0 0.00 M M 19.6 36 180 M M 0 48 170
16 66 30 48 2 17 0 0.02 M M 21.7 33 170 M M 7 12 46 170
17 50 22 36 -10 29 0 0.00 M M 11.5 21 290 M M 4 30 290
18 36 20 28 -18 37 0 0.00 M M 13.5 26 330 M M 3 35 310
19 49 15 32 -15 33 0 0.00 M M 9.8 24 170 M M 0 33 180
20 62 32 47 0 18 0 0.00 M M 22.5 35 200 M M 1 48 190
21 52 42 47 -1 18 0 0.06 M M 15.4 24 170 M M 10 1 33 150
22 83 52 68 20 0 3 0.00 M M 9.4 22 210 M M 6 128 32 180
23 53 39 46 -2 19 0 0.00 M M 11.6 22 30 M M 6 128 27 340
24 53 37 45 -3 20 0 0.09 M M 10.4 20 40 M M 9 18 25 20
25 64 38 51 2 14 0 0.11 M M 8.5 23 290 M M 7 1 32 290
26 46 33 40 -9 25 0 0.00 M M 11.7 23 300 M M 6 33 310
27 54 26 40 -10 25 0 0.01 M M 8.1 20 350 M M 3 1 28 350
28 55 32 44 -6 21 0 0.02 M M 8.4 16 340 M M 4 18 22 340
29 66 29 48 -2 17 0 0.00 M M 10.8 20 130 M M 0 8 27 130
30 72 42 57 7 8 0 0.00 M M 19.4 36 160 M M 6 18 50 160
31 79 41 60 9 5 0 0.00 M M 22.7 47 220 M M 3 1 65 220
================================================================================
SM 1751 1039 619 3 1.12 M 380.1 M 139
================================================================================
AV 56.5 33.5 12.3 FASTST M M 4 MAX(MPH)
MISC ----> 47 220 65 220
================================================================================
NOTES:
# LAST OF SEVERAL OCCURRENCES
COLUMN 17 PEAK WIND IN M.P.H.
PRELIMINARY LOCAL CLIMATOLOGICAL DATA (WS FORM: F-6) , PAGE 2
STATION: EMPORIA KS
MONTH: MARCH
YEAR: 2023
LATITUDE: 38 19 N
LONGITUDE: 96 12 W
[TEMPERATURE DATA] [PRECIPITATION DATA] SYMBOLS USED IN COLUMN 16
AVERAGE MONTHLY: 45.0 TOTAL FOR MONTH: 1.12 1 = FOG OR MIST
DPTR FM NORMAL: -0.6 DPTR FM NORMAL: -1.00 2 = FOG REDUCING VISIBILITY
HIGHEST: 83 ON 22 GRTST 24HR 0.33 ON 3- 3 TO 1/4 MILE OR LESS
LOWEST: 15 ON 19 3 = THUNDER
SNOW, ICE PELLETS, HAIL 4 = ICE PELLETS
TOTAL MONTH: M 5 = HAIL
GRTST 24HR M ON M 6 = FREEZING RAIN OR DRIZZLE
GRTST DEPTH: M ON M 7 = DUSTSTORM OR SANDSTORM:
VSBY 1/2 MILE OR LESS
8 = SMOKE OR HAZE
[NO. OF DAYS WITH] [WEATHER - DAYS WITH] 9 = BLOWING SNOW
X = TORNADO
MAX 32 OR BELOW: 0 0.01 INCH OR MORE: 10
MAX 90 OR ABOVE: 0 0.10 INCH OR MORE: 4
MIN 32 OR BELOW: 12 0.50 INCH OR MORE: 0
MIN 0 OR BELOW: 0 1.00 INCH OR MORE: 0
[HDD (BASE 65) ]
TOTAL THIS MO. 619 CLEAR (SCALE 0-3) 10
DPTR FM NORMAL 12 PTCLDY (SCALE 4-7) 16
TOTAL FM JUL 1 4115 CLOUDY (SCALE 8-10) 5
DPTR FM NORMAL -266
[CDD (BASE 65) ]
TOTAL THIS MO. 3
DPTR FM NORMAL -1 [PRESSURE DATA]
TOTAL FM JAN 1 3 HIGHEST SLP M ON M
DPTR FM NORMAL -1 LOWEST SLP 29.40 ON 31
[REMARKS]
#FINAL-03-23#