000
CXUS53 KMKX 230811
CF6ENW
PRELIMINARY LOCAL CLIMATOLOGICAL DATA (WS FORM: F-6)
STATION: KENOSHA WI
MONTH: APRIL
YEAR: 2024
LATITUDE: 42 35 N
LONGITUDE: 87 56 W
TEMPERATURE IN F: :PCPN: SNOW: WIND :SUNSHINE: SKY :PK WND
================================================================================
1 2 3 4 5 6A 6B 7 8 9 10 11 12 13 14 15 16 17 18
12Z AVG MX 2MIN
DY MAX MIN AVG DEP HDD CDD WTR SNW DPTH SPD SPD DIR MIN PSBL S-S WX SPD DR
================================================================================
1 49 40 45 3 20 0 0.41 M M 15.3 24 70 M M 8 1 33 80
2 43 36 40 -2 25 0 0.77 M M 16.3 26 300 M M 10 1 37 300
3 41 35 38 -5 27 0 0.24 M M 14.2 25 340 M M 10 1 41 290
4 45 36 41 -2 24 0 0.06 M M 11.7 24 360 M M 10 1 37 360
5 52 32 42 -1 23 0 0.00 M M 9.1 20 30 M M 4 30 40
6 52 32 42 -2 23 0 0.00 M M 6.9 14 80 M M 0 1 19 80
7 48 31 40 -4 25 0 0.35 M M 11.4 21 110 M M 5 18 32 120
8 69 43 56 12 9 0 0.00 M M 9.6 24 240 M M 1 36 260
9 64 44 54 9 11 0 0.00 M M 9.2 21 270 M M 1 28 270
10 69 40 55 10 10 0 0.00 M M 5.9 16 150 M M 1 23 160
11 61 49 55 10 10 0 T M M 7.0 14 60 M M 9 18 70
12 67 44 56 10 9 0 0.01 M M 13.6 28 300 M M 5 3 40 330
13 71 39 55 9 10 0 0.00 M M 8.1 23 210 M M 0 32 210
14 82 50 66 20 0 1 0.00 M M 11.2 21 240 M M 0 32 240
15 75 44 60 13 5 0 0.00 M M 6.4 16 120 M M 0 24 130
16 66 46 56 9 9 0 0.76 M M 14.8 24 120 M M 4 13 35 120
17 68 55 62 14 3 0 0.25 M M 17.1 30 270 M M 10 138 44 270
18 55 43 49 1 16 0 0.15 M M 4.8 14 310 M M 7 20 310
19 57 39 48 0 17 0 0.00 M M 17.2 31 270 M M 1 46 270
20 46 33 40 -9 25 0 0.00 M M 11.1 21 270 M M 7 30 280
21 59 30 45 -4 20 0 0.00 M M 9.0 20 280 M M 1 27 300
22 69 38 54 5 11 0 0.02 M M 11.7 24 200 M M 1 35 220
================================================================================
SM 1308 879 332 1 3.02 M 241.6 M 95
================================================================================
AV 59.5 40.0 11.0 FASTST M M 4 MAX(MPH)
MISC ----> 31 270 46 270
================================================================================
NOTES:
# LAST OF SEVERAL OCCURRENCES
COLUMN 17 PEAK WIND IN M.P.H.
PRELIMINARY LOCAL CLIMATOLOGICAL DATA (WS FORM: F-6) , PAGE 2
STATION: KENOSHA WI
MONTH: APRIL
YEAR: 2024
LATITUDE: 42 35 N
LONGITUDE: 87 56 W
[TEMPERATURE DATA] [PRECIPITATION DATA] SYMBOLS USED IN COLUMN 16
AVERAGE MONTHLY: 49.7 TOTAL FOR MONTH: 3.02 1 = FOG OR MIST
DPTR FM NORMAL: 4.1 DPTR FM NORMAL: 0.40 2 = FOG REDUCING VISIBILITY
HIGHEST: 82 ON 14 GRTST 24HR 1.08 ON 1- 2 TO 1/4 MILE OR LESS
LOWEST: 30 ON 21 3 = THUNDER
SNOW, ICE PELLETS, HAIL 4 = ICE PELLETS
TOTAL MONTH: M 5 = HAIL
GRTST 24HR M ON M 6 = FREEZING RAIN OR DRIZZLE
GRTST DEPTH: M ON M 7 = DUSTSTORM OR SANDSTORM:
VSBY 1/2 MILE OR LESS
8 = SMOKE OR HAZE
[NO. OF DAYS WITH] [WEATHER - DAYS WITH] 9 = BLOWING SNOW
X = TORNADO
MAX 32 OR BELOW: 0 0.01 INCH OR MORE: 10
MAX 90 OR ABOVE: 0 0.10 INCH OR MORE: 7
MIN 32 OR BELOW: 4 0.50 INCH OR MORE: 2
MIN 0 OR BELOW: 0 1.00 INCH OR MORE: 0
[HDD (BASE 65) ]
TOTAL THIS MO. 332 CLEAR (SCALE 0-3) 10
DPTR FM NORMAL -96 PTCLDY (SCALE 4-7) 7
TOTAL FM JUL 1 4863 CLOUDY (SCALE 8-10) 5
DPTR FM NORMAL -1161
[CDD (BASE 65) ]
TOTAL THIS MO. 1
DPTR FM NORMAL 1 [PRESSURE DATA]
TOTAL FM JAN 1 1 HIGHEST SLP M ON M
DPTR FM NORMAL 0 LOWEST SLP 29.07 ON 3
[REMARKS]