000
CXUS53 KMKX 010810
CF6ENW
PRELIMINARY LOCAL CLIMATOLOGICAL DATA (WS FORM: F-6)
STATION: KENOSHA WI
MONTH: MARCH
YEAR: 2022
LATITUDE: 42 35 N
LONGITUDE: 87 56 W
TEMPERATURE IN F: :PCPN: SNOW: WIND :SUNSHINE: SKY :PK WND
================================================================================
1 2 3 4 5 6A 6B 7 8 9 10 11 12 13 14 15 16 17 18
12Z AVG MX 2MIN
DY MAX MIN AVG DEP HDD CDD WTR SNW DPTH SPD SPD DIR MIN PSBL S-S WX SPD DR
================================================================================
1 48 30 39 8 26 0 0.00 M M 6.8 13 80 M M 6 15 80
2 52 27 40 8 25 0 T M M 7.7 18 30 M M 7 18 25 40
3 34 24 29 -3 36 0 0.00 M M 7.1 21 30 M M 2 26 20
4 39 23 31 -1 34 0 0.00 M M 7.5 15 120 M M 1 22 130
5 70 36 53 20 12 0 0.19 M M 13.0 41 240 M M 5 38 60 240
6 56 34 45 12 20 0 T M M 16.9 41 260 M M 9 61 240
7 36 25 31 -3 34 0 0.18 M M 9.5 18 310 M M 10 128 25 290
8 38 20 29 -5 36 0 0.00 M M 8.8 18 240 M M 0 23 210
9 40 26 33 -1 32 0 0.00 M M 10.4 18 270 M M 0 26 270
10 30 20 25 -10 40 0 T M M 6.0 16 330 M M 6 8 21 320
11 34 14 24 -11 41 0 0.00 M M 13.8 29 260 M M 3 40 250
12 23 9 16 -19 49 0 0.00 M M 13.6 21 310 M M 1 32 320
13 53 22 38 2 27 0 T M M 12.3 21 260 M M 3 8 29 220
14 61 35 48 12 17 0 0.00 M M 7.6 21 240 M M 1 8 27 240
15 49 31 40 4 25 0 0.00 M M 6.8 14 20 M M 3 18 19 10
16 71 30 51 14 14 0 0.00 M M 8.4 24 240 M M 2 18 37 220
17 70 45 58 21 7 0 T M M 5.8 12 100 M M 4 14 90
18 48 39 44 7 21 0 0.25 M M 16.3 25 50 M M 9 1 35 50
19 43 31 37 -1 28 0 0.07 M M 11.4 18 360 M M 8 1 27 10
20 62 31 47 9 18 0 0.00 M M 4.9 13 140 M M 1 23 210
21 74 36 55 17 10 0 0.00 M M 7.1 20 240 M M 1 26 240
22 48 42 45 6 20 0 0.23 M M 14.7 26 130 M M 7 18 37 120
23 52 41 47 8 18 0 0.61 M M 7.2 16 100 M M 10 12 22 170
24 41 35 38 -1 27 0 0.20 M M 4.5 10 350 M M 10 1 13 10
25 47 35 41 1 24 0 0.03 M M 14.7 32 290 M M 9 18 44 280
26 35 22 29 -11 36 0 T M M 14.6 22 310 M M 9 34 310
27 34 21 28 -12 37 0 0.00 M M 8.3 18 330 M M 0 27 310
28 33 20 27 -14 38 0 0.00 M M 7.2 15 90 M M 0 21 100
29 41 25 33 -8 32 0 0.01 M M 14.7 23 130 M M 8 8 32 120
30 63 40 52 11 13 0 0.27 M M 10.0 20 350 M M 9 12 28 350
31 42 33 38 -4 27 0 0.35 M M 9.9 17 320 M M 10 18 26 330
================================================================================
SM 1467 902 824 0 2.39 M 307.5 M 154
================================================================================
AV 47.3 29.1 9.9 FASTST M M 5 MAX(MPH)
MISC ----> # 41 240 61 240
================================================================================
NOTES:
# LAST OF SEVERAL OCCURRENCES
COLUMN 17 PEAK WIND IN M.P.H.
PRELIMINARY LOCAL CLIMATOLOGICAL DATA (WS FORM: F-6) , PAGE 2
STATION: KENOSHA WI
MONTH: MARCH
YEAR: 2022
LATITUDE: 42 35 N
LONGITUDE: 87 56 W
[TEMPERATURE DATA] [PRECIPITATION DATA] SYMBOLS USED IN COLUMN 16
AVERAGE MONTHLY: 38.2 TOTAL FOR MONTH: 2.39 1 = FOG OR MIST
DPTR FM NORMAL: 1.6 DPTR FM NORMAL: 0.36 2 = FOG REDUCING VISIBILITY
HIGHEST: 74 ON 21 GRTST 24HR 0.80 ON 22-23 TO 1/4 MILE OR LESS
LOWEST: 9 ON 12 3 = THUNDER
SNOW, ICE PELLETS, HAIL 4 = ICE PELLETS
TOTAL MONTH: M 5 = HAIL
GRTST 24HR M ON M 6 = FREEZING RAIN OR DRIZZLE
GRTST DEPTH: M ON M 7 = DUSTSTORM OR SANDSTORM:
VSBY 1/2 MILE OR LESS
8 = SMOKE OR HAZE
[NO. OF DAYS WITH] [WEATHER - DAYS WITH] 9 = BLOWING SNOW
X = TORNADO
MAX 32 OR BELOW: 2 0.01 INCH OR MORE: 11
MAX 90 OR ABOVE: 0 0.10 INCH OR MORE: 8
MIN 32 OR BELOW: 19 0.50 INCH OR MORE: 1
MIN 0 OR BELOW: 0 1.00 INCH OR MORE: 0
[HDD (BASE 65) ]
TOTAL THIS MO. 824 CLEAR (SCALE 0-3) 12
DPTR FM NORMAL -56 PTCLDY (SCALE 4-7) 10
TOTAL FM JUL 1 5284 CLOUDY (SCALE 8-10) 9
DPTR FM NORMAL -311
[CDD (BASE 65) ]
TOTAL THIS MO. 0
DPTR FM NORMAL -1 [PRESSURE DATA]
TOTAL FM JAN 1 0 HIGHEST SLP M ON M
DPTR FM NORMAL -1 LOWEST SLP 29.10 ON 31
[REMARKS]
#FINAL-03-22#