000
CXUS56 KOTX 030131
CF6EPH
PRELIMINARY LOCAL CLIMATOLOGICAL DATA (WS FORM: F-6)
STATION: EPHRATA WA AIRPORT
MONTH: JANUARY
YEAR: 2022
LATITUDE: 47 18 N
LONGITUDE: 119 31 W
TEMPERATURE IN F: :PCPN: SNOW: WIND :SUNSHINE: SKY :PK WND
================================================================================
1 2 3 4 5 6A 6B 7 8 9 10 11 12 13 14 15 16 17 18
12Z AVG MX 2MIN
DY MAX MIN AVG DEP HDD CDD WTR SNW DPTH SPD SPD DIR MIN PSBL S-S WX SPD DR
================================================================================
1 13 -9 2 -26 63 0 0.00 M M 6.2 10 10 M M 4 12 330
2 22 7 15 -13 50 0 0.00 M M 5.4 13 300 M M 4 15 300
3 25 1 13 -15 52 0 0.08 M M 4.8 12 220 M M 8 128 14 280
4 24 17 21 -7 44 0 T M M 6.7 15 310 M M 9 12 17 320
5 27 20 24 -4 41 0 0.05 M M 10.1 20 330 M M 7 18 22 330
6 26 18 22 -6 43 0 0.23 M M 6.4 14 310 M M 10 12 16 310
7 43 10 27 -1 38 0 T M M 7.8 31 260 M M 4 12 40 270
8 27 7 17 -11 48 0 0.00 M M 6.9 15 260 M M 0 16 260
9 31 14 23 -6 42 0 0.00 M M 10.4 15 340 M M 1 17 340
10 29 10 20 -9 45 0 0.00 M M 5.3 12 10 M M 0 13 10
11 31 22 27 -2 38 0 0.00 M M 3.4 12 300 M M 8 18 14 290
12 37 19 28 -1 37 0 0.00 M M 5.7 15 310 M M 3 1 18 310
13 38 19 29 0 36 0 0.00 M M 5.9 15 310 M M 2 12 17 310
14 35 21 28 -1 37 0 0.00 M M 5.4 10 10 M M 10 12 11 10
15 33 32 33 4 32 0 0.00 M M 2.5 7 210 M M 10 12 7 210
16 33 30 32 3 33 0 0.00 M M 3.1 8 170 M M 10 1 9 320
17 30 27 29 -1 36 0 0.00 M M 3.5 10 320 M M 10 12 12 320
18 35 27 31 1 34 0 0.00 M M 4.3 10 320 M M 10 12 12 330
19 35 24 30 0 35 0 0.01 M M 2.1 7 300 M M 10 12 8 300
20 45 27 36 6 29 0 0.00 M M 3.2 15 200 M M 9 12 22 320
21 35 16 26 -4 39 0 0.00 M M 4.8 10 360 M M 0 1 13 20
22 33 12 23 -7 42 0 0.00 M M 6.8 13 20 M M 4 14 20
23 33 30 32 2 33 0 0.00 M M 3.8 12 10 M M 10 1 13 10
24 33 15 24 -6 41 0 0.00 M M 6.1 15 340 M M 7 1 18 330
25 29 25 27 -4 38 0 0.00 M M 2.3 8 170 M M 10 1 10 180
26 33 26 30 -1 35 0 0.00 M M 6.3 13 20 M M 10 14 340
27 32 25 29 -2 36 0 0.00 M M 5.7 13 20 M M 10 14 20
28 30 27 29 -2 36 0 0.00 M M 4.8 9 240 M M 10 11 300
29 28 25 27 -4 38 0 0.00 M M 3.1 9 290 M M 10 10 290
30 29 25 27 -5 38 0 T M M 2.6 16 220 M M 10 1 18 220
31 43 17 30 -2 35 0 0.00 M M 7.2 24 290 M M 2 12 32 300
================================================================================
SM 977 586 1224 0 0.37 M 162.6 M 212
================================================================================
AV 31.5 18.9 5.2 FASTST M M 7 MAX(MPH)
MISC ----> 31 260 40 270
================================================================================
NOTES:
# LAST OF SEVERAL OCCURRENCES
COLUMN 17 PEAK WIND IN M.P.H.
PRELIMINARY LOCAL CLIMATOLOGICAL DATA (WS FORM: F-6) , PAGE 2
STATION: EPHRATA WA AIRPORT
MONTH: JANUARY
YEAR: 2022
LATITUDE: 47 18 N
LONGITUDE: 119 31 W
[TEMPERATURE DATA] [PRECIPITATION DATA] SYMBOLS USED IN COLUMN 16
AVERAGE MONTHLY: 25.2 TOTAL FOR MONTH: 0.37 1 = FOG OR MIST
DPTR FM NORMAL: -4.4 DPTR FM NORMAL: -0.54 2 = FOG REDUCING VISIBILITY
HIGHEST: 45 ON 20 GRTST 24HR 0.62 ON 5- 6 TO 1/4 MILE OR LESS
LOWEST: -9 ON 1 3 = THUNDER
SNOW, ICE PELLETS, HAIL 4 = ICE PELLETS
TOTAL MONTH: M 5 = HAIL
GRTST 24HR M ON M 6 = FREEZING RAIN OR DRIZZLE
GRTST DEPTH: M ON M 7 = DUSTSTORM OR SANDSTORM:
VSBY 1/2 MILE OR LESS
8 = SMOKE OR HAZE
[NO. OF DAYS WITH] [WEATHER - DAYS WITH] 9 = BLOWING SNOW
X = TORNADO
MAX 32 OR BELOW: 16 0.01 INCH OR MORE: 4
MAX 90 OR ABOVE: 0 0.10 INCH OR MORE: 1
MIN 32 OR BELOW: 31 0.50 INCH OR MORE: 0
MIN 0 OR BELOW: 1 1.00 INCH OR MORE: 0
[HDD (BASE 65) ]
TOTAL THIS MO. 1224 CLEAR (SCALE 0-3) 7
DPTR FM NORMAL 125 PTCLDY (SCALE 4-7) 7
TOTAL FM JUL 1 3617 CLOUDY (SCALE 8-10) 17
DPTR FM NORMAL 48
[CDD (BASE 65) ]
TOTAL THIS MO. 0
DPTR FM NORMAL 0 [PRESSURE DATA]
TOTAL FM JAN 1 0 HIGHEST SLP 30.72 ON 27
DPTR FM NORMAL 0 LOWEST SLP 29.28 ON 7
[REMARKS]
#FINAL-01-22#