000
CXUS53 KDMX 200403
CF6EST
PRELIMINARY LOCAL CLIMATOLOGICAL DATA (WS FORM: F-6)
STATION: ESTHERVILLE IA
MONTH: SEPTEMBER
YEAR: 2023
LATITUDE: 43 24 N
LONGITUDE: 94 45 W
TEMPERATURE IN F: :PCPN: SNOW: WIND :SUNSHINE: SKY :PK WND
================================================================================
1 2 3 4 5 6A 6B 7 8 9 10 11 12 13 14 15 16 17 18
12Z AVG MX 2MIN
DY MAX MIN AVG DEP HDD CDD WTR SNW DPTH SPD SPD DIR MIN PSBL S-S WX SPD DR
================================================================================
1 85 56 71 6 0 6 0.00 0.0 0 14.1 20 190 M M 0 30 200
2 93 60 77 12 0 12 0.00 0.0 0 13.1 20 200 M M 0 28 190
3 91 62 77 12 0 12 0.00 0.0 0 10.0 20 190 M M 0 27 190
4 92 63 78 14 0 13 0.00 0.0 0 13.1 22 190 M M 0 30 190
5 86 63 75 11 0 10 0.00 0.0 0 12.7 23 200 M M 3 8 33 210
6 71 48 60 -4 5 0 T 0.0 0 12.3 21 340 M M 6 18 31 310
7 74 43 59 -5 6 0 T 0.0 0 5.2 13 100 M M 1 18 16 110
8 79 48 64 1 1 0 T 0.0 0 4.9 9 180 M M 1 8 13 170
9 76 53 65 2 0 0 0.04 0.0 0 4.5 14 230 M M 5 1 21 230
10 66 53 60 -3 5 0 T 0.0 0 6.2 14 20 M M 4 12 18 40
11 72 49 61 -1 4 0 0.00 0.0 0 7.0 17 30 M M 1 23 50
12 71 46 59 -3 6 0 0.02 0.0 0 5.8 14 310 M M 3 20 290
13 73 42 58 -4 7 0 0.00 0.0 0 5.8 13 110 M M 2 1 20 130
14 81 47 64 2 1 0 0.00 0.0 0 10.1 18 200 M M 4 27 200
15 69 56 63 2 2 0 0.17 0.0 0 5.6 13 260 M M 7 1 19 260
16 71 49 60 -1 5 0 0.00 0.0 0 6.9 16 360 M M 3 18 22 360
17 73 46 60 0 5 0 0.00 0.0 0 4.9 12 30 M M 0 15 30
18 80 42 61 1 4 0 0.00 0.0 0 11.4 26 150 M M 0 36 150
19 81 50 66 6 0 1 0.00 0.0 0 8.1 20 180 M M 0 28 160
20 83 50 67 8 0 2 0.00 0.0 0 8.7 18 180 M M 0 25 180
21 76 53 65 6 0 0 0.00 0.0 0 8.1 17 170 M M 1 1 24 180
22 68 54 61 3 4 0 0.05 0.0 0 6.8 14 110 M M 9 1 18 110
23 70 62 66 8 0 1 0.64 0.0 0 8.2 30 120 M M 9 123 41 120
24 73 54 64 6 1 0 0.07 0.0 0 6.6 14 200 M M 8 12 23 230
25 73 54 64 7 1 0 0.05 0.0 0 5.4 15 350 M M 7 13 23 300
26 72 52 62 5 3 0 0.00 0.0 0 6.3 16 30 M M 7 1 21 20
27 72 55 64 8 1 0 0.01 0.0 0 5.1 10 60 M M 8 1 15 30
28 74 51 63 7 2 0 0.00 0.0 0 12.0 22 160 M M 5 12 30 160
29 90 61 76 21 0 11 0.00 0.0 0 14.3 21 160 M M 1 31 190
30 92 66 79 24 0 14 0.00 0.0 0 10.9 22 180 M M 1 30 160
================================================================================
SM 2327 1588 63 82 1.05 0.0 254.1 M 96
================================================================================
AV 77.6 52.9 8.5 FASTST M M 3 MAX(MPH)
MISC ----> 30 120 41 120
================================================================================
NOTES:
# LAST OF SEVERAL OCCURRENCES
COLUMN 17 PEAK WIND IN M.P.H.
PRELIMINARY LOCAL CLIMATOLOGICAL DATA (WS FORM: F-6) , PAGE 2
STATION: ESTHERVILLE IA
MONTH: SEPTEMBER
YEAR: 2023
LATITUDE: 43 24 N
LONGITUDE: 94 45 W
[TEMPERATURE DATA] [PRECIPITATION DATA] SYMBOLS USED IN COLUMN 16
AVERAGE MONTHLY: 65.3 TOTAL FOR MONTH: 1.05 1 = FOG OR MIST
DPTR FM NORMAL: 4.7 DPTR FM NORMAL: -2.09 2 = FOG REDUCING VISIBILITY
HIGHEST: 93 ON 2 GRTST 24HR 0.64 ON 23-23 TO 1/4 MILE OR LESS
LOWEST: 42 ON 18,13 3 = THUNDER
SNOW, ICE PELLETS, HAIL 4 = ICE PELLETS
TOTAL MONTH: 0.0 INCH 5 = HAIL
GRTST 24HR 0.0 6 = FREEZING RAIN OR DRIZZLE
GRTST DEPTH: 0 7 = DUSTSTORM OR SANDSTORM:
VSBY 1/2 MILE OR LESS
8 = SMOKE OR HAZE
[NO. OF DAYS WITH] [WEATHER - DAYS WITH] 9 = BLOWING SNOW
X = TORNADO
MAX 32 OR BELOW: 0 0.01 INCH OR MORE: 8
MAX 90 OR ABOVE: 5 0.10 INCH OR MORE: 2
MIN 32 OR BELOW: 0 0.50 INCH OR MORE: 1
MIN 0 OR BELOW: 0 1.00 INCH OR MORE: 0
[HDD (BASE 65) ]
TOTAL THIS MO. 63 CLEAR (SCALE 0-3) 18
DPTR FM NORMAL -115 PTCLDY (SCALE 4-7) 10
TOTAL FM JUL 1 90 CLOUDY (SCALE 8-10) 2
DPTR FM NORMAL -135
[CDD (BASE 65) ]
TOTAL THIS MO. 82
DPTR FM NORMAL 34 [PRESSURE DATA]
TOTAL FM JAN 1 724 HIGHEST SLP 30.25 ON 10
DPTR FM NORMAL 202 LOWEST SLP 29.59 ON 5
[REMARKS]
#FINAL-09-23#