000
CXUS56 KPQR 011155
CF6EUG
PRELIMINARY LOCAL CLIMATOLOGICAL DATA (WS FORM: F-6)
STATION: EUGENE OR
MONTH: OCTOBER
YEAR: 2021
LATITUDE: 44 7 N
LONGITUDE: 123 13 W
TEMPERATURE IN F: :PCPN: SNOW: WIND :SUNSHINE: SKY :PK WND
================================================================================
1 2 3 4 5 6A 6B 7 8 9 10 11 12 13 14 15 16 17 18
12Z AVG MX 2MIN
DY MAX MIN AVG DEP HDD CDD WTR SNW DPTH SPD SPD DIR MIN PSBL S-S WX SPD DR
================================================================================
1 66 46 56 -2 9 0 0.00 0.0 0 10.3 21 350 M M 6 32 20
2 70 42 56 -2 9 0 0.00 0.0 0 2.9 10 20 M M 4 1 14 40
3 73 47 60 2 5 0 0.00 0.0 0 3.6 13 20 M M 5 12 17 20
4 65 50 58 1 7 0 0.00 0.0 0 2.3 9 220 M M 7 18 11 190
5 61 44 53 -4 12 0 0.30 0.0 0 6.2 14 290 M M 7 1 17 280
6 63 43 53 -4 12 0 0.00 0.0 0 5.9 16 340 M M 6 1 17 340
7 60 41 51 -5 14 0 0.00 0.0 0 6.4 13 360 M M 5 12 16 10
8 63 37 50 -6 15 0 0.00 0.0 0 4.9 10 250 M M 5 1 13 250
9 68 44 56 0 9 0 0.00 0.0 0 6.8 13 160 M M 7 15 150
10 62 44 53 -2 12 0 0.04 0.0 0 6.4 22 310 M M 8 1 24 310
11 60 40 50 -5 15 0 0.00 0.0 0 4.0 12 20 M M 5 1 16 360
12 58 32 45 -9 20 0 0.14 0.0 0 6.1 13 140 M M 7 128 15 160
13 56 42 49 -5 16 0 0.08 0.0 0 4.8 10 230 M M 9 128 22 320
14 64 45 55 1 10 0 0.03 0.0 0 6.0 14 170 M M 7 1 17 180
15 69 41 55 1 10 0 0.00 0.0 0 4.7 12 260 M M 4 128 14 260
16 71 40 56 3 9 0 0.00 0.0 0 4.2 9 220 M M 3 1 11 230
17 63 43 53 0 12 0 0.00 0.0 0 8.7 18 240 M M 7 1 23 240
18 58 41 50 -2 15 0 0.07 0.0 0 3.1 9 140 M M 9 12 11 140
19 58 37 48 -4 17 0 0.05 0.0 0 3.3 9 50 M M 8 12 11 350
20 61 49 55 3 10 0 T 0.0 0 10.3 25 190 M M 9 1 32 200
21 65 46 56 4 9 0 0.77 0.0 0 5.9 20 120 M M 7 1 26 230
22 61 51 56 5 9 0 0.20 0.0 0 9.1 17 130 M M 9 1 20 130
23 56 51 54 3 11 0 0.11 0.0 0 6.4 13 190 M M 9 1 14 190
24 59 50 55 4 10 0 0.20 0.0 0 13.3 30 200 M M 9 1 39 170
25 57 49 53 3 12 0 0.08 0.0 0 15.2 29 180 M M 8 35 190
26 58 50 54 4 11 0 0.27 0.0 0 11.8 23 190 M M 10 18 28 190
27 59 46 53 3 12 0 0.16 0.0 0 5.2 13 190 M M 8 1 15 180
28 72 55 64 14 1 0 T 0.0 0 8.2 21 220 M M 9 25 220
29 63 46 55 5 10 0 0.22 0.0 0 12.1 22 30 M M 8 1 25 20
30 62 42 52 3 13 0 0.02 0.0 0 6.0 16 10 M M 5 20 10
31 58 39 49 0 16 0 T 0.0 0 1.1 8 20 M M 5 8 10 30
================================================================================
SM 1939 1373 352 0 2.74 0.0 205.2 M 215
================================================================================
AV 62.5 44.3 6.6 FASTST M M 7 MAX(MPH)
MISC ----> 30 200 39 170
================================================================================
NOTES:
# LAST OF SEVERAL OCCURRENCES
COLUMN 17 PEAK WIND IN M.P.H.
PRELIMINARY LOCAL CLIMATOLOGICAL DATA (WS FORM: F-6) , PAGE 2
STATION: EUGENE OR
MONTH: OCTOBER
YEAR: 2021
LATITUDE: 44 7 N
LONGITUDE: 123 13 W
[TEMPERATURE DATA] [PRECIPITATION DATA] SYMBOLS USED IN COLUMN 16
AVERAGE MONTHLY: 53.4 TOTAL FOR MONTH: 2.74 1 = FOG OR MIST
DPTR FM NORMAL: 0.0 DPTR FM NORMAL: -0.43 2 = FOG REDUCING VISIBILITY
HIGHEST: 73 ON 3 GRTST 24HR 0.90 ON 21-22 TO 1/4 MILE OR LESS
LOWEST: 32 ON 12 3 = THUNDER
SNOW, ICE PELLETS, HAIL 4 = ICE PELLETS
TOTAL MONTH: 0.0 INCH 5 = HAIL
GRTST 24HR 0.0 6 = FREEZING RAIN OR DRIZZLE
GRTST DEPTH: 0 7 = DUSTSTORM OR SANDSTORM:
VSBY 1/2 MILE OR LESS
8 = SMOKE OR HAZE
[NO. OF DAYS WITH] [WEATHER - DAYS WITH] 9 = BLOWING SNOW
X = TORNADO
MAX 32 OR BELOW: 0 0.01 INCH OR MORE: 16
MAX 90 OR ABOVE: 0 0.10 INCH OR MORE: 9
MIN 32 OR BELOW: 1 0.50 INCH OR MORE: 1
MIN 0 OR BELOW: 0 1.00 INCH OR MORE: 0
[HDD (BASE 65) ]
TOTAL THIS MO. 352 CLEAR (SCALE 0-3) 1
DPTR FM NORMAL -10 PTCLDY (SCALE 4-7) 20
TOTAL FM JUL 1 427 CLOUDY (SCALE 8-10) 10
DPTR FM NORMAL -84
[CDD (BASE 65) ]
TOTAL THIS MO. 0
DPTR FM NORMAL -1 [PRESSURE DATA]
TOTAL FM JAN 1 601 HIGHEST SLP 30.34 ON 27
DPTR FM NORMAL 308 LOWEST SLP 29.06 ON 24
[REMARKS]
#FINAL-10-21#