000
CXUS52 KMHX 010650
CF6EWN
PRELIMINARY LOCAL CLIMATOLOGICAL DATA (WS FORM: F-6)
STATION: NEW BERN NC
MONTH: JUNE
YEAR: 2022
LATITUDE: 35 4 N
LONGITUDE: 77 3 W
TEMPERATURE IN F: :PCPN: SNOW: WIND :SUNSHINE: SKY :PK WND
================================================================================
1 2 3 4 5 6A 6B 7 8 9 10 11 12 13 14 15 16 17 18
12Z AVG MX 2MIN
DY MAX MIN AVG DEP HDD CDD WTR SNW DPTH SPD SPD DIR MIN PSBL S-S WX SPD DR
================================================================================
1 94 69 82 8 0 17 0.00 0.0 0 5.1 14 180 M M 0 17 180
2 96 71 84 10 0 19 0.00 0.0 0 7.3 17 200 M M 1 22 180
3 92 70 81 7 0 16 0.97 0.0 0 4.0 24 220 M M 4 13 36 260
4 81 68 75 1 0 10 0.06 0.0 0 8.0 14 60 M M 6 1 20 70
5 83 64 74 -1 0 9 0.00 0.0 0 11.4 22 70 M M 1 31 60
6 83 62 73 -2 0 8 0.00 0.0 0 6.0 12 150 M M 2 15 120
7 86 64 75 0 0 10 0.00 0.0 0 4.6 13 90 M M 1 1 16 130
8 90 69 80 5 0 15 0.17 0.0 0 5.2 14 180 M M 4 1 18 180
9 89 73 81 5 0 16 0.57 0.0 0 6.0 21 330 M M 3 138 26 330
10 83 70 77 1 0 12 0.00 0.0 0 6.8 13 70 M M 5 1 17 140
11 84 65 75 -1 0 10 0.00 0.0 0 2.5 12 150 M M 1 15 180
12 90 70 80 4 0 15 0.20 0.0 0 4.9 22 200 M M 5 13 29 210
13 93 73 83 6 0 18 0.00 0.0 0 7.4 15 170 M M 3 22 180
14 94 76 85 8 0 20 T 0.0 0 5.9 16 350 M M 3 1 23 330
15 87 71 79 2 0 14 0.00 0.0 0 7.0 14 40 M M 1 21 20
16 86 68 77 0 0 12 T 0.0 0 4.8 15 60 M M 1 3 18 180
17 95 70 83 5 0 18 0.06 0.0 0 6.9 21 350 M M 0 3 26 330
18 90 69 80 2 0 15 0.00 0.0 0 7.4 17 360 M M 2 23 360
19 80 59 70 -8 0 5 0.00 0.0 0 6.4 16 360 M M 0 23 10
20 86 55 71 -7 0 6 0.00 0.0 0 4.2 12 310 M M 1 17 290
21 85 60 73 -5 0 8 T 0.0 0 4.1 10 150 M M 1 1 16 140
22 92 64 78 0 0 13 0.09 0.0 0 5.5 16 130 M M 2 1 23 140
23 83 71 77 -2 0 12 T 0.0 0 8.1 15 40 M M 6 1 17 50
24 85 67 76 -3 0 11 T 0.0 0 7.3 14 40 M M 2 18 60
25 86 62 74 -5 0 9 0.00 0.0 0 4.7 13 110 M M 1 8 18 140
26 88 61 75 -4 0 10 0.00 0.0 0 4.6 15 170 M M 1 12 22 170
27 90 65 78 -1 0 13 0.10 0.0 0 4.6 17 240 M M 3 1 22 240
28 86 71 79 0 0 14 T 0.0 0 5.9 16 40 M M 3 19 40
29 81 70 76 -4 0 11 0.01 0.0 0 4.7 10 130 M M 5 1 15 140
30 89 66 78 -2 0 13 0.00 0.0 0 4.3 15 140 M M 1 12 22 120
================================================================================
SM 2627 2013 0 379 2.23 0.0 175.6 M 69
================================================================================
AV 87.6 67.1 5.9 FASTST M M 2 MAX(MPH)
MISC ----> 24 220 36 260
================================================================================
NOTES:
# LAST OF SEVERAL OCCURRENCES
COLUMN 17 PEAK WIND IN M.P.H.
PRELIMINARY LOCAL CLIMATOLOGICAL DATA (WS FORM: F-6) , PAGE 2
STATION: NEW BERN NC
MONTH: JUNE
YEAR: 2022
LATITUDE: 35 4 N
LONGITUDE: 77 3 W
[TEMPERATURE DATA] [PRECIPITATION DATA] SYMBOLS USED IN COLUMN 16
AVERAGE MONTHLY: 77.3 TOTAL FOR MONTH: 2.23 1 = FOG OR MIST
DPTR FM NORMAL: 0.3 DPTR FM NORMAL: -2.37 2 = FOG REDUCING VISIBILITY
HIGHEST: 96 ON 2 GRTST 24HR 1.03 ON 3- 4 TO 1/4 MILE OR LESS
LOWEST: 55 ON 20 3 = THUNDER
SNOW, ICE PELLETS, HAIL 4 = ICE PELLETS
TOTAL MONTH: 0.0 INCH 5 = HAIL
GRTST 24HR 0.0 6 = FREEZING RAIN OR DRIZZLE
GRTST DEPTH: 0 7 = DUSTSTORM OR SANDSTORM:
VSBY 1/2 MILE OR LESS
8 = SMOKE OR HAZE
[NO. OF DAYS WITH] [WEATHER - DAYS WITH] 9 = BLOWING SNOW
X = TORNADO
MAX 32 OR BELOW: 0 0.01 INCH OR MORE: 9
MAX 90 OR ABOVE: 11 0.10 INCH OR MORE: 5
MIN 32 OR BELOW: 0 0.50 INCH OR MORE: 2
MIN 0 OR BELOW: 0 1.00 INCH OR MORE: 0
[HDD (BASE 65) ]
TOTAL THIS MO. 0 CLEAR (SCALE 0-3) 21
DPTR FM NORMAL -1 PTCLDY (SCALE 4-7) 9
TOTAL FM JUL 1 2273 CLOUDY (SCALE 8-10) 0
DPTR FM NORMAL -425
[CDD (BASE 65) ]
TOTAL THIS MO. 379
DPTR FM NORMAL 20 [PRESSURE DATA]
TOTAL FM JAN 1 765 HIGHEST SLP M ON M
DPTR FM NORMAL 157 LOWEST SLP 29.74 ON 3
[REMARKS]
#FINAL-06-22#