000
CXUS51 KOKX 010910
CF6EWR
PRELIMINARY LOCAL CLIMATOLOGICAL DATA (WS FORM: F-6)
STATION: NEWARK NJ
MONTH: AUGUST
YEAR: 2021
LATITUDE: 40 42 N
LONGITUDE: 74 10 W
TEMPERATURE IN F: :PCPN: SNOW: WIND :SUNSHINE: SKY :PK WND
================================================================================
1 2 3 4 5 6A 6B 7 8 9 10 11 12 13 14 15 16 17 18
12Z AVG MX 2MIN
DY MAX MIN AVG DEP HDD CDD WTR SNW DPTH SPD SPD DIR MIN PSBL S-S WX SPD DR
================================================================================
1 80 65 73 -5 0 8 0.13 0.0 0 5.4 15 160 M M 7 19 150
2 84 63 74 -4 0 9 0.00 0.0 0 7.7 14 320 M M 4 8 23 340
3 82 62 72 -6 0 7 0.00 0.0 0 3.4 9 170 M M 7 12 170
4 80 68 74 -4 0 9 0.00 0.0 0 5.0 13 20 M M 10 15 30
5 86 69 78 0 0 13 0.00 0.0 0 8.8 15 20 M M 7 20 350
6 92 67 80 2 0 15 0.00 0.0 0 7.4 15 200 M M 3 19 150
7 91 70 81 4 0 16 T 0.0 0 7.5 16 200 M M 8 21 190
8 86 68 77 0 0 12 0.19 0.0 0 8.8 18 20 M M 9 1 27 60
9 85 70 78 1 0 13 0.01 0.0 0 8.4 18 10 M M 8 21 10
10 88 74 81 4 0 16 0.55 0.0 0 4.8 21 300 M M 7 13 24 310
11 95 74 85 8 0 20 1.25 0.0 0 9.1 30 240 M M 7 3 59 240
12 98 75 87 10 0 22 T 0.0 0 9.6 24 230 M M 4 3 31 240
13 99 78 89 12 0 24 0.00 0.0 0 6.7 14 250 M M 6 8 19 200
14 92 78 85 8 0 20 T 0.0 0 9.9 18 350 M M 7 23 350
15 87 71 79 2 0 14 0.00 0.0 0 8.2 18 20 M M 8 22 30
16 83 69 76 0 0 11 0.00 0.0 0 6.5 12 180 M M 8 15 140
17 83 75 79 3 0 14 T 0.0 0 7.9 15 120 M M 9 21 130
18 85 76 81 5 0 16 T 0.0 0 7.8 16 140 M M 9 23 130
19 90 78 84 8 0 19 0.23 0.0 0 13.7 25 260 M M 8 13 31 270
20 85 76 81 5 0 16 T 0.0 0 6.3 15 350 M M 8 19 340
21 83 73 78 2 0 13 1.28 0.0 0 5.0 17 10 M M 8 13 20 340
22 78 73 76 0 0 11 2.51 0.0 0 10.4 18 240 M M 9 13 24 240
23 90 73 82 6 0 17 0.93 0.0 0 12.2 22 190 M M 8 1 31 180
24 93 75 84 9 0 19 0.00 0.0 0 8.3 17 280 M M 2 21 260
25 96 73 85 10 0 20 0.00 0.0 0 4.8 12 160 M M 4 17 140
26 97 75 86 11 0 21 0.11 0.0 0 6.4 16 210 M M 4 3 21 240
27 96 77 87 12 0 22 T 0.0 0 4.1 23 100 M M 6 3 32 80
28 82 70 76 1 0 11 T 0.0 0 10.9 20 40 M M 9 28 30
29 78 70 74 0 0 9 T 0.0 0 4.5 10 60 M M 10 1 13 70
30 91 74 83 9 0 18 T 0.0 0 6.8 16 240 M M 7 1 24 270
31 89 74 82 8 0 17 0.00 0.0 0 5.5 16 320 M M 7 19 310
================================================================================
SM 2724 2233 0 472 7.19 0.0 231.8 M 218
================================================================================
AV 87.9 72.0 7.5 FASTST M M 7 MAX(MPH)
MISC ----> 30 240 59 240
================================================================================
NOTES:
# LAST OF SEVERAL OCCURRENCES
COLUMN 17 PEAK WIND IN M.P.H.
PRELIMINARY LOCAL CLIMATOLOGICAL DATA (WS FORM: F-6) , PAGE 2
STATION: NEWARK NJ
MONTH: AUGUST
YEAR: 2021
LATITUDE: 40 42 N
LONGITUDE: 74 10 W
[TEMPERATURE DATA] [PRECIPITATION DATA] SYMBOLS USED IN COLUMN 16
AVERAGE MONTHLY: 80.0 TOTAL FOR MONTH: 7.19 1 = FOG OR MIST
DPTR FM NORMAL: 3.6 DPTR FM NORMAL: 3.04 2 = FOG REDUCING VISIBILITY
HIGHEST: 99 ON 13 GRTST 24HR 3.57 ON 21-22 TO 1/4 MILE OR LESS
LOWEST: 62 ON 3 3 = THUNDER
SNOW, ICE PELLETS, HAIL 4 = ICE PELLETS
TOTAL MONTH: 0.0 INCH 5 = HAIL
GRTST 24HR 0.0 6 = FREEZING RAIN OR DRIZZLE
GRTST DEPTH: 0 7 = DUSTSTORM OR SANDSTORM:
VSBY 1/2 MILE OR LESS
8 = SMOKE OR HAZE
[NO. OF DAYS WITH] [WEATHER - DAYS WITH] 9 = BLOWING SNOW
X = TORNADO
MAX 32 OR BELOW: 0 0.01 INCH OR MORE: 10
MAX 90 OR ABOVE: 13 0.10 INCH OR MORE: 9
MIN 32 OR BELOW: 0 0.50 INCH OR MORE: 5
MIN 0 OR BELOW: 0 1.00 INCH OR MORE: 3
[HDD (BASE 65) ]
TOTAL THIS MO. 0 CLEAR (SCALE 0-3) 2
DPTR FM NORMAL -1 PTCLDY (SCALE 4-7) 20
TOTAL FM JUL 1 0 CLOUDY (SCALE 8-10) 9
DPTR FM NORMAL 0
[CDD (BASE 65) ]
TOTAL THIS MO. 472
DPTR FM NORMAL 120 [PRESSURE DATA]
TOTAL FM JAN 1 1362 HIGHEST SLP M ON M
DPTR FM NORMAL 273 LOWEST SLP 29.70 ON 23
[REMARKS]
#FINAL-08-21#