000
CXUS53 KIND 010700
CF6EYE
PRELIMINARY LOCAL CLIMATOLOGICAL DATA (WS FORM: F-6)
STATION: INDIANAPOLIS EAGLE CREEK IN
MONTH: DECEMBER
YEAR: 2021
LATITUDE: 39 49 N
LONGITUDE: 86 18 W
TEMPERATURE IN F: :PCPN: SNOW: WIND :SUNSHINE: SKY :PK WND
================================================================================
1 2 3 4 5 6A 6B 7 8 9 10 11 12 13 14 15 16 17 18
12Z AVG MX 2MIN
DY MAX MIN AVG DEP HDD CDD WTR SNW DPTH SPD SPD DIR MIN PSBL S-S WX SPD DR
================================================================================
1 50 30 40 2 25 0 0.14 M M 4.3 10 220 M M 8 1 19 220
2 58 40 49 12 16 0 0.00 M M 7.9 16 280 M M 2 1 24 280
3 59 36 48 11 17 0 0.00 M M 5.0 13 100 M M 1 19 110
4 49 33 41 4 24 0 0.00 M M 5.3 12 340 M M 0 1 15 360
5 62 33 48 12 17 0 0.31 M M 8.8 18 220 M M 6 1 36 200
6 59 25 42 6 23 0 0.25 M M 16.2 28 290 M M 5 13 40 280
7 27 18 23 -13 42 0 T M M 5.0 15 290 M M 4 21 280
8 40 25 33 -3 32 0 T M M 5.5 16 280 M M 3 22 260
9 53 24 39 4 26 0 0.00 M M 7.3 18 150 M M 3 1 28 150
10 62 43 53 18 12 0 0.30 M M 6.4 18 130 M M 9 138 29 150
11 68 32 50 15 15 0 0.37 M M 13.8 32 270 M M 6 13 55 260
12 49 28 39 5 26 0 0.00 M M 6.6 15 210 M M 0 8 24 210
13 53 29 41 7 24 0 0.00 M M 3.3 13 220 M M 0 21 210
14 59 29 44 10 21 0 0.00 M M 4.8 15 150 M M 3 21 160
15 65 49 57 23 8 0 0.03 M M 9.7 21 200 M M 9 36 200
16 63 37 50 17 15 0 0.52 M M 11.5 28 200 M M 6 1 44 200
17 41 28 35 2 30 0 0.12 M M 5.3 12 80 M M 5 1 17 100
18 44 34 39 6 26 0 0.60 M M 8.9 20 300 M M 9 1 29 360
19 38 28 33 1 32 0 0.00 M M 6.0 12 330 M M 7 16 330
20 43 23 33 1 32 0 0.00 M M 3.1 14 200 M M 0 20 210
21 46 24 35 3 30 0 0.00 M M 6.1 21 300 M M 0 1 29 290
22 35 24 30 -2 35 0 0.00 M M 9.0 22 300 M M 0 32 280
23 51 24 38 6 27 0 0.00 M M 7.8 18 200 M M 2 30 220
24 63 50 57 26 8 0 0.00 M M 9.4 20 200 M M 9 34 190
25 63 41 52 21 13 0 0.29 M M 8.3 16 210 M M 10 1 32 200
26 52 32 42 11 23 0 0.02 M M 5.3 17 120 M M 2 12 26 130
27 65 42 54 23 11 0 0.15 M M 8.6 22 290 M M 6 13 33 260
28 44 39 42 11 23 0 1.08 M M 5.8 21 70 M M 8 12 29 60
29 44 38 41 11 24 0 0.02 M M 4.4 13 300 M M 10 1 16 90
30 49 38 44 14 21 0 0.01 M M 4.6 10 200 M M 10 1 14 170
31 60 40 50 20 15 0 T M M 4.6 13 140 M M 6 12 18 210
================================================================================
SM 1614 1016 693 0 4.21 M 218.6 M 149
================================================================================
AV 52.1 32.8 7.1 FASTST M M 5 MAX(MPH)
MISC ----> 32 270 55 260
================================================================================
NOTES:
# LAST OF SEVERAL OCCURRENCES
COLUMN 17 PEAK WIND IN M.P.H.
PRELIMINARY LOCAL CLIMATOLOGICAL DATA (WS FORM: F-6) , PAGE 2
STATION: INDIANAPOLIS EAGLE CREEK IN
MONTH: DECEMBER
YEAR: 2021
LATITUDE: 39 49 N
LONGITUDE: 86 18 W
[TEMPERATURE DATA] [PRECIPITATION DATA] SYMBOLS USED IN COLUMN 16
AVERAGE MONTHLY: 42.4 TOTAL FOR MONTH: 4.21 1 = FOG OR MIST
DPTR FM NORMAL: 8.9 DPTR FM NORMAL: 1.54 2 = FOG REDUCING VISIBILITY
HIGHEST: 68 ON 11 GRTST 24HR 1.08 ON 28-28 TO 1/4 MILE OR LESS
LOWEST: 18 ON 7 3 = THUNDER
SNOW, ICE PELLETS, HAIL 4 = ICE PELLETS
TOTAL MONTH: M 5 = HAIL
GRTST 24HR M ON M 6 = FREEZING RAIN OR DRIZZLE
GRTST DEPTH: M ON M 7 = DUSTSTORM OR SANDSTORM:
VSBY 1/2 MILE OR LESS
8 = SMOKE OR HAZE
[NO. OF DAYS WITH] [WEATHER - DAYS WITH] 9 = BLOWING SNOW
X = TORNADO
MAX 32 OR BELOW: 1 0.01 INCH OR MORE: 15
MAX 90 OR ABOVE: 0 0.10 INCH OR MORE: 11
MIN 32 OR BELOW: 16 0.50 INCH OR MORE: 3
MIN 0 OR BELOW: 0 1.00 INCH OR MORE: 1
[HDD (BASE 65) ]
TOTAL THIS MO. 693 CLEAR (SCALE 0-3) 11
DPTR FM NORMAL -283 PTCLDY (SCALE 4-7) 13
TOTAL FM JUL 1 1593 CLOUDY (SCALE 8-10) 7
DPTR FM NORMAL -405
[CDD (BASE 65) ]
TOTAL THIS MO. 0
DPTR FM NORMAL 0 [PRESSURE DATA]
TOTAL FM JAN 1 1374 HIGHEST SLP M ON M
DPTR FM NORMAL 246 LOWEST SLP 29.37 ON 11
[REMARKS]
#FINAL-12-21#