000
CXUS52 KKEY 252013 CCA
CF6EYW
PRELIMINARY LOCAL CLIMATOLOGICAL DATA (WS FORM: F-6)...CORRECTED
STATION: KEY WEST
MONTH: OCTOBER
YEAR: 2020
LATITUDE: 24 32 N
LONGITUDE: 81 45 W
TEMPERATURE IN F: :PCPN: SNOW: WIND :SUNSHINE: SKY :PK WND
================================================================================
1 2 3 4 5 6A 6B 7 8 9 10 11 12 13 14 15 16 17 18
12Z AVG MX 2MIN
DY MAX MIN AVG DEP HDD CDD WTR SNW DPTH SPD SPD DIR MIN PSBL S-S WX SPD DR
================================================================================
1 91 80 86 4 0 21 0.21 0.0 0 7.0 18 150 M M 2 3 22 160
2 85 77 81 -1 0 16 1.45 0.0 0 7.2 18 20 M M 7 13 24 80
3 88 79 84 2 0 19 0.01 0.0 0 8.7 17 110 M M 3 1 22 120
4 90 81 86 4 0 21 0.04 0.0 0 17.0 26 120 M M 6 13 33 130
5 90 83 87 5 0 22 0.04 0.0 0 15.6 23 100 M M 4 8 29 100
6 90 82 86 4 0 21 T 0.0 0 17.5 24 100 M M 4 33 110
7 89 82 86 4 0 21 0.17 0.0 0 18.2 32 120 M M 4 8 39 130
8 89 83 86 5 0 21 0.00 0.0 0 13.6 18 120 M M 1 23 110
9 89 82 86 5 0 21 0.03 0.0 0 15.0 23 140 M M 2 8 29 140
10 88 80 84 3 0 19 T 0.0 0 8.4 15 160 M M 1 19 170
11 87 79 83 2 0 18 0.00 0.0 0 5.7 18 140 M M 3 8 22 140
12 88 77 83 2 0 18 0.00 0.0 0 4.7 12 360 M M 2 16 350
13 85 79 82 1 0 17 0.00 0.0 0 9.4 16 350 M M 2 21 350
14 87 79 83 2 0 18 0.00 0.0 0 M M M M M 2 M M
15 88 79 84 3 0 19 T 0.0 0 7.8 15 40 M M 7 3 20 30
16 89 76 83 3 0 18 0.03 0.0 0 7.8 22 320 M M 3 13 27 330
17 87 77 82 2 0 17 0.09 0.0 0 10.5 17 60 M M 2 1 25 50
18 88 77 83 3 0 18 0.03 0.0 0 11.9 26 80 M M 4 18 37 90
19 83 75 79 -1 0 14 0.79 0.0 0 12.4 29 110 M M 5 18 38 110
20 81 73 77 -3 0 12 1.98 0.0 0 11.2 25 100 M M 6 1 33 100
21 83 73 78 -2 0 13 0.65 0.0 0 10.2 22 90 M M 6 1 27 150
22 83 74 79 0 0 14 1.41 0.0 0 10.5 18 100 M M 8 1 24 110
23 85 78 82 3 0 17 0.01 0.0 0 13.1 22 110 M M 4 1 28 120
24 83 78 81 2 0 16 0.37 0.0 0 10.4 22 170 M M 5 1 27 160
25 85 79 82 3 0 17 0.02 0.0 0 11.5 22 100 M M 5 1 27 110
26 86 77 82 3 0 17 0.31 0.0 0 13.2 30 160 M M 5 1 36 160
27 86 82 84 5 0 19 0.00 0.0 0 16.3 21 110 M M 3 27 110
28 86 81 84 5 0 19 T 0.0 0 15.4 21 110 M M 2 27 120
29 86 79 83 5 0 18 0.13 0.0 0 8.5 18 110 M M 3 18 23 120
30 88 78 83 5 0 18 0.00 0.0 0 7.3 14 360 M M 5 X 18 350
31 86 79 83 5 0 18 0.00 0.0 0 8.6 16 100 M M 2 20 100
================================================================================
SM 2689 2438 0 557 7.77 0.0 334.6 M 118
================================================================================
AV 86.7 78.7 11.2 FASTST M M 4 MAX(MPH)
MISC ----> # 32 120 # 39 130
================================================================================
NOTES:
# LAST OF SEVERAL OCCURRENCES
COLUMN 17 PEAK WIND IN M.P.H.
PRELIMINARY LOCAL CLIMATOLOGICAL DATA (WS FORM: F-6) , PAGE 2
STATION: KEY WEST
MONTH: OCTOBER
YEAR: 2020
LATITUDE: 24 32 N
LONGITUDE: 81 45 W
[TEMPERATURE DATA] [PRECIPITATION DATA] SYMBOLS USED IN COLUMN 16
AVERAGE MONTHLY: 82.7 TOTAL FOR MONTH: 7.77 1 = FOG OR MIST
DPTR FM NORMAL: 2.5 DPTR FM NORMAL: 2.84 2 = FOG REDUCING VISIBILITY
HIGHEST: 91 ON 1 GRTST 24HR 1.98 ON 20-20 TO 1/4 MILE OR LESS
LOWEST: 73 ON 21,20 3 = THUNDER
SNOW, ICE PELLETS, HAIL 4 = ICE PELLETS
TOTAL MONTH: 0.0 INCH 5 = HAIL
GRTST 24HR 0.0 6 = FREEZING RAIN OR DRIZZLE
GRTST DEPTH: 0 7 = DUSTSTORM OR SANDSTORM:
VSBY 1/2 MILE OR LESS
8 = SMOKE OR HAZE
[NO. OF DAYS WITH] [WEATHER - DAYS WITH] 9 = BLOWING SNOW
X = TORNADO
MAX 32 OR BELOW: 0 0.01 INCH OR MORE: 19
MAX 90 OR ABOVE: 4 0.10 INCH OR MORE: 10
MIN 32 OR BELOW: 0 0.50 INCH OR MORE: 5
MIN 0 OR BELOW: 0 1.00 INCH OR MORE: 3
[HDD (BASE 65) ]
TOTAL THIS MO. 0 CLEAR (SCALE 0-3) 15
DPTR FM NORMAL 0 PTCLDY (SCALE 4-7) 15
TOTAL FM JUL 1 0 CLOUDY (SCALE 8-10) 1
DPTR FM NORMAL 0
[CDD (BASE 65) ]
TOTAL THIS MO. 557
DPTR FM NORMAL 84 [PRESSURE DATA]
TOTAL FM JAN 1 5062 HIGHEST SLP 30.07 ON 31
DPTR FM NORMAL 854 LOWEST SLP 29.79 ON 24
[REMARKS]
#FINAL-10-20#
CORRECTED DEPARTURE FROM NORMAL (COLUMN 5) FOR OCTOBER 15TH AND 28TH.
CORRECTED CLOUD COVER DAYS TABLE.
ROSS