000
CDUS42 KKEY 132031
CLIEYW

CLIMATE REPORT
NATIONAL WEATHER SERVICE KEY WEST, FL
428 PM EDT MON OCT 13 2014


...................................

...THE KEY WEST CLIMATE SUMMARY FOR OCTOBER 13 2014...
VALID TODAY AS OF 0400 PM LOCAL TIME.

CLIMATE NORMAL PERIOD 1981 TO 2010
CLIMATE RECORD PERIOD 1871 TO 2014


WEATHER ITEM   OBSERVED TIME   RECORD YEAR NORMAL DEPARTURE LAST
                VALUE   (LST)  VALUE       VALUE  FROM      YEAR
                                                  NORMAL
..................................................................
TEMPERATURE (F)
 TODAY
  MAXIMUM         88    233 PM  91    1960  85      3       86
  MINIMUM         81    631 AM  69    1955  77      4       78
  AVERAGE         85                        81      4       82

PRECIPITATION (IN)
  TODAY            T             4.22 1879   0.19  -0.19     0.00
  MONTH TO DATE    1.38                      2.43  -1.05     0.92
  SINCE SEP 1      6.80                      9.14  -2.34     5.72
  SINCE JAN 1     28.94                     32.81  -3.87    41.23

SNOWFALL (IN)
  TODAY            0.0
  MONTH TO DATE    0.0
  SINCE SEP 1      0.0
  SINCE JUL 1      0.0
  SNOW DEPTH       0

DEGREE DAYS
 HEATING
  TODAY            0                         0      0        0
  MONTH TO DATE    0                         0      0        0
  SINCE SEP 1      0                         0      0        0
  SINCE JUL 1      0                         0      0        0

 COOLING
  TODAY           20                        16      4       17
  MONTH TO DATE  240                       215     25      230
  SINCE SEP 1    807                       761     46      772
  SINCE JAN 1   4327                      3950    377     4092
..................................................................


WIND (MPH)
  HIGHEST WIND SPEED    23   HIGHEST WIND DIRECTION     E (110)
  HIGHEST GUST SPEED    28   HIGHEST GUST DIRECTION     E (110)
  AVERAGE WIND SPEED    15.9


SKY COVER
  POSSIBLE SUNSHINE  MM
  AVERAGE SKY COVER 0.2


WEATHER CONDITIONS
 THE FOLLOWING WEATHER WAS RECORDED TODAY.
  LIGHT RAIN


RELATIVE HUMIDITY (PERCENT)
 HIGHEST    85
 LOWEST     68
 AVERAGE    77

..........................................................


THE KEY WEST CLIMATE NORMALS FOR TOMORROW
                         NORMAL    RECORD    YEAR
 MAXIMUM TEMPERATURE (F)   85        90      2009
                                             1993
                                             1937
 MINIMUM TEMPERATURE (F)   76        67      1977


SUNRISE AND SUNSET
OCTOBER 13 2014.......SUNRISE   724 AM EDT   SUNSET   702 PM EDT
OCTOBER 14 2014.......SUNRISE   724 AM EDT   SUNSET   701 PM EDT


-  INDICATES NEGATIVE NUMBERS.
R  INDICATES RECORD WAS SET OR TIED.
MM INDICATES DATA IS MISSING.
T  INDICATES TRACE AMOUNT.




$$
