000
CDUS42 KKEY 210547
CLIEYW

CLIMATE REPORT
NATIONAL WEATHER SERVICE KEY WEST, FL
136 AM EDT THU JUL 21 2016


...................................

...THE KEY WEST CLIMATE SUMMARY FOR JULY 20 2016...

CLIMATE NORMAL PERIOD 1981 TO 2010
CLIMATE RECORD PERIOD 1871 TO 2016


WEATHER ITEM   OBSERVED TIME   RECORD YEAR NORMAL DEPARTURE LAST
                VALUE   (LST)  VALUE       VALUE  FROM      YEAR
                                                  NORMAL
..................................................................
TEMPERATURE (F)
 YESTERDAY
  MAXIMUM         84    641 PM  94    1956  90     -6       89
  MINIMUM         76    620 AM  70    1887  80     -4       81
  AVERAGE         80                        85     -5       85

PRECIPITATION (IN)
  YESTERDAY        0.84          1.74 1980   0.12   0.72     0.00
  MONTH TO DATE    1.97                      2.29  -0.32     0.15
  SINCE JUN 1      3.11                      6.40  -3.29     2.79
  SINCE JAN 1     14.76                     17.03  -2.27    15.22

SNOWFALL (IN)
  YESTERDAY        0.0
  MONTH TO DATE    0.0
  SINCE JUN 1      0.0
  SINCE JUL 1      0.0
  SNOW DEPTH       0

DEGREE DAYS
 HEATING
  YESTERDAY        0                         0      0        0
  MONTH TO DATE    0                         0      0        0
  SINCE JUN 1      0                         0      0        0
  SINCE JUL 1      0                         0      0        0

 COOLING
  YESTERDAY       15                        20     -5       20
  MONTH TO DATE  416                       388     28      424
  SINCE JUN 1    987                       937     50      995
  SINCE JAN 1   2478                      2367    111     2712
..................................................................


WIND (MPH)
  HIGHEST WIND SPEED    22   HIGHEST WIND DIRECTION     E (110)
  HIGHEST GUST SPEED    26   HIGHEST GUST DIRECTION     E (100)
  AVERAGE WIND SPEED     9.9


SKY COVER
  POSSIBLE SUNSHINE  MM
  AVERAGE SKY COVER 0.2


WEATHER CONDITIONS
 THE FOLLOWING WEATHER WAS RECORDED YESTERDAY.
  THUNDERSTORM
  HEAVY RAIN
  RAIN
  LIGHT RAIN
  FOG


RELATIVE HUMIDITY (PERCENT)
 HIGHEST    94
 LOWEST     74
 AVERAGE    84

..........................................................


THE KEY WEST CLIMATE NORMALS FOR TODAY
                         NORMAL    RECORD    YEAR
 MAXIMUM TEMPERATURE (F)   90        94      1881
                                             1877
 MINIMUM TEMPERATURE (F)   80        72      1946
                                             1899


SUNRISE AND SUNSET
JULY 21 2016..........SUNRISE   650 AM EDT   SUNSET   816 PM EDT
JULY 22 2016..........SUNRISE   651 AM EDT   SUNSET   816 PM EDT


-  INDICATES NEGATIVE NUMBERS.
R  INDICATES RECORD WAS SET OR TIED.
MM INDICATES DATA IS MISSING.
T  INDICATES TRACE AMOUNT.




$$
