305
CDUS42 KKEY 032143
CLIEYW

CLIMATE REPORT
NATIONAL WEATHER SERVICE KEY WEST, FL
438 PM EST WED FEB 3 2016

...................................

...THE KEY WEST CLIMATE SUMMARY FOR FEBRUARY 3 2016...
VALID TODAY AS OF 0400 PM LOCAL TIME.

CLIMATE NORMAL PERIOD 1981 TO 2010
CLIMATE RECORD PERIOD 1871 TO 2016

WEATHER ITEM   OBSERVED TIME   RECORD YEAR NORMAL DEPARTURE LAST
                VALUE   (LST)  VALUE       VALUE  FROM      YEAR
                                                  NORMAL
..................................................................
TEMPERATURE (F)
 TODAY
  MAXIMUM         80    211 PM  85    1957  75      5       72
  MINIMUM         76    819 AM  44    1917  65     11       62
  AVERAGE         78                        70      8       67

PRECIPITATION (IN)
  TODAY            0.00          1.01 1970   0.06  -0.06     0.00
  MONTH TO DATE    1.42                      0.17   1.25     0.21
  SINCE DEC 1      9.36                      4.43   4.93     3.49
  SINCE JAN 1      4.78                      2.21   2.57     1.24

SNOWFALL (IN)
  TODAY            0.0
  MONTH TO DATE    0.0
  SINCE DEC 1      0.0
  SINCE JUL 1      0.0
  SNOW DEPTH       0

DEGREE DAYS
 HEATING
  TODAY            0                         1     -1        0
  MONTH TO DATE    0                         3     -3        0
  SINCE DEC 1     13                        53    -40        5
  SINCE JUL 1     13                        54    -41        6

 COOLING
  TODAY           13                         6      7        2
  MONTH TO DATE   35                        18     17       15
  SINCE DEC 1    610                       400    210      499
  SINCE JAN 1    211                       183     28      246
..................................................................

WIND (MPH)
  HIGHEST WIND SPEED    23   HIGHEST WIND DIRECTION    SE (130)
  HIGHEST GUST SPEED    30   HIGHEST GUST DIRECTION    SE (130)
  AVERAGE WIND SPEED    17.1

SKY COVER
  POSSIBLE SUNSHINE  MM
  AVERAGE SKY COVER 0.2

WEATHER CONDITIONS
 THE FOLLOWING WEATHER WAS RECORDED TODAY.
  NO SIGNIFICANT WEATHER WAS OBSERVED.

RELATIVE HUMIDITY (PERCENT)
 HIGHEST    94
 LOWEST     74
 AVERAGE    84
..........................................................

THE KEY WEST CLIMATE NORMALS FOR TOMORROW
                         NORMAL    RECORD    YEAR
 MAXIMUM TEMPERATURE (F)   75        85      1957
 MINIMUM TEMPERATURE (F)   65        46      1958

SUNRISE AND SUNSET
FEBRUARY  3 2016......SUNRISE   708 AM EST   SUNSET   614 PM EST
FEBRUARY  4 2016......SUNRISE   708 AM EST   SUNSET   614 PM EST

-  INDICATES NEGATIVE NUMBERS.
R  INDICATES RECORD WAS SET OR TIED.
MM INDICATES DATA IS MISSING.
T  INDICATES TRACE AMOUNT.

$$
