000
CDUS42 KKEY 140545
CLIEYW

CLIMATE REPORT
NATIONAL WEATHER SERVICE KEY WEST, FL
143 AM EDT SUN SEP 14 2014


...................................

...THE KEY WEST CLIMATE SUMMARY FOR SEPTEMBER 13 2014...

CLIMATE NORMAL PERIOD 1981 TO 2010
CLIMATE RECORD PERIOD 1871 TO 2014


WEATHER ITEM   OBSERVED TIME   RECORD YEAR NORMAL DEPARTURE LAST
                VALUE   (LST)  VALUE       VALUE  FROM      YEAR
                                                  NORMAL
..................................................................
TEMPERATURE (F)
 YESTERDAY
  MAXIMUM         88   1214 PM  93    1876  88      0       88
  MINIMUM         75    929 PM  71    1958  79     -4       80
                                      1954
                                      1890
  AVERAGE         82                        83     -1       84

PRECIPITATION (IN)
  YESTERDAY        1.31          4.00 1958   0.21   1.10     0.00
  MONTH TO DATE    3.84                      2.82   1.02     1.65
  SINCE SEP 1      3.84                      2.82   1.02     1.65
  SINCE JAN 1     25.98                     26.49  -0.51    37.16

SNOWFALL (IN)
  YESTERDAY        0.0
  MONTH TO DATE    0.0
  SINCE SEP 1      0.0
  SINCE JUL 1      0.0
  SNOW DEPTH       0

DEGREE DAYS
 HEATING
  YESTERDAY        0                         0      0        0
  MONTH TO DATE    0                         0      0        0
  SINCE SEP 1      0                         0      0        0
  SINCE JUL 1      0                         0      0        0

 COOLING
  YESTERDAY       17                        18     -1       19
  MONTH TO DATE  246                       244      2      242
  SINCE SEP 1    246                       244      2      242
  SINCE JAN 1   3766                      3433    333     3562
..................................................................


WIND (MPH)
  HIGHEST WIND SPEED    29   HIGHEST WIND DIRECTION     S (180)
  HIGHEST GUST SPEED    37   HIGHEST GUST DIRECTION     S (180)
  AVERAGE WIND SPEED    11.2


SKY COVER
  POSSIBLE SUNSHINE  MM
  AVERAGE SKY COVER 0.2


WEATHER CONDITIONS
 THE FOLLOWING WEATHER WAS RECORDED YESTERDAY.
  THUNDERSTORM
  HEAVY RAIN
  RAIN
  LIGHT RAIN
  FOG
  HAZE


RELATIVE HUMIDITY (PERCENT)
 HIGHEST    85
 LOWEST     65
 AVERAGE    75

..........................................................


THE KEY WEST CLIMATE NORMALS FOR TODAY
                         NORMAL    RECORD    YEAR
 MAXIMUM TEMPERATURE (F)   88        95      1872
 MINIMUM TEMPERATURE (F)   79        70      1901


SUNRISE AND SUNSET
SEPTEMBER 14 2014.....SUNRISE   713 AM EDT   SUNSET   732 PM EDT
SEPTEMBER 15 2014.....SUNRISE   713 AM EDT   SUNSET   731 PM EDT


-  INDICATES NEGATIVE NUMBERS.
R  INDICATES RECORD WAS SET OR TIED.
MM INDICATES DATA IS MISSING.
T  INDICATES TRACE AMOUNT.




$$
