000
CDUS42 KKEY 112148
CLIEYW


CLIMATE REPORT
NATIONAL WEATHER SERVICE KEY WEST, FL
447 PM EST WED JAN 11 2017

...................................

...THE KEY WEST CLIMATE SUMMARY FOR JANUARY 11 2017...
VALID TODAY AS OF 0400 PM LOCAL TIME.

CLIMATE NORMAL PERIOD 1981 TO 2010
CLIMATE RECORD PERIOD 1871 TO 2017

WEATHER ITEM   OBSERVED TIME   RECORD YEAR NORMAL DEPARTURE LAST
               VALUE    (LST)  VALUE       VALUE  FROM      YEAR
                                                  NORMAL
..................................................................
TEMPERATURE (F)
 TODAY
  MAXIMUM         77    322 PM  83    1993  74      3       72
                                      1991
                                      1925
  MINIMUM         66    746 AM  42    2010  64      2       66
  AVERAGE         72                        69      3       69

PRECIPITATION (IN)
  TODAY            T             1.88 1973   0.07  -0.07     0.01
  MONTH TO DATE    0.23                      0.69  -0.46     0.97
  SINCE DEC 1      1.97                      2.91  -0.94     5.55
  SINCE JAN 1      0.23                      0.69  -0.46     0.97

SNOWFALL (IN)
  TODAY            0.0
  MONTH TO DATE    0.0
  SINCE DEC 1      0.0
  SINCE JUL 1      0.0
  SNOW DEPTH       0

DEGREE DAYS
 HEATING
  TODAY            0                         1     -1        0
  MONTH TO DATE    3                        11     -8        0
  SINCE DEC 1      3                        28    -25        0
  SINCE JUL 1      3                        29    -26        0

 COOLING
  TODAY            7                         5      2        4
  MONTH TO DATE   93                        57     36       99
  SINCE DEC 1    486                       274    212      498
  SINCE JAN 1     93                        57     36       99
..................................................................


WIND (MPH)
  HIGHEST WIND SPEED    18   HIGHEST WIND DIRECTION     E (90)
  HIGHEST GUST SPEED    24   HIGHEST GUST DIRECTION    NE (60)
  AVERAGE WIND SPEED    10.6


SKY COVER
  POSSIBLE SUNSHINE  MM
  AVERAGE SKY COVER 0.9


WEATHER CONDITIONS
 THE FOLLOWING WEATHER WAS RECORDED TODAY.
  NO SIGNIFICANT WEATHER WAS OBSERVED.


RELATIVE HUMIDITY (PERCENT)
 HIGHEST    87
 LOWEST     68
 AVERAGE    78

..........................................................


THE KEY WEST CLIMATE NORMALS FOR TOMORROW
                         NORMAL    RECORD    YEAR
 MAXIMUM TEMPERATURE (F)   74        84      1993
 MINIMUM TEMPERATURE (F)   64        41      1886


SUNRISE AND SUNSET
JANUARY 11 2017.......SUNRISE   713 AM EST   SUNSET   557 PM EST
JANUARY 12 2017.......SUNRISE   713 AM EST   SUNSET   558 PM EST


-  INDICATES NEGATIVE NUMBERS.
R  INDICATES RECORD WAS SET OR TIED.
MM INDICATES DATA IS MISSING.
T  INDICATES TRACE AMOUNT.




$$
