000
CDUS42 KKEY 122108
CLIEYW

CLIMATE REPORT
NATIONAL WEATHER SERVICE KEY WEST, FL
507 PM EDT SAT APR 12 2014


...................................

...THE KEY WEST CLIMATE SUMMARY FOR APRIL 12 2014...
VALID TODAY AS OF 0500 PM LOCAL TIME.

CLIMATE NORMAL PERIOD 1981 TO 2010
CLIMATE RECORD PERIOD 1871 TO 2014


WEATHER ITEM   OBSERVED TIME   RECORD YEAR NORMAL DEPARTURE LAST
                VALUE   (LST)  VALUE       VALUE  FROM      YEAR
                                                  NORMAL
..................................................................
TEMPERATURE (F)
 TODAY
  MAXIMUM         82    246 PM  90    1957  81      1       84
  MINIMUM         73    654 AM  62    1993  71      2       79
                                      1987
  AVERAGE         78                        76      2       82

PRECIPITATION (IN)
  TODAY            0.00          6.19 1985   0.07  -0.07     0.00
  MONTH TO DATE    0.47                      0.81  -0.34     1.43
  SINCE MAR 1      4.25                      2.86   1.39     3.63
  SINCE JAN 1     11.85                      6.39   5.46     5.17

SNOWFALL (IN)
  TODAY            0.0
  MONTH TO DATE    0.0
  SINCE MAR 1      0.0
  SINCE JUL 1      0.0
  SNOW DEPTH       0

DEGREE DAYS
 HEATING
  TODAY            0                         0      0        0
  MONTH TO DATE    0                         0      0        0
  SINCE MAR 1      0                         7     -7       16
  SINCE JUL 1     22                        73    -51       28

 COOLING
  TODAY           13                        11      2       17
  MONTH TO DATE  138                       125     13      152
  SINCE MAR 1    415                       387     28      314
  SINCE JAN 1    841                       735    106      848
..................................................................


WIND (MPH)
  HIGHEST WIND SPEED    20   HIGHEST WIND DIRECTION     E (100)
  HIGHEST GUST SPEED    24   HIGHEST GUST DIRECTION     E (100)
  AVERAGE WIND SPEED    10.1


SKY COVER
  POSSIBLE SUNSHINE  MM
  AVERAGE SKY COVER 0.2


WEATHER CONDITIONS
 THE FOLLOWING WEATHER WAS RECORDED TODAY.
  NO SIGNIFICANT WEATHER WAS OBSERVED.


RELATIVE HUMIDITY (PERCENT)
 HIGHEST    87
 LOWEST     58
 AVERAGE    73

..........................................................


THE KEY WEST CLIMATE NORMALS FOR TOMORROW
                         NORMAL    RECORD    YEAR
 MAXIMUM TEMPERATURE (F)   81        88      1926
 MINIMUM TEMPERATURE (F)   71        60      1940


SUNRISE AND SUNSET
APRIL 12 2014.........SUNRISE   708 AM EDT   SUNSET   748 PM EDT
APRIL 13 2014.........SUNRISE   707 AM EDT   SUNSET   748 PM EDT


-  INDICATES NEGATIVE NUMBERS.
R  INDICATES RECORD WAS SET OR TIED.
MM INDICATES DATA IS MISSING.
T  INDICATES TRACE AMOUNT.




$$
