319
CDUS42 KKEY 132118
CLIEYW


CLIMATE REPORT
NATIONAL WEATHER SERVICE KEY WEST, FL
418 PM EST SAT JAN 13 2018


...................................

...THE KEY WEST CLIMATE SUMMARY FOR JANUARY 13 2018...
VALID TODAY AS OF 0400 PM LOCAL TIME.

CLIMATE NORMAL PERIOD 1981 TO 2010
CLIMATE RECORD PERIOD 1871 TO 2018


WEATHER ITEM   OBSERVED TIME   RECORD YEAR NORMAL DEPARTURE LAST
                VALUE   (LST)  VALUE       VALUE  FROM      YEAR
                                                  NORMAL
..................................................................
TEMPERATURE (F)
 TODAY
  MAXIMUM         74    240 PM  86    1877  74      0       80
  MINIMUM         67    735 AM  41    1981  64      3       69
  AVERAGE         71                        69      2       75

PRECIPITATION (IN)
  TODAY            0.00          1.47 1993   0.07  -0.07     0.05
  MONTH TO DATE    0.75                      0.83  -0.08     0.30
  SINCE DEC 1      2.03                      3.05  -1.02     2.04
  SINCE JAN 1      0.75                      0.83  -0.08     0.30

SNOWFALL (IN)
  TODAY            0.0
  MONTH TO DATE    0.0
  SINCE DEC 1      0.0
  SINCE JUL 1      0.0
  SNOW DEPTH       0

DEGREE DAYS
 HEATING
  TODAY            0                         1     -1        0
  MONTH TO DATE   16                        13      3        3
  SINCE DEC 1     25                        30     -5        3
  SINCE JUL 1     25                        31     -6        3

 COOLING
  TODAY            6                         5      1       10
  MONTH TO DATE   47                        67    -20      112
  SINCE DEC 1    307                       284     23      505
  SINCE JAN 1     47                        67    -20      112
..................................................................


WIND (MPH)
  HIGHEST WIND SPEED    18   HIGHEST WIND DIRECTION    NW (320)
  HIGHEST GUST SPEED    23   HIGHEST GUST DIRECTION     N (340)
  AVERAGE WIND SPEED     9.1


SKY COVER
  POSSIBLE SUNSHINE  MM
  AVERAGE SKY COVER 0.4


WEATHER CONDITIONS
 THE FOLLOWING WEATHER WAS RECORDED TODAY.
  FOG


RELATIVE HUMIDITY (PERCENT)
 HIGHEST    93
 LOWEST     61
 AVERAGE    77

..........................................................


THE KEY WEST CLIMATE NORMALS FOR TOMORROW
                         NORMAL    RECORD    YEAR
 MAXIMUM TEMPERATURE (F)   74        84      1881
                                             1877
 MINIMUM TEMPERATURE (F)   64        47      1981


SUNRISE AND SUNSET
JANUARY 13 2018.......SUNRISE   713 AM EST   SUNSET   559 PM EST
JANUARY 14 2018.......SUNRISE   713 AM EST   SUNSET   559 PM EST


-  INDICATES NEGATIVE NUMBERS.
R  INDICATES RECORD WAS SET OR TIED.
MM INDICATES DATA IS MISSING.
T  INDICATES TRACE AMOUNT.




$$
