000
CDUS42 KKEY 170536
CLIEYW

CLIMATE REPORT
NATIONAL WEATHER SERVICE KEY WEST FL
140 AM EDT FRI OCT 17 2014

...................................

...THE KEY WEST CLIMATE SUMMARY FOR OCTOBER 16 2014...

CLIMATE NORMAL PERIOD 1981 TO 2010
CLIMATE RECORD PERIOD 1871 TO 2014

WEATHER ITEM   OBSERVED TIME   RECORD YEAR NORMAL DEPARTURE LAST
                VALUE   (LST)  VALUE       VALUE  FROM      YEAR
                                                  NORMAL
..................................................................
TEMPERATURE (F)
 YESTERDAY
  MAXIMUM         85    114 PM  91    2009  85      0       86
  MINIMUM         77   1159 PM  66    1889  76      1       77
  AVERAGE         81                        80      1       82

PRECIPITATION (IN)
  YESTERDAY        T             2.40 1898   0.15  -0.15     0.00
  MONTH TO DATE    1.38                      2.90  -1.52     0.92
  SINCE SEP 1      6.80                      9.61  -2.81     5.72
  SINCE JAN 1     28.94                     33.28  -4.34    41.23

SNOWFALL (IN)
  YESTERDAY        0.0
  MONTH TO DATE    0.0
  SINCE SEP 1      0.0
  SINCE JUL 1      0.0
  SNOW DEPTH       0

DEGREE DAYS
 HEATING
  YESTERDAY        0                         0      0        0
  MONTH TO DATE    0                         0      0        0
  SINCE SEP 1      0                         0      0        0
  SINCE JUL 1      0                         0      0        0

 COOLING
  YESTERDAY       16                        15      1       17
  MONTH TO DATE  296                       261     35      279
  SINCE SEP 1    863                       807     56      821
  SINCE JAN 1   4383                      3996    387     4141
..................................................................

WIND (MPH)
  HIGHEST WIND SPEED    16   HIGHEST WIND DIRECTION     N (340)
  HIGHEST GUST SPEED    21   HIGHEST GUST DIRECTION     N (340)
  AVERAGE WIND SPEED     9.0

SKY COVER
  POSSIBLE SUNSHINE  MM
  AVERAGE SKY COVER 0.4

WEATHER CONDITIONS
 THE FOLLOWING WEATHER WAS RECORDED YESTERDAY.
  LIGHT RAIN

RELATIVE HUMIDITY (PERCENT)
 HIGHEST    85
 LOWEST     61
 AVERAGE    73
..........................................................

THE KEY WEST CLIMATE NORMALS FOR TODAY
                         NORMAL    RECORD    YEAR
 MAXIMUM TEMPERATURE (F)   84        89      2009
                                             2007
                                             1930
 MINIMUM TEMPERATURE (F)   76        67      1977
                                             1955
                                             1889

SUNRISE AND SUNSET
OCTOBER 17 2014.......SUNRISE   726 AM EDT   SUNSET   658 PM EDT
OCTOBER 18 2014.......SUNRISE   726 AM EDT   SUNSET   658 PM EDT

-  INDICATES NEGATIVE NUMBERS.
R  INDICATES RECORD WAS SET OR TIED.
MM INDICATES DATA IS MISSING.
T  INDICATES TRACE AMOUNT.

$$
BS
