000
CDUS42 KKEY 230529
CLIEYW

CLIMATE REPORT
NATIONAL WEATHER SERVICE KEY WEST, FL
127 AM EDT SAT APR 23 2016

...................................

...THE KEY WEST CLIMATE SUMMARY FOR APRIL 22 2016...

CLIMATE NORMAL PERIOD 1981 TO 2010
CLIMATE RECORD PERIOD 1871 TO 2016


WEATHER ITEM   OBSERVED TIME   RECORD YEAR NORMAL DEPARTURE LAST
                VALUE   (LST)  VALUE       VALUE  FROM      YEAR
                                                  NORMAL
..................................................................
TEMPERATURE (F)
 YESTERDAY
  MAXIMUM         81    247 PM  88    1937  82     -1       87
                                      1908
                                      1882
  MINIMUM         72    637 AM  62    1940  72      0       72
  AVERAGE         77                        77      0       80

PRECIPITATION (IN)
  YESTERDAY        0.04          1.83 1875   0.08  -0.04     0.26
  MONTH TO DATE    1.40                      1.57  -0.17     0.37
  SINCE MAR 1      1.70                      3.62  -1.92     1.85
  SINCE JAN 1      8.78                      7.15   1.63     5.08

SNOWFALL (IN)
  YESTERDAY        0.0
  MONTH TO DATE    0.0
  SINCE MAR 1      0.0
  SINCE JUL 1      0.0
  SNOW DEPTH       0

DEGREE DAYS
 HEATING
  YESTERDAY        0                         0      0        0
  MONTH TO DATE    0                         0      0        0
  SINCE MAR 1      0                         7     -7        0
  SINCE JUL 1     24                        73    -49       27

 COOLING
  YESTERDAY       12                        12      0       15
  MONTH TO DATE  257                       241     16      336
  SINCE MAR 1    582                       503     79      708
  SINCE JAN 1    910                       851     59     1066
..................................................................


WIND (MPH)
  HIGHEST WIND SPEED    20   HIGHEST WIND DIRECTION     S (160)
  HIGHEST GUST SPEED    26   HIGHEST GUST DIRECTION    SE (120)
  AVERAGE WIND SPEED    10.9


SKY COVER
  POSSIBLE SUNSHINE  MM
  AVERAGE SKY COVER 0.3


WEATHER CONDITIONS
 THE FOLLOWING WEATHER WAS RECORDED YESTERDAY.
  LIGHT RAIN


RELATIVE HUMIDITY (PERCENT)
 HIGHEST   100
 LOWEST     74
 AVERAGE    87

..........................................................


THE KEY WEST CLIMATE NORMALS FOR TODAY
                         NORMAL    RECORD    YEAR
 MAXIMUM TEMPERATURE (F)   82        89      1874
 MINIMUM TEMPERATURE (F)   73        62      1940


SUNRISE AND SUNSET
APRIL 23 2016.........SUNRISE   658 AM EDT   SUNSET   753 PM EDT
APRIL 24 2016.........SUNRISE   657 AM EDT   SUNSET   753 PM EDT


-  INDICATES NEGATIVE NUMBERS.
R  INDICATES RECORD WAS SET OR TIED.
MM INDICATES DATA IS MISSING.
T  INDICATES TRACE AMOUNT.

$$

APA
