000
CDUS42 KKEY 160527
CLIEYW

CLIMATE REPORT
NATIONAL WEATHER SERVICE KEY WEST, FL
126 AM EDT WED JUL 16 2014


...................................

...THE KEY WEST CLIMATE SUMMARY FOR JULY 15 2014...

CLIMATE NORMAL PERIOD 1981 TO 2010
CLIMATE RECORD PERIOD 1871 TO 2014


WEATHER ITEM   OBSERVED TIME   RECORD YEAR NORMAL DEPARTURE LAST
                VALUE   (LST)  VALUE       VALUE  FROM      YEAR
                                                  NORMAL
..................................................................
TEMPERATURE (F)
 YESTERDAY
  MAXIMUM         88   1221 PM  94    1951  89     -1       86
                                      1880
  MINIMUM         81    309 PM  71    1926  80      1       78
  AVERAGE         85                        85      0       82

PRECIPITATION (IN)
  YESTERDAY        0.01          1.89 1922   0.11  -0.10      T
  MONTH TO DATE    0.24                      1.74  -1.50     4.32
  SINCE JUN 1      2.62                      5.85  -3.23    12.86
  SINCE JAN 1     15.47                     16.48  -1.01    27.65

SNOWFALL (IN)
  YESTERDAY        0.0
  MONTH TO DATE    0.0
  SINCE JUN 1      0.0
  SINCE JUL 1      0.0
  SNOW DEPTH       0

DEGREE DAYS
 HEATING
  YESTERDAY        0                         0      0        0
  MONTH TO DATE    0                         0      0        0
  SINCE JUN 1      0                         0      0        0
  SINCE JUL 1      0                         0      0        0

 COOLING
  YESTERDAY       20                        20      0       17
  MONTH TO DATE  322                       288     34      262
  SINCE JUN 1    880                       837     43      820
  SINCE JAN 1   2502                      2267    235     2449
..................................................................


WIND (MPH)
  HIGHEST WIND SPEED    13   HIGHEST WIND DIRECTION    NW (300)
  HIGHEST GUST SPEED    17   HIGHEST GUST DIRECTION    NW (300)
  AVERAGE WIND SPEED     5.3


SKY COVER
  POSSIBLE SUNSHINE  MM
  AVERAGE SKY COVER 0.1


WEATHER CONDITIONS
 THE FOLLOWING WEATHER WAS RECORDED YESTERDAY.
  THUNDERSTORM
  LIGHT RAIN


RELATIVE HUMIDITY (PERCENT)
 HIGHEST    79
 LOWEST     63
 AVERAGE    71

..........................................................


THE KEY WEST CLIMATE NORMALS FOR TODAY
                         NORMAL    RECORD    YEAR
 MAXIMUM TEMPERATURE (F)   89        94      1991
                                             1956
                                             1883
 MINIMUM TEMPERATURE (F)   80        68      1888


SUNRISE AND SUNSET
JULY 16 2014..........SUNRISE   648 AM EDT   SUNSET   818 PM EDT
JULY 17 2014..........SUNRISE   648 AM EDT   SUNSET   818 PM EDT


-  INDICATES NEGATIVE NUMBERS.
R  INDICATES RECORD WAS SET OR TIED.
MM INDICATES DATA IS MISSING.
T  INDICATES TRACE AMOUNT.




$$
