000
CDUS42 KKEY 032034
CLIEYW

CLIMATE REPORT
NATIONAL WEATHER SERVICE KEY WEST, FL
427 PM EDT THU APR 3 2014


...................................

...THE KEY WEST CLIMATE SUMMARY FOR APRIL 3 2014...
VALID TODAY AS OF 0400 PM LOCAL TIME.

CLIMATE NORMAL PERIOD 1981 TO 2010
CLIMATE RECORD PERIOD 1871 TO 2014


WEATHER ITEM   OBSERVED TIME   RECORD YEAR NORMAL DEPARTURE LAST
                VALUE   (LST)  VALUE       VALUE  FROM      YEAR
                                                  NORMAL
..................................................................
TEMPERATURE (F)
 TODAY
  MAXIMUM         81    238 PM  87    1975  80      1       82
  MINIMUM         73    655 AM  56    1915  70      3       73
  AVERAGE         77                        75      2       78

PRECIPITATION (IN)
  TODAY            0.00          1.27 1958   0.08  -0.08     0.00
  MONTH TO DATE    0.00                      0.22  -0.22     0.00
  SINCE MAR 1      3.78                      2.27   1.51     2.20
  SINCE JAN 1     11.38                      5.80   5.58     3.74

SNOWFALL (IN)
  TODAY            0.0
  MONTH TO DATE    0.0
  SINCE MAR 1      0.0
  SINCE JUL 1      0.0
  SNOW DEPTH       0

DEGREE DAYS
 HEATING
  TODAY            0                         0      0        0
  MONTH TO DATE    0                         0      0        0
  SINCE MAR 1      0                         7     -7       16
  SINCE JUL 1     22                        73    -51       28

 COOLING
  TODAY           12                        10      2       13
  MONTH TO DATE   34                        30      4       37
  SINCE MAR 1    311                       292     19      199
  SINCE JAN 1    737                       640     97      733
..................................................................


WIND (MPH)
  HIGHEST WIND SPEED    21   HIGHEST WIND DIRECTION     E (110)
  HIGHEST GUST SPEED    25   HIGHEST GUST DIRECTION     E (110)
  AVERAGE WIND SPEED    14.7


SKY COVER
  POSSIBLE SUNSHINE  MM
  AVERAGE SKY COVER 0.5


WEATHER CONDITIONS
 THE FOLLOWING WEATHER WAS RECORDED TODAY.
  NO SIGNIFICANT WEATHER WAS OBSERVED.


RELATIVE HUMIDITY (PERCENT)
 HIGHEST    68
 LOWEST     58
 AVERAGE    63

..........................................................


THE KEY WEST CLIMATE NORMALS FOR TOMORROW
                         NORMAL    RECORD    YEAR
 MAXIMUM TEMPERATURE (F)   80        90      1877
 MINIMUM TEMPERATURE (F)   70        55      2005


SUNRISE AND SUNSET
APRIL  3 2014.........SUNRISE   717 AM EDT   SUNSET   744 PM EDT
APRIL  4 2014.........SUNRISE   716 AM EDT   SUNSET   744 PM EDT


-  INDICATES NEGATIVE NUMBERS.
R  INDICATES RECORD WAS SET OR TIED.
MM INDICATES DATA IS MISSING.
T  INDICATES TRACE AMOUNT.




$$
