000
CDUS42 KKEY 140545
CLIEYW


CLIMATE REPORT
NATIONAL WEATHER SERVICE KEY WEST, FL
145 AM EDT THU SEP 14 2017


...................................

...THE KEY WEST CLIMATE SUMMARY FOR SEPTEMBER 13 2017...

CLIMATE NORMAL PERIOD 1981 TO 2010
CLIMATE RECORD PERIOD 1871 TO 2017


WEATHER ITEM   OBSERVED TIME   RECORD YEAR NORMAL DEPARTURE LAST
                VALUE   (LST)  VALUE       VALUE  FROM      YEAR
                                                  NORMAL
..................................................................
TEMPERATURE (F)
 YESTERDAY
  MAXIMUM         MM        MM  93    1876  88     MM       87
  MINIMUM         MM        MM  71    1958  79     MM       81
                                      1954
                                      1890
  AVERAGE         MM                        83     MM       84

PRECIPITATION (IN)
  YESTERDAY       MM             4.00 1958   0.21  MM         T
  MONTH TO DATE    4.18                      2.82   1.36     3.89
  SINCE SEP 1      4.18                      2.82   1.36     3.89
  SINCE JAN 1     24.42                     26.49  -2.07    29.23

SNOWFALL (IN)
  YESTERDAY       MM
  MONTH TO DATE    0.0
  SINCE SEP 1      0.0
  SINCE JUL 1      0.0
  SNOW DEPTH      MM

DEGREE DAYS
 HEATING
  YESTERDAY       MM                         0     MM        0
  MONTH TO DATE    0                         0      0        0
  SINCE SEP 1      0                         0      0        0
  SINCE JUL 1      0                         0      0        0

 COOLING
  YESTERDAY       MM                        18     MM       19
  MONTH TO DATE  188                       244    -56      249
  SINCE SEP 1    188                       244    -56      249
  SINCE JAN 1   3819                      3433    386     3556
..................................................................


WIND (MPH)
  HIGHEST WIND SPEED    MM   HIGHEST WIND DIRECTION    MM
  HIGHEST GUST SPEED    MM   HIGHEST GUST DIRECTION    MM
  AVERAGE WIND SPEED    MM


SKY COVER
  POSSIBLE SUNSHINE  MM
  AVERAGE SKY COVER  MM


WEATHER CONDITIONS
 THE FOLLOWING WEATHER WAS RECORDED YESTERDAY.
  NO SIGNIFICANT WEATHER WAS OBSERVED.


RELATIVE HUMIDITY (PERCENT)
 HIGHEST    MM
 LOWEST     MM
 AVERAGE    MM

..........................................................


THE KEY WEST CLIMATE NORMALS FOR TODAY
                         NORMAL    RECORD    YEAR
 MAXIMUM TEMPERATURE (F)   88        95      1872
 MINIMUM TEMPERATURE (F)   79        70      1901


SUNRISE AND SUNSET
SEPTEMBER 14 2017.....SUNRISE   713 AM EDT   SUNSET   732 PM EDT
SEPTEMBER 15 2017.....SUNRISE   713 AM EDT   SUNSET   730 PM EDT


-  INDICATES NEGATIVE NUMBERS.
R  INDICATES RECORD WAS SET OR TIED.
MM INDICATES DATA IS MISSING.
T  INDICATES TRACE AMOUNT.




$$
