000
CDUS42 KKEY 210554
CLIEYW

CLIMATE REPORT
NATIONAL WEATHER SERVICE KEY WEST FL
155 AM EDT SAT MAY 21 2016

...................................

...THE KEY WEST CLIMATE SUMMARY FOR MAY 20 2016...

CLIMATE NORMAL PERIOD 1981 TO 2010
CLIMATE RECORD PERIOD 1871 TO 2016

WEATHER ITEM   OBSERVED TIME   RECORD YEAR NORMAL DEPARTURE LAST
                VALUE   (LST)  VALUE       VALUE  FROM      YEAR
                                                  NORMAL
..................................................................
TEMPERATURE (F)
 YESTERDAY
  MAXIMUM         84    333 PM  91    1886  86     -2       89
                                      1884
  MINIMUM         78    557 AM  67    2006  76      2       77
  AVERAGE         81                        81      0       83

PRECIPITATION (IN)
  YESTERDAY        0.00          3.83 1932   0.11  -0.11     0.00
  MONTH TO DATE    2.15                      1.56   0.59     1.07
  SINCE MAR 1      3.85                      5.66  -1.81     9.15
  SINCE JAN 1     10.93                      9.19   1.74    12.38

SNOWFALL (IN)
  YESTERDAY        0.0
  MONTH TO DATE    0.0
  SINCE MAR 1      0.0
  SINCE JUL 1      0.0
  SNOW DEPTH       0

DEGREE DAYS
 HEATING
  YESTERDAY        0                         0      0        0
  MONTH TO DATE    0                         0      0        0
  SINCE MAR 1      0                         7     -7        0
  SINCE JUL 1     24                        73    -49       27

 COOLING
  YESTERDAY       16                        16      0       18
  MONTH TO DATE  285                       294     -9      315
  SINCE MAR 1    978                       900     78     1159
  SINCE JAN 1   1306                      1248     58     1517
..................................................................

WIND (MPH)
  HIGHEST WIND SPEED    13   HIGHEST WIND DIRECTION    SE (140)
  HIGHEST GUST SPEED    17   HIGHEST GUST DIRECTION     S (160)
  AVERAGE WIND SPEED     8.7

SKY COVER
  POSSIBLE SUNSHINE  MM
  AVERAGE SKY COVER 0.1

WEATHER CONDITIONS
 THE FOLLOWING WEATHER WAS RECORDED YESTERDAY.
  NO SIGNIFICANT WEATHER WAS OBSERVED.

RELATIVE HUMIDITY (PERCENT)
 HIGHEST   100
 LOWEST     85
 AVERAGE    93
..........................................................

THE KEY WEST CLIMATE NORMALS FOR TODAY
                         NORMAL    RECORD    YEAR
 MAXIMUM TEMPERATURE (F)   86        91      1935
 MINIMUM TEMPERATURE (F)   76        68      1901

SUNRISE AND SUNSET
MAY 21 2016...........SUNRISE   641 AM EDT   SUNSET   807 PM EDT
MAY 22 2016...........SUNRISE   640 AM EDT   SUNSET   807 PM EDT

-  INDICATES NEGATIVE NUMBERS.
R  INDICATES RECORD WAS SET OR TIED.
MM INDICATES DATA IS MISSING.
T  INDICATES TRACE AMOUNT.

$$
BS
