000
CDUS42 KKEY 260552
CLIEYW

CLIMATE REPORT
NATIONAL WEATHER SERVICE KEY WEST, FL
1249 AM EST THU FEB 26 2015

...................................

...THE KEY WEST CLIMATE SUMMARY FOR FEBRUARY 25 2015...

CLIMATE NORMAL PERIOD 1981 TO 2010
CLIMATE RECORD PERIOD 1871 TO 2015


WEATHER ITEM   OBSERVED TIME   RECORD YEAR NORMAL DEPARTURE LAST
                VALUE   (LST)  VALUE       VALUE  FROM      YEAR
                                                  NORMAL
..................................................................
TEMPERATURE (F)
 YESTERDAY
  MAXIMUM         80    229 PM  87    1874  77      3       82
  MINIMUM         65   1213 AM  51    1989  67     -2       71
  AVERAGE         73                        72      1       77

PRECIPITATION (IN)
  YESTERDAY        0.00          1.92 2004   0.06  -0.06     0.00
  MONTH TO DATE    2.15                      1.30   0.85     0.75
  SINCE DEC 1      5.43                      5.56  -0.13     8.52
  SINCE JAN 1      3.18                      3.34  -0.16     7.43

SNOWFALL (IN)
  YESTERDAY        0.0
  MONTH TO DATE    0.0
  SINCE DEC 1      0.0
  SINCE JUL 1      0.0
  SNOW DEPTH       0

DEGREE DAYS
 HEATING
  YESTERDAY        0                         0      0        0
  MONTH TO DATE   21                        19      2        0
  SINCE DEC 1     26                        69    -43       22
  SINCE JUL 1     27                        70    -43       22

 COOLING
  YESTERDAY        8                         7      1       12
  MONTH TO DATE   99                       162    -63      246
  SINCE DEC 1    583                       544     39      743
  SINCE JAN 1    330                       327      3      403
..................................................................


WIND (MPH)
  HIGHEST WIND SPEED    15   HIGHEST WIND DIRECTION     S (200)
  HIGHEST GUST SPEED    20   HIGHEST GUST DIRECTION     S (170)
  AVERAGE WIND SPEED     6.7


SKY COVER
  POSSIBLE SUNSHINE  MM
  AVERAGE SKY COVER 0.4


WEATHER CONDITIONS
 THE FOLLOWING WEATHER WAS RECORDED YESTERDAY.
  FOG
  FOG W/VISIBILITY <= 1/4 MILE
  HAZE


RELATIVE HUMIDITY (PERCENT)
 HIGHEST   100
 LOWEST     79
 AVERAGE    90

..........................................................


THE KEY WEST CLIMATE NORMALS FOR TODAY
                         NORMAL    RECORD    YEAR
 MAXIMUM TEMPERATURE (F)   77        85      1991
 MINIMUM TEMPERATURE (F)   67        49      1967


SUNRISE AND SUNSET
FEBRUARY 26 2015......SUNRISE   652 AM EST   SUNSET   628 PM EST
FEBRUARY 27 2015......SUNRISE   651 AM EST   SUNSET   628 PM EST


-  INDICATES NEGATIVE NUMBERS.
R  INDICATES RECORD WAS SET OR TIED.
MM INDICATES DATA IS MISSING.
T  INDICATES TRACE AMOUNT.

$$
APA
