000
CDUS42 KKEY 280536
CLIEYW

CLIMATE REPORT
NATIONAL WEATHER SERVICE KEY WEST, FL
135 AM EDT SUN JUN 28 2015

...................................

...THE KEY WEST CLIMATE SUMMARY FOR JUNE 27 2015...

CLIMATE NORMAL PERIOD 1981 TO 2010
CLIMATE RECORD PERIOD 1871 TO 2015

WEATHER ITEM   OBSERVED TIME   RECORD YEAR NORMAL DEPARTURE LAST
               VALUE    (LST)  VALUE       VALUE  FROM      YEAR
                                                  NORMAL
..................................................................
TEMPERATURE (F)
 YESTERDAY
  MAXIMUM         88    544 PM  94    1883  89     -1       90
  MINIMUM         83    634 AM  69    1942  79      4       77
  AVERAGE         86                        84      2       84

PRECIPITATION (IN)
  YESTERDAY        0.00          3.30 1961   0.13  -0.13     0.02
  MONTH TO DATE    2.64                      3.70  -1.06     1.85
  SINCE JUN 1      2.64                      3.70  -1.06     1.85
  SINCE JAN 1     15.07                     14.33   0.74    14.70

SNOWFALL (IN)
  YESTERDAY        0.0
  MONTH TO DATE    0.0
  SINCE JUN 1      0.0
  SINCE JUL 1      0.0
  SNOW DEPTH       0

DEGREE DAYS
 HEATING
  YESTERDAY        0                         0      0        0
  MONTH TO DATE    0                         0      0        0
  SINCE JUN 1      0                         0      0        0
  SINCE JUL 1     27                        73    -46       22

 COOLING
  YESTERDAY       21                        19      2       19
  MONTH TO DATE  503                       493     10      499
  SINCE JUN 1    503                       493     10      499
  SINCE JAN 1   2220                      1923    297     2121
..................................................................

WIND (MPH)
  HIGHEST WIND SPEED     9   HIGHEST WIND DIRECTION    SW (230)
  HIGHEST GUST SPEED    14   HIGHEST GUST DIRECTION     W (260)
  AVERAGE WIND SPEED     5.8

SKY COVER
  POSSIBLE SUNSHINE  MM
  AVERAGE SKY COVER 0.1

WEATHER CONDITIONS
 THE FOLLOWING WEATHER WAS RECORDED YESTERDAY.
  NO SIGNIFICANT WEATHER WAS OBSERVED.

RELATIVE HUMIDITY (PERCENT)
 HIGHEST    85
 LOWEST     63
 AVERAGE    74

..........................................................

THE KEY WEST CLIMATE NORMALS FOR TODAY
                         NORMAL    RECORD    YEAR
 MAXIMUM TEMPERATURE (F)   89        94      1950
 MINIMUM TEMPERATURE (F)   79        68      1961

SUNRISE AND SUNSET
JUNE 28 2015..........SUNRISE   641 AM EDT   SUNSET   820 PM EDT
JUNE 29 2015..........SUNRISE   641 AM EDT   SUNSET   820 PM EDT

-  INDICATES NEGATIVE NUMBERS.
R  INDICATES RECORD WAS SET OR TIED.
MM INDICATES DATA IS MISSING.
T  INDICATES TRACE AMOUNT.

$$
