000
CDUS42 KKEY 260543
CLIEYW

CLIMATE REPORT
NATIONAL WEATHER SERVICE KEY WEST, FL
139 AM EDT TUE AUG 26 2014

...................................

...THE KEY WEST CLIMATE SUMMARY FOR AUGUST 25 2014...

CLIMATE NORMAL PERIOD 1981 TO 2010
CLIMATE RECORD PERIOD 1871 TO 2014

WEATHER ITEM   OBSERVED TIME   RECORD YEAR NORMAL DEPARTURE LAST
                VALUE   (LST)  VALUE       VALUE  FROM      YEAR
                                                  NORMAL
..................................................................
TEMPERATURE (F)
 YESTERDAY
  MAXIMUM         92    438 PM  95    1956  89      3       89
  MINIMUM         83    538 AM  72    2012  79      4       82
                                      1945
                                      1909
  AVERAGE         88                        84      4       86

PRECIPITATION (IN)
  YESTERDAY        0.00          1.51 1871   0.19  -0.19     0.00
  MONTH TO DATE    2.86                      4.17  -1.31     4.21
  SINCE JUN 1      8.10                     11.83  -3.73    20.55
  SINCE JAN 1     20.95                     22.46  -1.51    35.34

SNOWFALL (IN)
  YESTERDAY        0.0
  MONTH TO DATE    0.0
  SINCE JUN 1      0.0
  SINCE JUL 1      0.0
  SNOW DEPTH       0

DEGREE DAYS
 HEATING
  YESTERDAY        0                         0      0        0
  MONTH TO DATE    0                         0      0        0
  SINCE JUN 1      0                         0      0        0
  SINCE JUL 1      0                         0      0        0

 COOLING
  YESTERDAY       23                        19      4       21
  MONTH TO DATE  545                       492     53      475
  SINCE JUN 1   1770                      1647    123     1589
  SINCE JAN 1   3392                      3077    315     3218
..................................................................


WIND (MPH)
  HIGHEST WIND SPEED    17   HIGHEST WIND DIRECTION     N (20)
  HIGHEST GUST SPEED    25   HIGHEST GUST DIRECTION     N (20)
  AVERAGE WIND SPEED     8.0


SKY COVER
  POSSIBLE SUNSHINE  MM
  AVERAGE SKY COVER 0.1


WEATHER CONDITIONS
 THE FOLLOWING WEATHER WAS RECORDED YESTERDAY.
  NO SIGNIFICANT WEATHER WAS OBSERVED.


RELATIVE HUMIDITY (PERCENT)
 HIGHEST    82
 LOWEST     64
 AVERAGE    73

..........................................................


THE KEY WEST CLIMATE NORMALS FOR TODAY
                         NORMAL    RECORD    YEAR
 MAXIMUM TEMPERATURE (F)   89        97      1956
 MINIMUM TEMPERATURE (F)   79        71      1921


SUNRISE AND SUNSET
AUGUST 26 2014........SUNRISE   706 AM EDT   SUNSET   751 PM EDT
AUGUST 27 2014........SUNRISE   706 AM EDT   SUNSET   750 PM EDT


-  INDICATES NEGATIVE NUMBERS.
R  INDICATES RECORD WAS SET OR TIED.
MM INDICATES DATA IS MISSING.
T  INDICATES TRACE AMOUNT.

$$

BWC
