000
CDUS42 KKEY 192134
CLIEYW

CLIMATE REPORT
NATIONAL WEATHER SERVICE KEY WEST, FL
428 PM EST FRI DEC 19 2014

...................................

...THE KEY WEST CLIMATE SUMMARY FOR DECEMBER 19 2014...
VALID TODAY AS OF 0400 PM LOCAL TIME.

CLIMATE NORMAL PERIOD 1981 TO 2010
CLIMATE RECORD PERIOD 1871 TO 2014

WEATHER ITEM   OBSERVED TIME   RECORD YEAR NORMAL DEPARTURE LAST
                VALUE   (LST)  VALUE       VALUE  FROM      YEAR
                                                  NORMAL
..................................................................

TEMPERATURE (F)
 TODAY
  MAXIMUM         77    300 PM  84    1956  76      1       77
                                      1922
                                      1880
  MINIMUM         64    632 AM  51    1901  66     -2       68
  AVERAGE         71                        71      0       73

PRECIPITATION (IN)
  TODAY            0.00          0.95 1905   0.07  -0.07     0.00
  MONTH TO DATE    0.01                      1.47  -1.46     0.94
  SINCE DEC 1      0.01                      1.47  -1.46     0.94
  SINCE JAN 1     34.38                     39.08  -4.70    46.54

SNOWFALL (IN)
  TODAY            0.0
  MONTH TO DATE    0.0
  SINCE DEC 1      0.0
  SINCE JUL 1      0.0
  SNOW DEPTH       0

DEGREE DAYS
 HEATING
  TODAY            0                         1     -1        0
  MONTH TO DATE    5                         3      2        0
  SINCE DEC 1      5                         3      2        0
  SINCE JUL 1      6                         4      2        0

 COOLING
  TODAY            6                         7     -1        8
  MONTH TO DATE  117                       145    -28      205
  SINCE DEC 1    117                       145    -28      205
  SINCE JAN 1   4960                      4678    282     4966

..................................................................

WIND (MPH)
  HIGHEST WIND SPEED    13   HIGHEST WIND DIRECTION     E (90)
  HIGHEST GUST SPEED    16   HIGHEST GUST DIRECTION    NE (50)
  AVERAGE WIND SPEED     8.3

SKY COVER
  POSSIBLE SUNSHINE  MM
  AVERAGE SKY COVER 0.0

WEATHER CONDITIONS
 THE FOLLOWING WEATHER WAS RECORDED TODAY.
  NO SIGNIFICANT WEATHER WAS OBSERVED.

RELATIVE HUMIDITY (PERCENT)
 HIGHEST    93
 LOWEST     60
 AVERAGE    77

..........................................................

THE KEY WEST CLIMATE NORMALS FOR TOMORROW
                         NORMAL    RECORD    YEAR
 MAXIMUM TEMPERATURE (F)   76        84      1986
 MINIMUM TEMPERATURE (F)   66        50      1981

SUNRISE AND SUNSET
DECEMBER 19 2014......SUNRISE   706 AM EST   SUNSET   543 PM EST
DECEMBER 20 2014......SUNRISE   706 AM EST   SUNSET   543 PM EST

-  INDICATES NEGATIVE NUMBERS.
R  INDICATES RECORD WAS SET OR TIED.
MM INDICATES DATA IS MISSING.
T  INDICATES TRACE AMOUNT.

$$
