000
CDUS42 KKEY 102120
CLIEYW

CLIMATE REPORT
NATIONAL WEATHER SERVICE KEY WEST, FL
416 PM EST FRI FEB 10 2017

...................................

...THE KEY WEST CLIMATE SUMMARY FOR FEBRUARY 10 2017...
VALID TODAY AS OF 0400 PM LOCAL TIME.

CLIMATE NORMAL PERIOD 1981 TO 2010
CLIMATE RECORD PERIOD 1871 TO 2017

WEATHER ITEM   OBSERVED TIME   RECORD YEAR NORMAL DEPARTURE LAST
                VALUE   (LST)  VALUE       VALUE  FROM      YEAR
                                                  NORMAL
..................................................................

TEMPERATURE (F)
 TODAY
  MAXIMUM         80    229 PM  84    1959  76      4       70
                                      1957
                                      1937
  MINIMUM         69    745 AM  49    1895  66      3       60
  AVERAGE         75                        71      4       65

PRECIPITATION (IN)
  TODAY            0.00          0.55 1908   0.04  -0.04      T
  MONTH TO DATE    0.00                      0.51  -0.51     2.84
  SINCE DEC 1      2.74                      4.77  -2.03    10.78
  SINCE JAN 1      1.00                      2.55  -1.55     6.20

SNOWFALL (IN)
  TODAY            0.0
  MONTH TO DATE    0.0
  SINCE DEC 1      0.0
  SINCE JUL 1      0.0
  SNOW DEPTH       0

DEGREE DAYS
 HEATING
  TODAY            0                         1     -1        0
  MONTH TO DATE    0                        10    -10        4
  SINCE DEC 1      5                        60    -55       17
  SINCE JUL 1      5                        61    -56       17

 COOLING
  TODAY           10                         6      4        0
  MONTH TO DATE  100                        60     40       60
  SINCE DEC 1    754                       442    312      635
  SINCE JAN 1    361                       225    136      236

..................................................................

WIND (MPH)
  HIGHEST WIND SPEED    22   HIGHEST WIND DIRECTION     E (100)
  HIGHEST GUST SPEED    29   HIGHEST GUST DIRECTION     N (360)
  AVERAGE WIND SPEED    14.3

SKY COVER
  POSSIBLE SUNSHINE  MM
  AVERAGE SKY COVER 0.0

WEATHER CONDITIONS
 THE FOLLOWING WEATHER WAS RECORDED TODAY.
  NO SIGNIFICANT WEATHER WAS OBSERVED.

RELATIVE HUMIDITY (PERCENT)
 HIGHEST    84
 LOWEST     62
 AVERAGE    73

..........................................................

THE KEY WEST CLIMATE NORMALS FOR TOMORROW
                         NORMAL    RECORD    YEAR
 MAXIMUM TEMPERATURE (F)   76        85      1875
 MINIMUM TEMPERATURE (F)   66        50      2000

SUNRISE AND SUNSET

FEBRUARY 10 2017......SUNRISE   704 AM EST   SUNSET   619 PM EST
FEBRUARY 11 2017......SUNRISE   703 AM EST   SUNSET   619 PM EST

-  INDICATES NEGATIVE NUMBERS.
R  INDICATES RECORD WAS SET OR TIED.
MM INDICATES DATA IS MISSING.
T  INDICATES TRACE AMOUNT.

$$

SC
