000
CDUS42 KKEY 102110
CLIEYW

CLIMATE REPORT
NATIONAL WEATHER SERVICE KEY WEST, FL
509 PM EDT THU APR 10 2014

...................................

...THE KEY WEST CLIMATE SUMMARY FOR APRIL 10 2014...
VALID TODAY AS OF 0500 PM LOCAL TIME.

CLIMATE NORMAL PERIOD 1981 TO 2010
CLIMATE RECORD PERIOD 1871 TO 2014

WEATHER ITEM   OBSERVED TIME   RECORD YEAR NORMAL DEPARTURE LAST
               VALUE    (LST)  VALUE       VALUE  FROM      YEAR
                                                  NORMAL
..................................................................
TEMPERATURE (F)
 TODAY
  MAXIMUM         78    259 PM  89    1933  81     -3       84
  MINIMUM         66   1235 AM  58    1916  71     -5       76
  AVERAGE         72                        76     -4       80

PRECIPITATION (IN)
  TODAY            0.00          1.28 1969   0.07  -0.07     0.00
  MONTH TO DATE    0.47                      0.68  -0.21     1.41
  SINCE MAR 1      4.25                      2.73   1.52     3.61
  SINCE JAN 1     11.85                      6.26   5.59     5.15

SNOWFALL (IN)
  TODAY            0.0
  MONTH TO DATE    0.0
  SINCE MAR 1      0.0
  SINCE JUL 1      0.0
  SNOW DEPTH       0

DEGREE DAYS
 HEATING
  TODAY            0                         0      0        0
  MONTH TO DATE    0                         0      0        0
  SINCE MAR 1      0                         7     -7       16
  SINCE JUL 1     22                        73    -51       28

 COOLING
  TODAY            7                        11     -4       15
  MONTH TO DATE  115                       103     12      119
  SINCE MAR 1    392                       365     27      281
  SINCE JAN 1    818                       713    105      815
..................................................................

WIND (MPH)
  HIGHEST WIND SPEED    22   HIGHEST WIND DIRECTION     E (90)
  HIGHEST GUST SPEED    31   HIGHEST GUST DIRECTION     E (90)
  AVERAGE WIND SPEED    12.2

SKY COVER
  POSSIBLE SUNSHINE  MM
  AVERAGE SKY COVER 0.3

WEATHER CONDITIONS
 THE FOLLOWING WEATHER WAS RECORDED TODAY.
  HAZE

RELATIVE HUMIDITY (PERCENT)
 HIGHEST    73
 LOWEST     48
 AVERAGE    61

..........................................................

THE KEY WEST CLIMATE NORMALS FOR TOMORROW
                         NORMAL    RECORD    YEAR
 MAXIMUM TEMPERATURE (F)   81        89      1933
 MINIMUM TEMPERATURE (F)   71        59      1987
                                             1899

SUNRISE AND SUNSET
APRIL 10 2014.........SUNRISE   710 AM EDT   SUNSET   747 PM EDT
APRIL 11 2014.........SUNRISE   709 AM EDT   SUNSET   747 PM EDT

-  INDICATES NEGATIVE NUMBERS.
R  INDICATES RECORD WAS SET OR TIED.
MM INDICATES DATA IS MISSING.
T  INDICATES TRACE AMOUNT.

$$
