000
CDUS42 KKEY 212048
CLIEYW

CLIMATE REPORT
NATIONAL WEATHER SERVICE KEY WEST, FL
446 PM EDT TUE JUL 21 2015


...................................

...THE KEY WEST CLIMATE SUMMARY FOR JULY 21 2015...
VALID TODAY AS OF 0400 PM LOCAL TIME.

CLIMATE NORMAL PERIOD 1981 TO 2010
CLIMATE RECORD PERIOD 1871 TO 2015


WEATHER ITEM   OBSERVED TIME   RECORD YEAR NORMAL DEPARTURE LAST
                VALUE   (LST)  VALUE       VALUE  FROM      YEAR
                                                  NORMAL
..................................................................
TEMPERATURE (F)
 TODAY
  MAXIMUM         89    135 PM  94    1881  90     -1       89
                                      1877
  MINIMUM         84    745 AM  72    1946  80      4       78
                                      1899
  AVERAGE         87                        85      2       84

PRECIPITATION (IN)
  TODAY            0.01          1.66 1997   0.11  -0.10      T
  MONTH TO DATE    0.16                      2.40  -2.24     1.94
  SINCE JUN 1      2.80                      6.51  -3.71     4.32
  SINCE JAN 1     15.23                     17.14  -1.91    17.17

SNOWFALL (IN)
  TODAY            0.0
  MONTH TO DATE    0.0
  SINCE JUN 1      0.0
  SINCE JUL 1      0.0
  SNOW DEPTH       0

DEGREE DAYS
 HEATING
  TODAY            0                         0      0        0
  MONTH TO DATE    0                         0      0        0
  SINCE JUN 1      0                         0      0        0
  SINCE JUL 1      0                         0      0        0

 COOLING
  TODAY           22                        20      2       19
  MONTH TO DATE  446                       408     38      448
  SINCE JUN 1   1017                       957     60     1006
  SINCE JAN 1   2734                      2387    347     2628
..................................................................


WIND (MPH)
  HIGHEST WIND SPEED    10   HIGHEST WIND DIRECTION    SE (150)
  HIGHEST GUST SPEED    11   HIGHEST GUST DIRECTION    SE (140)
  AVERAGE WIND SPEED     5.4


SKY COVER
  POSSIBLE SUNSHINE  MM
  AVERAGE SKY COVER 0.2


WEATHER CONDITIONS
 THE FOLLOWING WEATHER WAS RECORDED TODAY.
  LIGHT RAIN


RELATIVE HUMIDITY (PERCENT)
 HIGHEST    70
 LOWEST     63
 AVERAGE    67

..........................................................


THE KEY WEST CLIMATE NORMALS FOR TOMORROW
                         NORMAL    RECORD    YEAR
 MAXIMUM TEMPERATURE (F)   90        93      1956
                                             1881
                                             1878
 MINIMUM TEMPERATURE (F)   80        72      1950
                                             1915
                                             1901


SUNRISE AND SUNSET
JULY 21 2015..........SUNRISE   650 AM EDT   SUNSET   816 PM EDT
JULY 22 2015..........SUNRISE   651 AM EDT   SUNSET   816 PM EDT


-  INDICATES NEGATIVE NUMBERS.
R  INDICATES RECORD WAS SET OR TIED.
MM INDICATES DATA IS MISSING.
T  INDICATES TRACE AMOUNT.




$$
