000
CDUS42 KKEY 242128
CLIEYW


CLIMATE REPORT
NATIONAL WEATHER SERVICE KEY WEST, FL
428 PM EST THU NOV 24 2016


...................................

...THE KEY WEST CLIMATE SUMMARY FOR NOVEMBER 24 2016...
VALID TODAY AS OF 0400 PM LOCAL TIME.

CLIMATE NORMAL PERIOD 1981 TO 2010
CLIMATE RECORD PERIOD 1871 TO 2016


WEATHER ITEM   OBSERVED TIME   RECORD YEAR NORMAL DEPARTURE LAST
                VALUE   (LST)  VALUE       VALUE  FROM      YEAR
                                                  NORMAL
..................................................................
TEMPERATURE (F)
 TODAY
  MAXIMUM         81   1134 AM  87    1957  79      2       79
                                      1948
  MINIMUM         71    716 AM  51    1970  71      0       69
  AVERAGE         76                        75      1       74

PRECIPITATION (IN)
  TODAY            T             2.59 1977   0.07  -0.07     0.00
  MONTH TO DATE    0.03                      1.83  -1.80     2.09
  SINCE SEP 1     10.19                     13.47  -3.28     9.15
  SINCE JAN 1     35.53                     37.14  -1.61    31.66

SNOWFALL (IN)
  TODAY            0.0
  MONTH TO DATE    0.0
  SINCE SEP 1      0.0
  SINCE JUL 1      0.0
  SNOW DEPTH       0

DEGREE DAYS
 HEATING
  TODAY            0                         0      0        0
  MONTH TO DATE    0                         0      0        0
  SINCE SEP 1      0                         0      0        0
  SINCE JUL 1      0                         0      0        0

 COOLING
  TODAY           11                        10      1        9
  MONTH TO DATE  278                       270      8      380
  SINCE SEP 1   1372                      1289     83     1517
  SINCE JAN 1   4679                      4478    201     5110
..................................................................


WIND (MPH)
  HIGHEST WIND SPEED    16   HIGHEST WIND DIRECTION     E (80)
  HIGHEST GUST SPEED    23   HIGHEST GUST DIRECTION     E (70)
  AVERAGE WIND SPEED     9.1


SKY COVER
  POSSIBLE SUNSHINE  MM
  AVERAGE SKY COVER 0.4


WEATHER CONDITIONS
 THE FOLLOWING WEATHER WAS RECORDED TODAY.
  FOG


RELATIVE HUMIDITY (PERCENT)
 HIGHEST    93
 LOWEST     74
 AVERAGE    84

..........................................................


THE KEY WEST CLIMATE NORMALS FOR TOMORROW
                         NORMAL    RECORD    YEAR
 MAXIMUM TEMPERATURE (F)   79        88      1886
 MINIMUM TEMPERATURE (F)   70        50      1970


SUNRISE AND SUNSET
NOVEMBER 24 2016......SUNRISE   650 AM EST   SUNSET   538 PM EST
NOVEMBER 25 2016......SUNRISE   650 AM EST   SUNSET   538 PM EST


-  INDICATES NEGATIVE NUMBERS.
R  INDICATES RECORD WAS SET OR TIED.
MM INDICATES DATA IS MISSING.
T  INDICATES TRACE AMOUNT.




$$
