465
CDUS42 KKEY 212122
CLIEYW

CLIMATE REPORT
NATIONAL WEATHER SERVICE KEY WEST, FL
519 PM EDT TUE MAR 21 2017

...................................

...THE KEY WEST CLIMATE SUMMARY FOR MARCH 21 2017...
VALID TODAY AS OF 0500 PM LOCAL TIME.

CLIMATE NORMAL PERIOD 1981 TO 2010
CLIMATE RECORD PERIOD 1871 TO 2017

WEATHER ITEM   OBSERVED TIME   RECORD YEAR NORMAL DEPARTURE LAST
                VALUE   (LST)  VALUE       VALUE  FROM      YEAR
                                                  NORMAL
..................................................................

TEMPERATURE (F)
 TODAY
  MAXIMUM         79    215 PM  85    1994  79      0       74
                                      1982
                                      1955
  MINIMUM         65    413 AM  54    1936  69     -4       61
                                      1896
  AVERAGE         72                        74     -2       68

PRECIPITATION (IN)
  TODAY            0.00          1.53 1985   0.06  -0.06     0.07
  MONTH TO DATE    0.93                      1.48  -0.55     0.21
  SINCE MAR 1      0.93                      1.48  -0.55     0.21
  SINCE JAN 1      3.98                      5.01  -1.03     7.29

SNOWFALL (IN)
  TODAY            0.0
  MONTH TO DATE    0.0
  SINCE MAR 1      0.0
  SINCE JUL 1      0.0
  SNOW DEPTH       0

DEGREE DAYS
 HEATING
  TODAY            0                         0      0        0
  MONTH TO DATE    0                         0      0        0
  SINCE MAR 1      0                         0      0        0
  SINCE JUL 1      5                        66    -61       24

 COOLING
  TODAY            7                         9     -2        3
  MONTH TO DATE  185                       171     14      211
  SINCE MAR 1    185                       171     14      211
  SINCE JAN 1    725                       519    206      539

..................................................................

WIND (MPH)
  HIGHEST WIND SPEED    14   HIGHEST WIND DIRECTION     E (100)
  HIGHEST GUST SPEED    19   HIGHEST GUST DIRECTION     E (70)
  AVERAGE WIND SPEED     7.4

SKY COVER
  POSSIBLE SUNSHINE  MM
  AVERAGE SKY COVER 0.0

WEATHER CONDITIONS
 THE FOLLOWING WEATHER WAS RECORDED TODAY.
  NO SIGNIFICANT WEATHER WAS OBSERVED.

RELATIVE HUMIDITY (PERCENT)
 HIGHEST    81
 LOWEST     45
 AVERAGE    63

..........................................................


THE KEY WEST CLIMATE NORMALS FOR TOMORROW
                         NORMAL    RECORD    YEAR
 MAXIMUM TEMPERATURE (F)   79        87      1977
 MINIMUM TEMPERATURE (F)   69        53      1996

SUNRISE AND SUNSET

MARCH 21 2017.........SUNRISE   730 AM EDT   SUNSET   739 PM EDT
MARCH 22 2017.........SUNRISE   729 AM EDT   SUNSET   739 PM EDT

-  INDICATES NEGATIVE NUMBERS.
R  INDICATES RECORD WAS SET OR TIED.
MM INDICATES DATA IS MISSING.
T  INDICATES TRACE AMOUNT.

$$

SC
