141
CDUS42 KKEY 200537
CLIEYW

CLIMATE REPORT
NATIONAL WEATHER SERVICE KEY WEST, FL
136 AM EDT WED APR 20 2016


...................................

...THE KEY WEST CLIMATE SUMMARY FOR APRIL 19 2016...

CLIMATE NORMAL PERIOD 1981 TO 2010
CLIMATE RECORD PERIOD 1871 TO 2016


WEATHER ITEM   OBSERVED TIME   RECORD YEAR NORMAL DEPARTURE LAST
                VALUE   (LST)  VALUE       VALUE  FROM      YEAR
                                                  NORMAL
..................................................................
TEMPERATURE (F)
 YESTERDAY
  MAXIMUM         81    124 PM  89    1934  82     -1       85
  MINIMUM         71    636 AM  60    1997  72     -1       79
  AVERAGE         76                        77     -1       82

PRECIPITATION (IN)
  YESTERDAY        0.00          1.12 1939   0.08  -0.08     0.00
  MONTH TO DATE    0.30                      1.33  -1.03     0.11
  SINCE MAR 1      0.60                      3.38  -2.78     1.59
  SINCE JAN 1      7.68                      6.91   0.77     4.82

SNOWFALL (IN)
  YESTERDAY        0.0
  MONTH TO DATE    0.0
  SINCE MAR 1      0.0
  SINCE JUL 1      0.0
  SNOW DEPTH       0

DEGREE DAYS
 HEATING
  YESTERDAY        0                         0      0        0
  MONTH TO DATE    0                         0      0        0
  SINCE MAR 1      0                         7     -7        0
  SINCE JUL 1     24                        73    -49       27

 COOLING
  YESTERDAY       11                        12     -1       17
  MONTH TO DATE  223                       205     18      285
  SINCE MAR 1    548                       467     81      657
  SINCE JAN 1    876                       815     61     1015
..................................................................


WIND (MPH)
  HIGHEST WIND SPEED    20   HIGHEST WIND DIRECTION     E (90)
  HIGHEST GUST SPEED    25   HIGHEST GUST DIRECTION     E (90)
  AVERAGE WIND SPEED    11.6


SKY COVER
  POSSIBLE SUNSHINE  MM
  AVERAGE SKY COVER 0.1


WEATHER CONDITIONS
 THE FOLLOWING WEATHER WAS RECORDED YESTERDAY.
  NO SIGNIFICANT WEATHER WAS OBSERVED.


RELATIVE HUMIDITY (PERCENT)
 HIGHEST    79
 LOWEST     45
 AVERAGE    62

..........................................................


THE KEY WEST CLIMATE NORMALS FOR TODAY
                         NORMAL    RECORD    YEAR
 MAXIMUM TEMPERATURE (F)   82        89      1877
 MINIMUM TEMPERATURE (F)   72        61      1997


SUNRISE AND SUNSET
APRIL 20 2016.........SUNRISE   700 AM EDT   SUNSET   752 PM EDT
APRIL 21 2016.........SUNRISE   659 AM EDT   SUNSET   752 PM EDT


-  INDICATES NEGATIVE NUMBERS.
R  INDICATES RECORD WAS SET OR TIED.
MM INDICATES DATA IS MISSING.
T  INDICATES TRACE AMOUNT.




$$
