000
CDUS42 KKEY 182113
CLIEYW

CLIMATE REPORT
NATIONAL WEATHER SERVICE KEY WEST, FL
512 PM EDT TUE AUG 18 2015

...................................

...THE KEY WEST CLIMATE SUMMARY FOR AUGUST 18 2015...
VALID TODAY AS OF 0500 PM LOCAL TIME.

CLIMATE NORMAL PERIOD 1981 TO 2010
CLIMATE RECORD PERIOD 1871 TO 2015


WEATHER ITEM   OBSERVED TIME   RECORD YEAR NORMAL DEPARTURE LAST
                VALUE   (LST)  VALUE       VALUE  FROM      YEAR
                                                  NORMAL
..................................................................
TEMPERATURE (F)
 TODAY
  MAXIMUM         91    132 PM  95    1956  89      2       92
  MINIMUM         83   1259 AM  70    1901  80      3       85
  AVERAGE         87                        84      3       89

PRECIPITATION (IN)
  TODAY            0.00          8.32 1926   0.17  -0.17     0.00
  MONTH TO DATE    3.50                      2.89   0.61     1.81
  SINCE JUN 1      6.81                     10.55  -3.74     7.05
  SINCE JAN 1     19.24                     21.18  -1.94    19.90

SNOWFALL (IN)
  TODAY            0.0
  MONTH TO DATE    0.0
  SINCE JUN 1      0.0
  SINCE JUL 1      0.0
  SNOW DEPTH       0

DEGREE DAYS
 HEATING
  TODAY            0                         0      0        0
  MONTH TO DATE    0                         0      0        0
  SINCE JUN 1      0                         0      0        0
  SINCE JUL 1      0                         0      0        0

 COOLING
  TODAY           22                        19      3       24
  MONTH TO DATE  389                       359     30      389
  SINCE JUN 1   1612                      1514     98     1614
  SINCE JAN 1   3329                      2944    385     3236
..................................................................


WIND (MPH)
  HIGHEST WIND SPEED    14   HIGHEST WIND DIRECTION    SE (130)
  HIGHEST GUST SPEED    18   HIGHEST GUST DIRECTION     E (90)
  AVERAGE WIND SPEED     9.1


SKY COVER
  POSSIBLE SUNSHINE  MM
  AVERAGE SKY COVER 0.1


WEATHER CONDITIONS
 THE FOLLOWING WEATHER WAS RECORDED TODAY.
  NO SIGNIFICANT WEATHER WAS OBSERVED.


RELATIVE HUMIDITY (PERCENT)
 HIGHEST    80
 LOWEST     64
 AVERAGE    72

..........................................................


THE KEY WEST CLIMATE NORMALS FOR TOMORROW
                         NORMAL    RECORD    YEAR
 MAXIMUM TEMPERATURE (F)   89        94      1957
                                             1956
                                             1951
 MINIMUM TEMPERATURE (F)   80        72      1929
                                             1898


SUNRISE AND SUNSET
AUGUST 18 2015........SUNRISE   703 AM EDT   SUNSET   759 PM EDT
AUGUST 19 2015........SUNRISE   703 AM EDT   SUNSET   758 PM EDT


-  INDICATES NEGATIVE NUMBERS.
R  INDICATES RECORD WAS SET OR TIED.
MM INDICATES DATA IS MISSING.
T  INDICATES TRACE AMOUNT.




$$
