915
CDUS42 KKEY 162031
CLIEYW

CLIMATE REPORT
NATIONAL WEATHER SERVICE KEY WEST, FL
427 PM EDT MON MAY 16 2016

...................................

...THE KEY WEST CLIMATE SUMMARY FOR MAY 16 2016...
VALID TODAY AS OF 0400 PM LOCAL TIME.

CLIMATE NORMAL PERIOD 1981 TO 2010
CLIMATE RECORD PERIOD 1871 TO 2016

WEATHER ITEM   OBSERVED TIME   RECORD YEAR NORMAL DEPARTURE LAST
                VALUE   (LST)  VALUE       VALUE  FROM      YEAR
                                                  NORMAL
..................................................................

TEMPERATURE (F)
 TODAY
  MAXIMUM         87    129 PM  90    1991  85      2       87
                                      1989
                                      1967
  MINIMUM         78    612 AM  64    1917  76      2       80
  AVERAGE         83                        80      3       84

PRECIPITATION (IN)
  TODAY            0.00          2.89 1923   0.10  -0.10     0.00
  MONTH TO DATE    0.51                      1.15  -0.64     0.05
  SINCE MAR 1      2.21                      5.25  -3.04     8.13
  SINCE JAN 1      9.29                      8.78   0.51    11.36

SNOWFALL (IN)
  TODAY            0.0
  MONTH TO DATE    0.0
  SINCE MAR 1      0.0
  SINCE JUL 1      0.0
  SNOW DEPTH       0

DEGREE DAYS
 HEATING
  TODAY            0                         0      0        0
  MONTH TO DATE    0                         0      0        0
  SINCE MAR 1      0                         7     -7        0
  SINCE JUL 1     24                        73    -49       27

 COOLING
  TODAY           18                        15      3       19
  MONTH TO DATE  223                       230     -7      247
  SINCE MAR 1    916                       836     80     1091
  SINCE JAN 1   1244                      1184     60     1449

..................................................................

WIND (MPH)
  HIGHEST WIND SPEED    16   HIGHEST WIND DIRECTION     E (110)
  HIGHEST GUST SPEED    20   HIGHEST GUST DIRECTION     E (110)
  AVERAGE WIND SPEED     8.1

SKY COVER
  POSSIBLE SUNSHINE  MM
  AVERAGE SKY COVER 0.2

WEATHER CONDITIONS
 THE FOLLOWING WEATHER WAS RECORDED TODAY.
  NO SIGNIFICANT WEATHER WAS OBSERVED.

RELATIVE HUMIDITY (PERCENT)
 HIGHEST    85
 LOWEST     70
 AVERAGE    78

..........................................................

THE KEY WEST CLIMATE NORMALS FOR TOMORROW
                         NORMAL    RECORD    YEAR
 MAXIMUM TEMPERATURE (F)   85        92      1878
 MINIMUM TEMPERATURE (F)   76        66      1951

SUNRISE AND SUNSET

MAY 16 2016...........SUNRISE   643 AM EDT   SUNSET   804 PM EDT
MAY 17 2016...........SUNRISE   642 AM EDT   SUNSET   805 PM EDT

-  INDICATES NEGATIVE NUMBERS.
R  INDICATES RECORD WAS SET OR TIED.
MM INDICATES DATA IS MISSING.
T  INDICATES TRACE AMOUNT.

$$
