000
CDUS42 KKEY 050555
CLIEYW

CLIMATE REPORT
NATIONAL WEATHER SERVICE KEY WEST, FL
153 AM EDT FRI SEP 5 2014


...................................

...THE KEY WEST CLIMATE SUMMARY FOR SEPTEMBER 4 2014...

CLIMATE NORMAL PERIOD 1981 TO 2010
CLIMATE RECORD PERIOD 1871 TO 2014


WEATHER ITEM   OBSERVED TIME   RECORD YEAR NORMAL DEPARTURE LAST
                VALUE   (LST)  VALUE       VALUE  FROM      YEAR
                                                  NORMAL
..................................................................
TEMPERATURE (F)
 YESTERDAY
  MAXIMUM         89    205 PM  94    1877  89      0       88
  MINIMUM         81    311 AM  70    1958  79      2       81
                                      1890
  AVERAGE         85                        84      1       85

PRECIPITATION (IN)
  YESTERDAY        0.08          3.62 1945   0.21  -0.13      T
  MONTH TO DATE    0.87                      0.86   0.01     1.28
  SINCE SEP 1      0.87                      0.86   0.01     1.28
  SINCE JAN 1     23.01                     24.53  -1.52    36.79

SNOWFALL (IN)
  YESTERDAY        0.0
  MONTH TO DATE    0.0
  SINCE SEP 1      0.0
  SINCE JUL 1      0.0
  SNOW DEPTH       0

DEGREE DAYS
 HEATING
  YESTERDAY        0                         0      0        0
  MONTH TO DATE    0                         0      0        0
  SINCE SEP 1      0                         0      0        0
  SINCE JUL 1      0                         0      0        0

 COOLING
  YESTERDAY       20                        19      1       20
  MONTH TO DATE   78                        76      2       77
  SINCE SEP 1     78                        76      2       77
  SINCE JAN 1   3598                      3265    333     3397
..................................................................


WIND (MPH)
  HIGHEST WIND SPEED    17   HIGHEST WIND DIRECTION     S (160)
  HIGHEST GUST SPEED    23   HIGHEST GUST DIRECTION    SE (150)
  AVERAGE WIND SPEED     7.8


SKY COVER
  POSSIBLE SUNSHINE  MM
  AVERAGE SKY COVER 0.2


WEATHER CONDITIONS
 THE FOLLOWING WEATHER WAS RECORDED YESTERDAY.
  THUNDERSTORM
  RAIN


RELATIVE HUMIDITY (PERCENT)
 HIGHEST    79
 LOWEST     68
 AVERAGE    74

..........................................................


THE KEY WEST CLIMATE NORMALS FOR TODAY
                         NORMAL    RECORD    YEAR
 MAXIMUM TEMPERATURE (F)   89        94      1951
 MINIMUM TEMPERATURE (F)   79        71      1913
                                             1898
                                             1890


SUNRISE AND SUNSET
SEPTEMBER  5 2014.....SUNRISE   710 AM EDT   SUNSET   741 PM EDT
SEPTEMBER  6 2014.....SUNRISE   710 AM EDT   SUNSET   740 PM EDT


-  INDICATES NEGATIVE NUMBERS.
R  INDICATES RECORD WAS SET OR TIED.
MM INDICATES DATA IS MISSING.
T  INDICATES TRACE AMOUNT.




$$
