000
CDUS42 KKEY 062121
CLIEYW

CLIMATE REPORT
NATIONAL WEATHER SERVICE KEY WEST, FL
418 PM EST TUE FEB 6 2018

...................................

...THE KEY WEST CLIMATE SUMMARY FOR FEBRUARY 6 2018...
VALID TODAY AS OF 0400 PM LOCAL TIME.

CLIMATE NORMAL PERIOD 1981 TO 2010
CLIMATE RECORD PERIOD 1871 TO 2018

WEATHER ITEM   OBSERVED TIME   RECORD YEAR NORMAL DEPARTURE LAST
                VALUE   (LST)  VALUE       VALUE  FROM      YEAR
                                                  NORMAL
..................................................................

TEMPERATURE (F)
 TODAY
  MAXIMUM         80    251 PM  85    1939  75      5       81
  MINIMUM         71    437 AM  49    1966  65      6       69
  AVERAGE         76                        70      6       75

PRECIPITATION (IN)
  TODAY            0.06          1.82 1912   0.05   0.01     0.00
  MONTH TO DATE    0.08                      0.33  -0.25     0.00
  SINCE DEC 1      2.26                      4.59  -2.33     2.74
  SINCE JAN 1      0.98                      2.37  -1.39     1.00

SNOWFALL (IN)
  TODAY            0.0
  MONTH TO DATE    0.0
  SINCE DEC 1      0.0
  SINCE JUL 1      0.0
  SNOW DEPTH       0

DEGREE DAYS
 HEATING
  TODAY            0                         1     -1        0
  MONTH TO DATE    0                         6     -6        0
  SINCE DEC 1     42                        56    -14        5
  SINCE JUL 1     42                        57    -15        5

 COOLING
  TODAY           11                         6      5       10
  MONTH TO DATE   53                        36     17       54
  SINCE DEC 1    432                       418     14      708
  SINCE JAN 1    172                       201    -29      315

..................................................................

WIND (MPH)
  HIGHEST WIND SPEED    18   HIGHEST WIND DIRECTION     E (100)
  HIGHEST GUST SPEED    24   HIGHEST GUST DIRECTION    SE (120)
  AVERAGE WIND SPEED    12.1

SKY COVER
  POSSIBLE SUNSHINE  MM
  AVERAGE SKY COVER 0.4

WEATHER CONDITIONS
 THE FOLLOWING WEATHER WAS RECORDED TODAY.
  RAIN
  LIGHT RAIN

RELATIVE HUMIDITY (PERCENT)
 HIGHEST   100
 LOWEST     74
 AVERAGE    87

..........................................................

THE KEY WEST CLIMATE NORMALS FOR TOMORROW
                         NORMAL    RECORD    YEAR
 MAXIMUM TEMPERATURE (F)   75        84      1949
                                             1939
 MINIMUM TEMPERATURE (F)   65        48      1978


SUNRISE AND SUNSET

FEBRUARY  6 2018......SUNRISE   706 AM EST   SUNSET   616 PM EST
FEBRUARY  7 2018......SUNRISE   706 AM EST   SUNSET   617 PM EST

-  INDICATES NEGATIVE NUMBERS.
R  INDICATES RECORD WAS SET OR TIED.
MM INDICATES DATA IS MISSING.
T  INDICATES TRACE AMOUNT.

$$

SC
