455
CDUS42 KKEY 140550
CLIEYW


CLIMATE REPORT
NATIONAL WEATHER SERVICE KEY WEST, FL
149 AM EDT FRI APR 14 2017


...................................

...THE KEY WEST CLIMATE SUMMARY FOR APRIL 13 2017...

CLIMATE NORMAL PERIOD 1981 TO 2010
CLIMATE RECORD PERIOD 1871 TO 2017


WEATHER ITEM   OBSERVED TIME   RECORD YEAR NORMAL DEPARTURE LAST
                VALUE   (LST)  VALUE       VALUE  FROM      YEAR
                                                  NORMAL
..................................................................
TEMPERATURE (F)
 YESTERDAY
  MAXIMUM         80    309 PM  88    1926  81     -1       82
  MINIMUM         70    713 AM  60    1940  71     -1       72
  AVERAGE         75                        76     -1       77

PRECIPITATION (IN)
  YESTERDAY        1.86          1.89 2004   0.06   1.80     0.00
  MONTH TO DATE    1.88                      0.87   1.01     0.25
  SINCE MAR 1      2.81                      2.92  -0.11     0.55
  SINCE JAN 1      5.86                      6.45  -0.59     7.63

SNOWFALL (IN)
  YESTERDAY        0.0
  MONTH TO DATE    0.0
  SINCE MAR 1      0.0
  SINCE JUL 1      0.0
  SNOW DEPTH       0

DEGREE DAYS
 HEATING
  YESTERDAY        0                         0      0        0
  MONTH TO DATE    0                         0      0        0
  SINCE MAR 1      0                         7     -7        0
  SINCE JUL 1      5                        73    -68       24

 COOLING
  YESTERDAY       10                        11     -1       12
  MONTH TO DATE  165                       136     29      148
  SINCE MAR 1    471                       398     73      473
  SINCE JAN 1   1011                       746    265      801
..................................................................


WIND (MPH)
  HIGHEST WIND SPEED    20   HIGHEST WIND DIRECTION     E (90)
  HIGHEST GUST SPEED    25   HIGHEST GUST DIRECTION     E (90)
  AVERAGE WIND SPEED    10.9


SKY COVER
  POSSIBLE SUNSHINE  MM
  AVERAGE SKY COVER 0.4


WEATHER CONDITIONS
 THE FOLLOWING WEATHER WAS RECORDED YESTERDAY.
  HEAVY RAIN
  RAIN
  LIGHT RAIN
  FOG


RELATIVE HUMIDITY (PERCENT)
 HIGHEST   100
 LOWEST     58
 AVERAGE    79

..........................................................


THE KEY WEST CLIMATE NORMALS FOR TODAY
                         NORMAL    RECORD    YEAR
 MAXIMUM TEMPERATURE (F)   81        87      1952
                                             1923
                                             1882
 MINIMUM TEMPERATURE (F)   71        58      1940


SUNRISE AND SUNSET
APRIL 14 2017.........SUNRISE   706 AM EDT   SUNSET   749 PM EDT
APRIL 15 2017.........SUNRISE   705 AM EDT   SUNSET   749 PM EDT


-  INDICATES NEGATIVE NUMBERS.
R  INDICATES RECORD WAS SET OR TIED.
MM INDICATES DATA IS MISSING.
T  INDICATES TRACE AMOUNT.




$$
