000
CDUS42 KKEY 180527
CLIEYW


CLIMATE REPORT
NATIONAL WEATHER SERVICE KEY WEST, FL
125 AM EDT SUN JUN 18 2017


...................................

...THE KEY WEST CLIMATE SUMMARY FOR JUNE 17 2017...

CLIMATE NORMAL PERIOD 1981 TO 2010
CLIMATE RECORD PERIOD 1871 TO 2017


WEATHER ITEM   OBSERVED TIME   RECORD YEAR NORMAL DEPARTURE LAST
                VALUE   (LST)  VALUE       VALUE  FROM      YEAR
                                                  NORMAL
..................................................................
TEMPERATURE (F)
 YESTERDAY
  MAXIMUM         87    509 PM  93    1981  88     -1       89
                                      1951
  MINIMUM         81    605 AM  71    1908  79      2       82
  AVERAGE         84                        84      0       86

PRECIPITATION (IN)
  YESTERDAY        0.00          1.85 1908   0.13  -0.13     0.00
  MONTH TO DATE    5.41                      2.35   3.06     0.68
  SINCE JUN 1      5.41                      2.35   3.06     0.68
  SINCE JAN 1     14.46                     12.98   1.48    12.33

SNOWFALL (IN)
  YESTERDAY        0.0
  MONTH TO DATE    0.0
  SINCE JUN 1      0.0
  SINCE JUL 1      0.0
  SNOW DEPTH       0

DEGREE DAYS
 HEATING
  YESTERDAY        0                         0      0        0
  MONTH TO DATE    0                         0      0        0
  SINCE JUN 1      0                         0      0        0
  SINCE JUL 1      5                        73    -68       24

 COOLING
  YESTERDAY       19                        18      1       21
  MONTH TO DATE  314                       303     11      315
  SINCE JUN 1    314                       303     11      315
  SINCE JAN 1   2069                      1733    336     1806
..................................................................


WIND (MPH)
  HIGHEST WIND SPEED    17   HIGHEST WIND DIRECTION    SE (130)
  HIGHEST GUST SPEED    21   HIGHEST GUST DIRECTION    SE (130)
  AVERAGE WIND SPEED     8.4


SKY COVER
  POSSIBLE SUNSHINE  MM
  AVERAGE SKY COVER 0.1


WEATHER CONDITIONS
 THE FOLLOWING WEATHER WAS RECORDED YESTERDAY.
  NO SIGNIFICANT WEATHER WAS OBSERVED.


RELATIVE HUMIDITY (PERCENT)
 HIGHEST    85
 LOWEST     70
 AVERAGE    78

..........................................................


THE KEY WEST CLIMATE NORMALS FOR TODAY
                         NORMAL    RECORD    YEAR
 MAXIMUM TEMPERATURE (F)   88        93      1935
 MINIMUM TEMPERATURE (F)   79        70      1955


SUNRISE AND SUNSET
JUNE 18 2017..........SUNRISE   638 AM EDT   SUNSET   818 PM EDT
JUNE 19 2017..........SUNRISE   639 AM EDT   SUNSET   818 PM EDT


-  INDICATES NEGATIVE NUMBERS.
R  INDICATES RECORD WAS SET OR TIED.
MM INDICATES DATA IS MISSING.
T  INDICATES TRACE AMOUNT.




$$
