000
CDUS42 KKEY 110551
CLIEYW

CLIMATE REPORT
NATIONAL WEATHER SERVICE KEY WEST, FL
1245 AM EST THU DEC 11 2014


...................................

...THE KEY WEST CLIMATE SUMMARY FOR DECEMBER 10 2014...

CLIMATE NORMAL PERIOD 1981 TO 2010
CLIMATE RECORD PERIOD 1871 TO 2014


WEATHER ITEM   OBSERVED TIME   RECORD YEAR NORMAL DEPARTURE LAST
               VALUE    (LST)  VALUE       VALUE  FROM      YEAR
                                                  NORMAL
..................................................................
TEMPERATURE (F)
 YESTERDAY
  MAXIMUM         65    438 PM  84    2009  77    -12       83
                                      1993
  MINIMUM         58   1159 PM  53    1930  68    -10       77
  AVERAGE         62                        72    -10       80

PRECIPITATION (IN)
  YESTERDAY        0.00          1.62 1887   0.08  -0.08     0.00
  MONTH TO DATE    0.01                      0.82  -0.81     0.35
  SINCE DEC 1      0.01                      0.82  -0.81     0.35
  SINCE JAN 1     34.38                     38.43  -4.05    45.95

SNOWFALL (IN)
  YESTERDAY        0.0
  MONTH TO DATE    0.0
  SINCE DEC 1      0.0
  SINCE JUL 1      0.0
  SNOW DEPTH       0

DEGREE DAYS
 HEATING
  YESTERDAY        3                         0      3        0
  MONTH TO DATE    3                         0      3        0
  SINCE DEC 1      3                         0      3        0
  SINCE JUL 1      4                         1      3        0

 COOLING
  YESTERDAY        0                         8     -8       15
  MONTH TO DATE   85                        82      3      116
  SINCE DEC 1     85                        82      3      116
  SINCE JAN 1   4928                      4615    313     4877
..................................................................


WIND (MPH)
  HIGHEST WIND SPEED    18   HIGHEST WIND DIRECTION     N (10)
  HIGHEST GUST SPEED    26   HIGHEST GUST DIRECTION     N (10)
  AVERAGE WIND SPEED    10.8


SKY COVER
  POSSIBLE SUNSHINE  MM
  AVERAGE SKY COVER 0.3


WEATHER CONDITIONS
 THE FOLLOWING WEATHER WAS RECORDED YESTERDAY.
  NO SIGNIFICANT WEATHER WAS OBSERVED.


RELATIVE HUMIDITY (PERCENT)
 HIGHEST    72
 LOWEST     39
 AVERAGE    56

..........................................................


THE KEY WEST CLIMATE NORMALS FOR TODAY
                         NORMAL    RECORD    YEAR
 MAXIMUM TEMPERATURE (F)   77        85      1986
 MINIMUM TEMPERATURE (F)   68        50      1934


SUNRISE AND SUNSET
DECEMBER 11 2014......SUNRISE   701 AM EST   SUNSET   540 PM EST
DECEMBER 12 2014......SUNRISE   701 AM EST   SUNSET   540 PM EST


-  INDICATES NEGATIVE NUMBERS.
R  INDICATES RECORD WAS SET OR TIED.
MM INDICATES DATA IS MISSING.
T  INDICATES TRACE AMOUNT.


$$
