000
CDUS42 KKEY 130542
CLIEYW

CLIMATE REPORT
NATIONAL WEATHER SERVICE KEY WEST, FL
139 AM EDT WED MAY 13 2015

...................................

...THE KEY WEST CLIMATE SUMMARY FOR MAY 12 2015...

CLIMATE NORMAL PERIOD 1981 TO 2010
CLIMATE RECORD PERIOD 1871 TO 2015


WEATHER ITEM   OBSERVED TIME   RECORD YEAR NORMAL DEPARTURE LAST
                VALUE   (LST)  VALUE       VALUE  FROM      YEAR
                                                  NORMAL
..................................................................
TEMPERATURE (F)
 YESTERDAY
  MAXIMUM         86    215 PM  90    1926  85      1       87
                                      1886
  MINIMUM         79    538 AM  68    1944  75      4       79
  AVERAGE         83                        80      3       83

PRECIPITATION (IN)
  YESTERDAY        0.00          2.58 1898   0.08  -0.08     0.00
  MONTH TO DATE    0.03                      0.79  -0.76     0.31
  SINCE MAR 1      8.11                      4.89   3.22     4.65
  SINCE JAN 1     11.34                      8.42   2.92    12.25

SNOWFALL (IN)
  YESTERDAY        0.0
  MONTH TO DATE    0.0
  SINCE MAR 1      0.0
  SINCE JUL 1      0.0
  SNOW DEPTH       0

DEGREE DAYS
 HEATING
  YESTERDAY        0                         0      0        0
  MONTH TO DATE    0                         0      0        0
  SINCE MAR 1      0                         7     -7        0
  SINCE JUL 1     27                        73    -46       22

 COOLING
  YESTERDAY       18                        15      3       18
  MONTH TO DATE  176                       170      6      207
  SINCE MAR 1   1020                       776    244      875
  SINCE JAN 1   1378                      1124    254     1301
..................................................................


WIND (MPH)
  HIGHEST WIND SPEED    17   HIGHEST WIND DIRECTION     E (110)
  HIGHEST GUST SPEED    21   HIGHEST GUST DIRECTION     E (110)
  AVERAGE WIND SPEED    11.0


SKY COVER
  POSSIBLE SUNSHINE  MM
  AVERAGE SKY COVER 0.2


WEATHER CONDITIONS
 THE FOLLOWING WEATHER WAS RECORDED YESTERDAY.
  NO SIGNIFICANT WEATHER WAS OBSERVED.


RELATIVE HUMIDITY (PERCENT)
 HIGHEST    94
 LOWEST     82
 AVERAGE    88

..........................................................


THE KEY WEST CLIMATE NORMALS FOR TODAY
                         NORMAL    RECORD    YEAR
 MAXIMUM TEMPERATURE (F)   85        90      1995
 MINIMUM TEMPERATURE (F)   75        66      1888


SUNRISE AND SUNSET
MAY 13 2015...........SUNRISE   645 AM EDT   SUNSET   802 PM EDT
MAY 14 2015...........SUNRISE   644 AM EDT   SUNSET   803 PM EDT


-  INDICATES NEGATIVE NUMBERS.
R  INDICATES RECORD WAS SET OR TIED.
MM INDICATES DATA IS MISSING.
T  INDICATES TRACE AMOUNT.

$$

APA
