000
CDUS42 KKEY 272124
CLIEYW


CLIMATE REPORT
NATIONAL WEATHER SERVICE KEY WEST, FL
418 PM EST MON NOV 27 2017


...................................

...THE KEY WEST CLIMATE SUMMARY FOR NOVEMBER 27 2017...
VALID TODAY AS OF 0400 PM LOCAL TIME.

CLIMATE NORMAL PERIOD 1981 TO 2010
CLIMATE RECORD PERIOD 1871 TO 2017


WEATHER ITEM   OBSERVED TIME   RECORD YEAR NORMAL DEPARTURE LAST
                VALUE   (LST)  VALUE       VALUE  FROM      YEAR
                                                  NORMAL
..................................................................
TEMPERATURE (F)
 TODAY
  MAXIMUM         79   1202 PM  87    1948  78      1       79
  MINIMUM         72    647 AM  54    1949  70      2       70
  AVERAGE         76                        74      2       75

PRECIPITATION (IN)
  TODAY            T             1.42 2013   0.07  -0.07     0.00
                                      1890
  MONTH TO DATE    1.44                      2.06  -0.62     0.03
  SINCE SEP 1     16.53                     13.70   2.83    10.19
  SINCE JAN 1     36.77                     37.37  -0.60    35.53

SNOWFALL (IN)
  TODAY            0.0
  MONTH TO DATE    0.0
  SINCE SEP 1      0.0
  SINCE JUL 1      0.0
  SNOW DEPTH       0

DEGREE DAYS
 HEATING
  TODAY            0                         0      0        0
  MONTH TO DATE    0                         0      0        0
  SINCE SEP 1      0                         0      0        0
  SINCE JUL 1      0                         0      0        0

 COOLING
  TODAY           11                         9      2       10
  MONTH TO DATE  341                       298     43      313
  SINCE SEP 1   1433                      1317    116     1407
  SINCE JAN 1   5064                      4506    558     4714
..................................................................

WIND (MPH)
  HIGHEST WIND SPEED    14   HIGHEST WIND DIRECTION    NE (60)
  HIGHEST GUST SPEED    20   HIGHEST GUST DIRECTION     E (70)
  AVERAGE WIND SPEED     8.8

SKY COVER
  POSSIBLE SUNSHINE  MM
  AVERAGE SKY COVER 0.2

WEATHER CONDITIONS
 THE FOLLOWING WEATHER WAS RECORDED TODAY.
  THUNDERSTORM
  LIGHT RAIN

RELATIVE HUMIDITY (PERCENT)
 HIGHEST    84
 LOWEST     67
 AVERAGE    76

..........................................................

THE KEY WEST CLIMATE NORMALS FOR TOMORROW
                         NORMAL    RECORD    YEAR
 MAXIMUM TEMPERATURE (F)   78        87      1958
                                             1948
 MINIMUM TEMPERATURE (F)   70        51      1903

SUNRISE AND SUNSET
NOVEMBER 27 2017......SUNRISE   651 AM EST   SUNSET   538 PM EST
NOVEMBER 28 2017......SUNRISE   652 AM EST   SUNSET   538 PM EST

-  INDICATES NEGATIVE NUMBERS.
R  INDICATES RECORD WAS SET OR TIED.
MM INDICATES DATA IS MISSING.
T  INDICATES TRACE AMOUNT.

$$
