000
CDUS42 KKEY 052120
CLIEYW

CLIMATE REPORT
NATIONAL WEATHER SERVICE KEY WEST, FL
417 PM EST SUN MAR 5 2017

...................................

...THE KEY WEST CLIMATE SUMMARY FOR MARCH 5 2017...
VALID TODAY AS OF 0400 PM LOCAL TIME.

CLIMATE NORMAL PERIOD 1981 TO 2010
CLIMATE RECORD PERIOD 1871 TO 2017

WEATHER ITEM   OBSERVED TIME   RECORD YEAR NORMAL DEPARTURE LAST
                VALUE   (LST)  VALUE       VALUE  FROM      YEAR
                                                  NORMAL
..................................................................

TEMPERATURE (F)
 TODAY
  MAXIMUM         76    358 PM  85    2003  77     -1       75
                                      1982
                                      1957
  MINIMUM         69    710 AM  53    2010  67      2       65
                                      1873
  AVERAGE         73                        72      1       70

PRECIPITATION (IN)
  TODAY            T             1.80 1992   0.07  -0.07     0.00
  MONTH TO DATE    0.10                      0.36  -0.26      T
  SINCE MAR 1      0.10                      0.36  -0.26      T
  SINCE JAN 1      3.15                      3.89  -0.74     7.08

SNOWFALL (IN)
  TODAY            0.0
  MONTH TO DATE    0.0
  SINCE MAR 1      0.0
  SINCE JUL 1      0.0
  SNOW DEPTH       0

DEGREE DAYS
 HEATING
  TODAY            0                         0      0        0
  MONTH TO DATE    0                         0      0        0
  SINCE MAR 1      0                         0      0        0
  SINCE JUL 1      5                        66    -61       24

 COOLING
  TODAY            8                         8      0        5
  MONTH TO DATE   57                        39     18       40
  SINCE MAR 1     57                        39     18       40
  SINCE JAN 1    597                       387    210      368

..................................................................

WIND (MPH)
  HIGHEST WIND SPEED    28   HIGHEST WIND DIRECTION     E (80)
  HIGHEST GUST SPEED    39   HIGHEST GUST DIRECTION     E (90)
  AVERAGE WIND SPEED    15.7

SKY COVER
  POSSIBLE SUNSHINE  MM
  AVERAGE SKY COVER 0.2

WEATHER CONDITIONS
 THE FOLLOWING WEATHER WAS RECORDED TODAY.
  LIGHT RAIN

RELATIVE HUMIDITY (PERCENT)
 HIGHEST    73
 LOWEST     50
 AVERAGE    62

..........................................................

THE KEY WEST CLIMATE NORMALS FOR TOMORROW
                         NORMAL    RECORD    YEAR
 MAXIMUM TEMPERATURE (F)   77        86      2003
 MINIMUM TEMPERATURE (F)   67        52      1986

SUNRISE AND SUNSET

MARCH  5 2017.........SUNRISE   646 AM EST   SUNSET   632 PM EST
MARCH  6 2017.........SUNRISE   645 AM EST   SUNSET   632 PM EST

-  INDICATES NEGATIVE NUMBERS.
R  INDICATES RECORD WAS SET OR TIED.
MM INDICATES DATA IS MISSING.
T  INDICATES TRACE AMOUNT.

$$

SC
