000
CDUS42 KKEY 230541
CLIEYW

CLIMATE REPORT
NATIONAL WEATHER SERVICE KEY WEST, FL
1238 AM EST MON FEB 23 2015

...................................

...THE KEY WEST CLIMATE SUMMARY FOR FEBRUARY 22 2015...

CLIMATE NORMAL PERIOD 1981 TO 2010
CLIMATE RECORD PERIOD 1871 TO 2015

WEATHER ITEM   OBSERVED TIME   RECORD YEAR NORMAL DEPARTURE LAST
                VALUE   (LST)  VALUE       VALUE  FROM      YEAR
                                                  NORMAL
..................................................................
TEMPERATURE (F)
 YESTERDAY
  MAXIMUM         77    445 PM  85    1989  77      0       81
                                      1932
                                      1929
  MINIMUM         68    726 AM  51    1978  67      1       74
  AVERAGE         73                        72      1       78

PRECIPITATION (IN)
  YESTERDAY        0.00          2.54 1966   0.06  -0.06     0.00
  MONTH TO DATE    2.15                      1.12   1.03     0.75
  SINCE DEC 1      5.43                      5.38   0.05     8.52
  SINCE JAN 1      3.18                      3.16   0.02     7.43

SNOWFALL (IN)
  YESTERDAY        0.0
  MONTH TO DATE    0.0
  SINCE DEC 1      0.0
  SINCE JUL 1      0.0
  SNOW DEPTH       0

DEGREE DAYS
 HEATING
  YESTERDAY        0                         1     -1        0
  MONTH TO DATE   21                        19      2        0
  SINCE DEC 1     26                        69    -43       22
  SINCE JUL 1     27                        70    -43       22

 COOLING
  YESTERDAY        8                         7      1       13
  MONTH TO DATE   75                       141    -66      209
  SINCE DEC 1    559                       523     36      706
  SINCE JAN 1    306                       306      0      366
..................................................................


WIND (MPH)
  HIGHEST WIND SPEED    16   HIGHEST WIND DIRECTION     E (110)
  HIGHEST GUST SPEED    23   HIGHEST GUST DIRECTION     E (110)
  AVERAGE WIND SPEED     8.8


SKY COVER
  POSSIBLE SUNSHINE  MM
  AVERAGE SKY COVER 0.4


WEATHER CONDITIONS
 THE FOLLOWING WEATHER WAS RECORDED YESTERDAY.
  NO SIGNIFICANT WEATHER WAS OBSERVED.


RELATIVE HUMIDITY (PERCENT)
 HIGHEST   100
 LOWEST     79
 AVERAGE    90

..........................................................


THE KEY WEST CLIMATE NORMALS FOR TODAY
                         NORMAL    RECORD    YEAR
 MAXIMUM TEMPERATURE (F)   77        84      1994
                                             1992
                                             1990
 MINIMUM TEMPERATURE (F)   67        48      1978


SUNRISE AND SUNSET
FEBRUARY 23 2015......SUNRISE   655 AM EST   SUNSET   626 PM EST
FEBRUARY 24 2015......SUNRISE   654 AM EST   SUNSET   627 PM EST


-  INDICATES NEGATIVE NUMBERS.
R  INDICATES RECORD WAS SET OR TIED.
MM INDICATES DATA IS MISSING.
T  INDICATES TRACE AMOUNT.

$$
BWC
