000
CDUS42 KKEY 282028
CLIEYW

CLIMATE REPORT
NATIONAL WEATHER SERVICE KEY WEST, FL
427 PM EDT FRI MAR 28 2014


...................................

...THE KEY WEST CLIMATE SUMMARY FOR MARCH 28 2014...
VALID TODAY AS OF 0400 PM LOCAL TIME.

CLIMATE NORMAL PERIOD 1981 TO 2010
CLIMATE RECORD PERIOD 1871 TO 2014


WEATHER ITEM   OBSERVED TIME   RECORD YEAR NORMAL DEPARTURE LAST
                VALUE   (LST)  VALUE       VALUE  FROM      YEAR
                                                  NORMAL
..................................................................
TEMPERATURE (F)
 TODAY
  MAXIMUM         81    229 PM  88    1994  79      2       71
  MINIMUM         74    539 AM  58    2013  69      5       58
  AVERAGE         78                        74      4       65

PRECIPITATION (IN)
  TODAY            0.00          1.10 2000   0.06  -0.06     0.00
  MONTH TO DATE    3.72                      1.85   1.87     2.20
  SINCE MAR 1      3.72                      1.85   1.87     2.20
  SINCE JAN 1     11.32                      5.38   5.94     3.74

SNOWFALL (IN)
  TODAY            0.0
  MONTH TO DATE    0.0
  SINCE MAR 1      0.0
  SINCE JUL 1      0.0
  SNOW DEPTH       0

DEGREE DAYS
 HEATING
  TODAY            0                         0      0        0
  MONTH TO DATE    0                         0      0       16
  SINCE MAR 1      0                         0      0       16
  SINCE JUL 1     22                        66    -44       28

 COOLING
  TODAY           13                         9      4        0
  MONTH TO DATE  250                       234     16      140
  SINCE MAR 1    250                       234     16      140
  SINCE JAN 1    676                       582     94      674
..................................................................


WIND (MPH)
  HIGHEST WIND SPEED    23   HIGHEST WIND DIRECTION    SE (120)
  HIGHEST GUST SPEED    28   HIGHEST GUST DIRECTION    SE (120)
  AVERAGE WIND SPEED    17.3


SKY COVER
  POSSIBLE SUNSHINE  MM
  AVERAGE SKY COVER 0.2


WEATHER CONDITIONS
 THE FOLLOWING WEATHER WAS RECORDED TODAY.
  NO SIGNIFICANT WEATHER WAS OBSERVED.


RELATIVE HUMIDITY (PERCENT)
 HIGHEST    82
 LOWEST     68
 AVERAGE    75

..........................................................


THE KEY WEST CLIMATE NORMALS FOR TOMORROW
                         NORMAL    RECORD    YEAR
 MAXIMUM TEMPERATURE (F)   79        87      1882
                                             1878
                                             1874
 MINIMUM TEMPERATURE (F)   70        60      1958
                                             1915


SUNRISE AND SUNSET
MARCH 28 2014.........SUNRISE   723 AM EDT   SUNSET   742 PM EDT
MARCH 29 2014.........SUNRISE   722 AM EDT   SUNSET   742 PM EDT


-  INDICATES NEGATIVE NUMBERS.
R  INDICATES RECORD WAS SET OR TIED.
MM INDICATES DATA IS MISSING.
T  INDICATES TRACE AMOUNT.




$$
