000
CDUS42 KKEY 302128
CLIEYW

CLIMATE REPORT
NATIONAL WEATHER SERVICE KEY WEST, FL
426 PM EST SAT JAN 30 2016

...................................

...THE KEY WEST CLIMATE SUMMARY FOR JANUARY 30 2016...
VALID TODAY AS OF 0400 PM LOCAL TIME.

CLIMATE NORMAL PERIOD 1981 TO 2010
CLIMATE RECORD PERIOD 1871 TO 2016

WEATHER ITEM   OBSERVED TIME   RECORD YEAR NORMAL DEPARTURE LAST
                VALUE   (LST)  VALUE       VALUE  FROM      YEAR
                                                  NORMAL
..................................................................

TEMPERATURE (F)
 TODAY
  MAXIMUM         70    257 PM  85    1991  75     -5       72
                                      1957
  MINIMUM         60    448 AM  47    1940  65     -5       63
  AVERAGE         65                        70     -5       68

PRECIPITATION (IN)
  TODAY            0.00          2.93 1970   0.06  -0.06     0.00
  MONTH TO DATE    3.36                      1.98   1.38     1.03
  SINCE DEC 1      7.94                      4.20   3.74     3.28
  SINCE JAN 1      3.36                      1.98   1.38     1.03

SNOWFALL (IN)
  TODAY            0.0
  MONTH TO DATE    0.0
  SINCE DEC 1      0.0
  SINCE JUL 1      0.0
  SNOW DEPTH       0

DEGREE DAYS
 HEATING
  TODAY            0                         1     -1        0
  MONTH TO DATE   13                        30    -17        0
  SINCE DEC 1     13                        47    -34        5
  SINCE JUL 1     13                        48    -35        6

 COOLING
  TODAY            0                         6     -6        3
  MONTH TO DATE  170                       153     17      227
  SINCE DEC 1    569                       370    199      480
  SINCE JAN 1    170                       153     17      227
.................................................................

WIND (MPH)
  HIGHEST WIND SPEED    13   HIGHEST WIND DIRECTION    NE (30)
  HIGHEST GUST SPEED    18   HIGHEST GUST DIRECTION    NE (30)
  AVERAGE WIND SPEED     8.0

SKY COVER
  POSSIBLE SUNSHINE  MM
  AVERAGE SKY COVER 0.0

WEATHER CONDITIONS
 THE FOLLOWING WEATHER WAS RECORDED TODAY.
  NO SIGNIFICANT WEATHER WAS OBSERVED.

RELATIVE HUMIDITY (PERCENT)
 HIGHEST    72
 LOWEST     48
 AVERAGE    60

..........................................................

THE KEY WEST CLIMATE NORMALS FOR TOMORROW
                         NORMAL    RECORD    YEAR
 MAXIMUM TEMPERATURE (F)   75        86      1957
 MINIMUM TEMPERATURE (F)   65        47      1966

SUNRISE AND SUNSET

JANUARY 30 2016.......SUNRISE   710 AM EST   SUNSET   611 PM EST
JANUARY 31 2016.......SUNRISE   709 AM EST   SUNSET   612 PM EST

-  INDICATES NEGATIVE NUMBERS.
R  INDICATES RECORD WAS SET OR TIED.
MM INDICATES DATA IS MISSING.
T  INDICATES TRACE AMOUNT.

$$
