000
CDUS42 KKEY 190547
CLIEYW

CLIMATE REPORT
NATIONAL WEATHER SERVICE KEY WEST, FL
142 AM EDT SAT JUL 19 2014


...................................

...THE KEY WEST CLIMATE SUMMARY FOR JULY 18 2014...

CLIMATE NORMAL PERIOD 1981 TO 2010
CLIMATE RECORD PERIOD 1871 TO 2014


WEATHER ITEM   OBSERVED TIME   RECORD YEAR NORMAL DEPARTURE LAST
               VALUE    (LST)  VALUE       VALUE  FROM      YEAR
                                                  NORMAL
..................................................................
TEMPERATURE (F)
 YESTERDAY
  MAXIMUM         93    324 PM  95    1881  89      4       84
  MINIMUM         85    656 AM  71    1987  80      5       76
                                      1975
                                      1890
  AVERAGE         89                        85      4       80

PRECIPITATION (IN)
  YESTERDAY        0.00          2.03 1980   0.11  -0.11     0.01
  MONTH TO DATE    0.24                      2.06  -1.82     7.79
  SINCE JUN 1      2.62                      6.17  -3.55    16.33
  SINCE JAN 1     15.47                     16.80  -1.33    31.12

SNOWFALL (IN)
  YESTERDAY        0.0
  MONTH TO DATE    0.0
  SINCE JUN 1      0.0
  SINCE JUL 1      0.0
  SNOW DEPTH       0

DEGREE DAYS
 HEATING
  YESTERDAY        0                         0      0        0
  MONTH TO DATE    0                         0      0        0
  SINCE JUN 1      0                         0      0        0
  SINCE JUL 1      0                         0      0        0

 COOLING
  YESTERDAY       24                        20      4       15
  MONTH TO DATE  390                       348     42      304
  SINCE JUN 1    948                       897     51      862
  SINCE JAN 1   2570                      2327    243     2491
..................................................................


WIND (MPH)
  HIGHEST WIND SPEED    13   HIGHEST WIND DIRECTION     N (360)
  HIGHEST GUST SPEED    19   HIGHEST GUST DIRECTION     N (340)
  AVERAGE WIND SPEED     6.3


SKY COVER
  POSSIBLE SUNSHINE  MM
  AVERAGE SKY COVER 0.1


WEATHER CONDITIONS
 THE FOLLOWING WEATHER WAS RECORDED YESTERDAY.
  NO SIGNIFICANT WEATHER WAS OBSERVED.


RELATIVE HUMIDITY (PERCENT)
 HIGHEST    74
 LOWEST     60
 AVERAGE    67

..........................................................


THE KEY WEST CLIMATE NORMALS FOR TODAY
                         NORMAL    RECORD    YEAR
 MAXIMUM TEMPERATURE (F)   90        97      1880
 MINIMUM TEMPERATURE (F)   80        70      1932
                                             1930


SUNRISE AND SUNSET
JULY 19 2014..........SUNRISE   649 AM EDT   SUNSET   817 PM EDT
JULY 20 2014..........SUNRISE   650 AM EDT   SUNSET   817 PM EDT


-  INDICATES NEGATIVE NUMBERS.
R  INDICATES RECORD WAS SET OR TIED.
MM INDICATES DATA IS MISSING.
T  INDICATES TRACE AMOUNT.


$$
