000
CDUS42 KKEY 050549
CLIEYW

CLIMATE REPORT
NATIONAL WEATHER SERVICE KEY WEST, FL
146 AM EDT TUE JUL 5 2016

...................................

...THE KEY WEST CLIMATE SUMMARY FOR JULY 4 2016...

CLIMATE NORMAL PERIOD 1981 TO 2010
CLIMATE RECORD PERIOD 1871 TO 2016

WEATHER ITEM   OBSERVED TIME   RECORD YEAR NORMAL DEPARTURE LAST
                VALUE   (LST)  VALUE       VALUE  FROM      YEAR
                                                  NORMAL
..................................................................
TEMPERATURE (F)
 YESTERDAY
  MAXIMUM         90    331 PM  95    1957  89      1       91
  MINIMUM         85   1159 PM  71    1947  80      5       84
                                      1935
                                      1892
  AVERAGE         88                        84      4       88

PRECIPITATION (IN)
  YESTERDAY        T             6.07 1947   0.12  -0.12     0.00
  MONTH TO DATE    0.28                      0.49  -0.21      T
  SINCE JUN 1      1.42                      4.60  -3.18     2.64
  SINCE JAN 1     13.07                     15.23  -2.16    15.07

SNOWFALL (IN)
  YESTERDAY        0.0
  MONTH TO DATE    0.0
  SINCE JUN 1      0.0
  SINCE JUL 1      0.0
  SNOW DEPTH       0

DEGREE DAYS
 HEATING
  YESTERDAY        0                         0      0        0
  MONTH TO DATE    0                         0      0        0
  SINCE JUN 1      0                         0      0        0
  SINCE JUL 1      0                         0      0        0

 COOLING
  YESTERDAY       23                        19      4       23
  MONTH TO DATE   88                        76     12       90
  SINCE JUN 1    659                       625     34      661
  SINCE JAN 1   2150                      2055     95     2378
..................................................................


WIND (MPH)
  HIGHEST WIND SPEED    18   HIGHEST WIND DIRECTION    SE (140)
  HIGHEST GUST SPEED    22   HIGHEST GUST DIRECTION    SE (120)
  AVERAGE WIND SPEED     8.6


SKY COVER
  POSSIBLE SUNSHINE  MM
  AVERAGE SKY COVER 0.2


WEATHER CONDITIONS
 THE FOLLOWING WEATHER WAS RECORDED YESTERDAY.
  THUNDERSTORM


RELATIVE HUMIDITY (PERCENT)
 HIGHEST    88
 LOWEST     68
 AVERAGE    78

..........................................................


THE KEY WEST CLIMATE NORMALS FOR TODAY
                         NORMAL    RECORD    YEAR
 MAXIMUM TEMPERATURE (F)   89        93      1950
                                             1880
 MINIMUM TEMPERATURE (F)   80        69      1912


SUNRISE AND SUNSET
JULY  5 2016..........SUNRISE   644 AM EDT   SUNSET   820 PM EDT
JULY  6 2016..........SUNRISE   644 AM EDT   SUNSET   820 PM EDT


-  INDICATES NEGATIVE NUMBERS.
R  INDICATES RECORD WAS SET OR TIED.
MM INDICATES DATA IS MISSING.
T  INDICATES TRACE AMOUNT.

$$
