000
CDUS42 KKEY 180531
CLIEYW

CLIMATE REPORT
NATIONAL WEATHER SERVICE KEY WEST, FL
1229 AM EST SUN JAN 18 2015

...................................

...THE KEY WEST CLIMATE SUMMARY FOR JANUARY 17 2015...

CLIMATE NORMAL PERIOD 1981 TO 2010
CLIMATE RECORD PERIOD 1871 TO 2015

WEATHER ITEM   OBSERVED TIME   RECORD YEAR NORMAL DEPARTURE LAST
                VALUE   (LST)  VALUE       VALUE  FROM      YEAR
                                                  NORMAL
..................................................................
TEMPERATURE (F)
 YESTERDAY
  MAXIMUM         76    338 PM  88    1877  74      2       64
  MINIMUM         65    811 AM  53    1983  64      1       56
                                      1981
                                      1977
  AVERAGE         71                        69      2       60

PRECIPITATION (IN)
  YESTERDAY        0.00          1.91 2011   0.06  -0.06     0.00
  MONTH TO DATE    0.25                      1.10  -0.85     4.66
  SINCE DEC 1      2.50                      3.32  -0.82     5.75
  SINCE JAN 1      0.25                      1.10  -0.85     4.66

SNOWFALL (IN)
  YESTERDAY        0.0
  MONTH TO DATE    0.0
  SINCE DEC 1      0.0
  SINCE JUL 1      0.0
  SNOW DEPTH       0

DEGREE DAYS
 HEATING
  YESTERDAY        0                         1     -1        5
  MONTH TO DATE    0                        17    -17       15
  SINCE DEC 1      5                        34    -29       15
  SINCE JUL 1      6                        35    -29       15

 COOLING
  YESTERDAY        6                         5      1        0
  MONTH TO DATE  163                        87     76      111
  SINCE DEC 1    416                       304    112      451
  SINCE JAN 1    163                        87     76      111
..................................................................


WIND (MPH)
  HIGHEST WIND SPEED    16   HIGHEST WIND DIRECTION     N (20)
  HIGHEST GUST SPEED    22   HIGHEST GUST DIRECTION    NE (40)
  AVERAGE WIND SPEED    10.0


SKY COVER
  POSSIBLE SUNSHINE  MM
  AVERAGE SKY COVER 0.2


WEATHER CONDITIONS
 THE FOLLOWING WEATHER WAS RECORDED YESTERDAY.
  NO SIGNIFICANT WEATHER WAS OBSERVED.


RELATIVE HUMIDITY (PERCENT)
 HIGHEST    79
 LOWEST     61
 AVERAGE    70

..........................................................


THE KEY WEST CLIMATE NORMALS FOR TODAY
                         NORMAL    RECORD    YEAR
 MAXIMUM TEMPERATURE (F)   74        85      1960
 MINIMUM TEMPERATURE (F)   64        48      1981


SUNRISE AND SUNSET
JANUARY 18 2015.......SUNRISE   713 AM EST   SUNSET   602 PM EST
JANUARY 19 2015.......SUNRISE   713 AM EST   SUNSET   603 PM EST


-  INDICATES NEGATIVE NUMBERS.
R  INDICATES RECORD WAS SET OR TIED.
MM INDICATES DATA IS MISSING.
T  INDICATES TRACE AMOUNT.

$$

BWC
