000
CDUS42 KKEY 232040
CLIEYW

CLIMATE REPORT
NATIONAL WEATHER SERVICE KEY WEST, FL
435 PM EDT TUE JUN 23 2015

...................................

...THE KEY WEST CLIMATE SUMMARY FOR JUNE 23 2015...
VALID TODAY AS OF 0400 PM LOCAL TIME.

CLIMATE NORMAL PERIOD 1981 TO 2010
CLIMATE RECORD PERIOD 1871 TO 2015

WEATHER ITEM   OBSERVED TIME   RECORD YEAR NORMAL DEPARTURE LAST
                VALUE   (LST)  VALUE       VALUE  FROM      YEAR
                                                  NORMAL
..................................................................

TEMPERATURE (F)
 TODAY
  MAXIMUM         90    158 PM  93    1994  88      2       88
                                      1987
                                      1951
  MINIMUM         83    638 AM  71    1912  79      4       82
  AVERAGE         87                        84      3       85

PRECIPITATION (IN)
  TODAY            0.00          1.84 1877   0.14  -0.14     0.00
  MONTH TO DATE    2.64                      3.16  -0.52     1.81
  SINCE JUN 1      2.64                      3.16  -0.52     1.81
  SINCE JAN 1     15.07                     13.79   1.28    14.66

SNOWFALL (IN)
  TODAY            0.0
  MONTH TO DATE    0.0
  SINCE JUN 1      0.0
  SINCE JUL 1      0.0
  SNOW DEPTH       0

DEGREE DAYS
 HEATING
  TODAY            0                         0      0        0
  MONTH TO DATE    0                         0      0        0
  SINCE JUN 1      0                         0      0        0
  SINCE JUL 1     27                        73    -46       22

 COOLING
  TODAY           22                        19      3       20
  MONTH TO DATE  416                       417     -1      417
  SINCE JUN 1    416                       417     -1      417
  SINCE JAN 1   2133                      1847    286     2039

..................................................................

WIND (MPH)
  HIGHEST WIND SPEED    17   HIGHEST WIND DIRECTION     E (110)
  HIGHEST GUST SPEED    22   HIGHEST GUST DIRECTION    SE (130)
  AVERAGE WIND SPEED    11.5

SKY COVER
  POSSIBLE SUNSHINE  MM
  AVERAGE SKY COVER 0.3

WEATHER CONDITIONS
 THE FOLLOWING WEATHER WAS RECORDED TODAY.
  NO SIGNIFICANT WEATHER WAS OBSERVED.

RELATIVE HUMIDITY (PERCENT)
 HIGHEST    85
 LOWEST     68
 AVERAGE    77

..........................................................

THE KEY WEST CLIMATE NORMALS FOR TOMORROW
                         NORMAL    RECORD    YEAR
 MAXIMUM TEMPERATURE (F)   88        94      1950
 MINIMUM TEMPERATURE (F)   79        71      1938
                                             1907
                                             1892

SUNRISE AND SUNSET

JUNE 23 2015..........SUNRISE   639 AM EDT   SUNSET   819 PM EDT
JUNE 24 2015..........SUNRISE   640 AM EDT   SUNSET   819 PM EDT

-  INDICATES NEGATIVE NUMBERS.
R  INDICATES RECORD WAS SET OR TIED.
MM INDICATES DATA IS MISSING.
T  INDICATES TRACE AMOUNT.

$$
