000
CDUS42 KKEY 182140
CLIEYW

CLIMATE REPORT
NATIONAL WEATHER SERVICE KEY WEST, FL
436 PM EST TUE NOV 18 2014

...................................

...THE KEY WEST CLIMATE SUMMARY FOR NOVEMBER 18 2014...
VALID TODAY AS OF 0400 PM LOCAL TIME.

CLIMATE NORMAL PERIOD 1981 TO 2010
CLIMATE RECORD PERIOD 1871 TO 2014

WEATHER ITEM   OBSERVED TIME   RECORD YEAR NORMAL DEPARTURE LAST
                VALUE   (LST)  VALUE       VALUE  FROM      YEAR
                                                  NORMAL
..................................................................

TEMPERATURE (F)
 TODAY
  MAXIMUM         80   1019 AM  90    1886  80      0       84
  MINIMUM         70    351 PM  56    1923  71     -1       75
  AVERAGE         75                        75      0       80

PRECIPITATION (IN)
  TODAY            0.01          2.03 1941   0.07  -0.06      T
  MONTH TO DATE    0.42                      1.46  -1.04     0.85
  SINCE SEP 1     11.81                     13.10  -1.29     6.69
  SINCE JAN 1     33.95                     36.77  -2.82    42.20

SNOWFALL (IN)
  TODAY            0.0
  MONTH TO DATE    0.0
  SINCE SEP 1      0.0
  SINCE JUL 1      0.0
  SNOW DEPTH       0

DEGREE DAYS
 HEATING
  TODAY            0                         0      0        0
  MONTH TO DATE    0                         0      0        0
  SINCE SEP 1      0                         0      0        0
  SINCE JUL 1      0                         0      0        0

 COOLING
  TODAY           10                        10      0       15
  MONTH TO DATE  167                       210    -43      247
  SINCE SEP 1   1233                      1229      4     1313
  SINCE JAN 1   4753                      4418    335     4633

..................................................................

WIND (MPH)
  HIGHEST WIND SPEED    22   HIGHEST WIND DIRECTION     N (360)
  HIGHEST GUST SPEED    28   HIGHEST GUST DIRECTION     N (360)
  AVERAGE WIND SPEED     9.7

SKY COVER
  POSSIBLE SUNSHINE  MM
  AVERAGE SKY COVER 0.8

WEATHER CONDITIONS
 THE FOLLOWING WEATHER WAS RECORDED TODAY.
  THUNDERSTORM
  LIGHT RAIN

RELATIVE HUMIDITY (PERCENT)
 HIGHEST   100
 LOWEST     79
 AVERAGE    90

..........................................................

THE KEY WEST CLIMATE NORMALS FOR TOMORROW
                         NORMAL    RECORD    YEAR
 MAXIMUM TEMPERATURE (F)   79        87      1947
 MINIMUM TEMPERATURE (F)   71        57      1951

SUNRISE AND SUNSET
NOVEMBER 18 2014......SUNRISE   645 AM EST   SUNSET   539 PM EST
NOVEMBER 19 2014......SUNRISE   646 AM EST   SUNSET   539 PM EST

-  INDICATES NEGATIVE NUMBERS.
R  INDICATES RECORD WAS SET OR TIED.
MM INDICATES DATA IS MISSING.
T  INDICATES TRACE AMOUNT.

$$
