000
CDUS42 KKEY 130609
CLIEYW

CLIMATE REPORT
NATIONAL WEATHER SERVICE KEY WEST, FL
1245 AM EST SUN NOV 13 2016

...................................

...THE KEY WEST CLIMATE SUMMARY FOR NOVEMBER 12 2016...

CLIMATE NORMAL PERIOD 1981 TO 2010
CLIMATE RECORD PERIOD 1871 TO 2016

WEATHER ITEM   OBSERVED TIME   RECORD YEAR NORMAL DEPARTURE LAST
                VALUE   (LST)  VALUE       VALUE  FROM      YEAR
                                                  NORMAL
..................................................................
TEMPERATURE (F)
 YESTERDAY
  MAXIMUM         80    322 PM  88    1936  80      0       86
  MINIMUM         71    613 AM  58    1962  72     -1       79
  AVERAGE         76                        76      0       83

PRECIPITATION (IN)
  YESTERDAY        0.00          1.67 1992   0.08  -0.08     0.00
  MONTH TO DATE    T                         1.03  -1.03     0.02
  SINCE SEP 1     10.16                     12.67  -2.51     7.08
  SINCE JAN 1     35.50                     36.34  -0.84    29.59

SNOWFALL (IN)
  YESTERDAY        0.0
  MONTH TO DATE    0.0
  SINCE SEP 1      0.0
  SINCE JUL 1      0.0
  SNOW DEPTH       0

DEGREE DAYS
 HEATING
  YESTERDAY        0                         0      0        0
  MONTH TO DATE    0                         0      0        0
  SINCE SEP 1      0                         0      0        0
  SINCE JUL 1      0                         0      0        0

 COOLING
  YESTERDAY       11                        11      0       18
  MONTH TO DATE  161                       145     16      218
  SINCE SEP 1   1255                      1164     91     1355
  SINCE JAN 1   4562                      4353    209     4948
..................................................................


WIND (MPH)
  HIGHEST WIND SPEED    13   HIGHEST WIND DIRECTION    NE (30)
  HIGHEST GUST SPEED    19   HIGHEST GUST DIRECTION     N (20)
  AVERAGE WIND SPEED     5.8


SKY COVER
  POSSIBLE SUNSHINE  MM
  AVERAGE SKY COVER 0.1


WEATHER CONDITIONS
 THE FOLLOWING WEATHER WAS RECORDED YESTERDAY.
  NO SIGNIFICANT WEATHER WAS OBSERVED.


RELATIVE HUMIDITY (PERCENT)
 HIGHEST    90
 LOWEST     62
 AVERAGE    76

..........................................................


THE KEY WEST CLIMATE NORMALS FOR TODAY
                         NORMAL    RECORD    YEAR
 MAXIMUM TEMPERATURE (F)   80        88      1936
 MINIMUM TEMPERATURE (F)   72        59      1968


SUNRISE AND SUNSET
NOVEMBER 13 2016......SUNRISE   642 AM EST   SUNSET   541 PM EST
NOVEMBER 14 2016......SUNRISE   643 AM EST   SUNSET   540 PM EST


-  INDICATES NEGATIVE NUMBERS.
R  INDICATES RECORD WAS SET OR TIED.
MM INDICATES DATA IS MISSING.
T  INDICATES TRACE AMOUNT.

$$

BWC
