000
CDUS42 KKEY 112022
CLIEYW


CLIMATE REPORT
NATIONAL WEATHER SERVICE KEY WEST, FL
422 PM EDT WED OCT 11 2017


...................................

...THE KEY WEST CLIMATE SUMMARY FOR OCTOBER 11 2017...
VALID TODAY AS OF 0400 PM LOCAL TIME.

CLIMATE NORMAL PERIOD 1981 TO 2010
CLIMATE RECORD PERIOD 1871 TO 2017


WEATHER ITEM   OBSERVED TIME   RECORD YEAR NORMAL DEPARTURE LAST
                VALUE   (LST)  VALUE       VALUE  FROM      YEAR
                                                  NORMAL
..................................................................
TEMPERATURE (F)
 TODAY
  MAXIMUM         87    230 PM  91    1936  85      2       86
                                      1886
  MINIMUM         80    556 AM  68    1953  77      3       79
  AVERAGE         84                        81      3       83

PRECIPITATION (IN)
  TODAY            0.00          8.94 1909   0.19  -0.19     0.00
  MONTH TO DATE    2.91                      2.06   0.85     0.67
  SINCE SEP 1     12.19                      8.77   3.42     8.71
  SINCE JAN 1     32.43                     32.44  -0.01    34.05

SNOWFALL (IN)
  TODAY            0.0
  MONTH TO DATE    0.0
  SINCE SEP 1      0.0
  SINCE JUL 1      0.0
  SNOW DEPTH       0

DEGREE DAYS
 HEATING
  TODAY            0                         0      0        0
  MONTH TO DATE    0                         0      0        0
  SINCE SEP 1      0                         0      0        0
  SINCE JUL 1      0                         0      0        0

 COOLING
  TODAY           19                        16      3       18
  MONTH TO DATE  205                       183     22      217
  SINCE SEP 1    801                       729     72      791
  SINCE JAN 1   4432                      3918    514     4098
..................................................................


WIND (MPH)
  HIGHEST WIND SPEED    18   HIGHEST WIND DIRECTION     E (100)
  HIGHEST GUST SPEED    23   HIGHEST GUST DIRECTION     E (100)
  AVERAGE WIND SPEED    10.9


SKY COVER
  POSSIBLE SUNSHINE  MM
  AVERAGE SKY COVER 0.2


WEATHER CONDITIONS
 THE FOLLOWING WEATHER WAS RECORDED TODAY.
  NO SIGNIFICANT WEATHER WAS OBSERVED.


RELATIVE HUMIDITY (PERCENT)
 HIGHEST    85
 LOWEST     59
 AVERAGE    72

..........................................................


THE KEY WEST CLIMATE NORMALS FOR TOMORROW
                         NORMAL    RECORD    YEAR
 MAXIMUM TEMPERATURE (F)   85        92      1876
 MINIMUM TEMPERATURE (F)   77        64      1953


SUNRISE AND SUNSET
OCTOBER 11 2017.......SUNRISE   723 AM EDT   SUNSET   704 PM EDT
OCTOBER 12 2017.......SUNRISE   724 AM EDT   SUNSET   703 PM EDT


-  INDICATES NEGATIVE NUMBERS.
R  INDICATES RECORD WAS SET OR TIED.
MM INDICATES DATA IS MISSING.
T  INDICATES TRACE AMOUNT.




$$
