000
CXAK56 PAFG 010953
CF6FAI
PRELIMINARY LOCAL CLIMATOLOGICAL DATA (WS FORM: F-6)
STATION: FAIRBANKS AK
MONTH: NOVEMBER
YEAR: 2022
LATITUDE: 64 49 N
LONGITUDE: 147 52 W
TEMPERATURE IN F: :PCPN: SNOW: WIND :SUNSHINE: SKY :PK WND
================================================================================
1 2 3 4 5 6A 6B 7 8 9 10 11 12 13 14 15 16 17 18
12Z AVG MX 2MIN
DY MAX MIN AVG DEP HDD CDD WTR SNW DPTH SPD SPD DIR MIN PSBL S-S WX SPD DR
================================================================================
1 13 1 7 -5 58 0 T 0.4 3 4.6 10 50 M M 7 1 12 50
2 24 3 14 2 51 0 T T 3 3.8 12 30 M M 8 12 30
3 15 10 13 2 52 0 0.08 1.4 4 6.7 14 250 M M 10 1 17 240
4 15 10 13 3 52 0 0.01 0.1 4 1.9 8 350 M M 10 1 9 360
5 14 -11 2 -7 63 0 0.00 0.0 4 2.5 10 10 M M 6 1 11 360
6 1 -14 -6 -15 71 0 T T 4 1.3 6 320 M M 6 6 30
7 21 -10 6 -2 59 0 0.00 0.0 4 1.4 7 290 M M 8 8 280
8 26 14 20 13 45 0 0.02 0.8 5 0.8 8 10 M M 8 1 9 360
9 23 8 16 9 49 0 0.05 0.7 5 1.8 6 350 M M 8 1 7 30
10 22 11 17 11 48 0 0.06 0.8 5 0.9 7 20 M M 9 1 9 100
11 24 2 13 7 52 0 0.00 0.0 5 2.5 9 50 M M 8 10 40
12 24 10 17 12 48 0 0.00 0.0 5 1.1 9 30 M M 7 9 30
13 37 12 25 21 40 0 0.05 0.2 5 3.8 14 360 M M 9 1 17 350
14 35 20 28 24 37 0 0.08 1.0 6 6.4 21 240 M M 10 1 27 240
15 21 1 11 8 54 0 0.00 0.0 6 3.7 12 50 M M 5 1 13 250
16 12 -3 5 2 60 0 0.00 0.0 6 0.3 5 10 M M 2 6 340
17 10 -3 4 2 61 0 0.00 0.0 6 0.3 5 10 M M 1 5 300
18 14 -1 7 5 58 0 0.00 0.0 6 0.6 6 40 M M 4 6 40
19 15 2 9 7 56 0 0.00 0.0 6 0.9 6 50 M M 8 6 40
20 20 3 12 11 53 0 0.00 0.0 6 0.9 8 50 M M 8 9 40
21 18 6 12 11 53 0 0.00 0.0 6 0.6 6 170 M M 8 6 40
22 16 7 12 11 53 0 T T 6 0.1 5 160 M M 8 5 50
23 16 5 11 11 54 0 T T 6 0.7 6 40 M M 9 126 7 60
24 17 12 15 15 50 0 T T 6 1.8 7 30 M M 10 16 9 30
25 17 7 12 12 53 0 0.04 0.9 7 1.9 7 60 M M 10 1 8 30
26 18 4 11 11 54 0 0.04 0.8 7 0.9 6 50 M M 10 1 6 30
27 13 -3 5 5 60 0 0.02 0.4 7 1.2 7 60 M M 9 1 7 60
28 6 -19 -6 -5 71 0 T T 7 5.9 10 50 M M 4 11 20
29 -11 -26 -18 -17 83 0 0.00 0.0 7 0.3 5 340 M M 3 5 340
30 7 -14 -3 -2 68 0 0.19 2.3 10 1.2 6 200 M M 9 1 7 210
================================================================================
SM 503 44 1666 0 0.64 9.8 60.8 M 222
================================================================================
AV 16.8 1.5 2.0 FASTST M M 7 MAX(MPH)
MISC ----> 21 240 27 240
================================================================================
NOTES:
# LAST OF SEVERAL OCCURRENCES
COLUMN 17 PEAK WIND IN M.P.H.
PRELIMINARY LOCAL CLIMATOLOGICAL DATA (WS FORM: F-6) , PAGE 2
STATION: FAIRBANKS AK
MONTH: NOVEMBER
YEAR: 2022
LATITUDE: 64 49 N
LONGITUDE: 147 52 W
[TEMPERATURE DATA] [PRECIPITATION DATA] SYMBOLS USED IN COLUMN 16
AVERAGE MONTHLY: 9.1 TOTAL FOR MONTH: 0.64 1 = FOG OR MIST
DPTR FM NORMAL: 5.0 DPTR FM NORMAL: -0.10 2 = FOG REDUCING VISIBILITY
HIGHEST: 37 ON 13 GRTST 24HR 0.19 ON 30-30 TO 1/4 MILE OR LESS
LOWEST: -26 ON 29 3 = THUNDER
SNOW, ICE PELLETS, HAIL 4 = ICE PELLETS
TOTAL MONTH: 9.8 INCHES 5 = HAIL
GRTST 24HR 2.3 ON 30-30 6 = FREEZING RAIN OR DRIZZLE
GRTST DEPTH: 10 ON 30 7 = DUSTSTORM OR SANDSTORM:
VSBY 1/2 MILE OR LESS
8 = SMOKE OR HAZE
[NO. OF DAYS WITH] [WEATHER - DAYS WITH] 9 = BLOWING SNOW
X = TORNADO
MAX 32 OR BELOW: 28 0.01 INCH OR MORE: 11
MAX 90 OR ABOVE: 0 0.10 INCH OR MORE: 1
MIN 32 OR BELOW: 30 0.50 INCH OR MORE: 0
MIN 0 OR BELOW: 10 1.00 INCH OR MORE: 0
[HDD (BASE 65) ]
TOTAL THIS MO. 1666 CLEAR (SCALE 0-3) 3
DPTR FM NORMAL -161 PTCLDY (SCALE 4-7) 13
TOTAL FM JUL 1 3592 CLOUDY (SCALE 8-10) 14
DPTR FM NORMAL -367
[CDD (BASE 65) ]
TOTAL THIS MO. 0
DPTR FM NORMAL 0 [PRESSURE DATA]
TOTAL FM JAN 1 83 HIGHEST SLP M ON M
DPTR FM NORMAL 15 LOWEST SLP 29.23 ON 21
[REMARKS]
#FINAL-11-22#