000
CXAK56 PAFG 021615
CF6FAI
PRELIMINARY LOCAL CLIMATOLOGICAL DATA (WS FORM: F-6)
STATION: FAIRBANKS AK
MONTH: MAY
YEAR: 2022
LATITUDE: 64 49 N
LONGITUDE: 147 52 W
TEMPERATURE IN F: :PCPN: SNOW: WIND :SUNSHINE: SKY :PK WND
================================================================================
1 2 3 4 5 6A 6B 7 8 9 10 11 12 13 14 15 16 17 18
12Z AVG MX 2MIN
DY MAX MIN AVG DEP HDD CDD WTR SNW DPTH SPD SPD DIR MIN PSBL S-S WX SPD DR
================================================================================
1 54 28 41 -3 24 0 0.00 0.0 3 3.7 13 70 M M 7 17 70
2 54 34 44 -1 21 0 0.00 0.0 2 4.0 12 250 M M 8 14 250
3 57 31 44 -1 21 0 0.00 0.0 1 2.7 8 50 M M 7 10 140
4 57 33 45 -1 20 0 0.00 0.0 T 5.1 14 280 M M 7 18 270
5 54 33 44 -2 21 0 0.07 T T 3.2 16 340 M M 8 4 20 50
6 53 33 43 -4 22 0 0.06 0.0 0 2.0 13 330 M M 8 14 320
7 51 37 44 -3 21 0 0.10 T 0 2.5 16 260 M M 8 124 24 260
8 46 34 40 -8 25 0 0.12 0.1 T 6.9 17 250 M M 8 1 23 250
9 39 33 36 -12 29 0 0.33 1.2 T 5.7 15 270 M M 9 1 23 250
10 42 33 38 -10 27 0 0.01 T T 7.1 15 250 M M 8 1 19 240
11 50 32 41 -8 24 0 0.00 0.0 T 5.0 13 270 M M 7 16 270
12 42 38 40 -9 25 0 0.23 T T 6.0 13 200 M M 10 1 19 220
13 47 35 41 -8 24 0 0.03 T T 5.8 18 250 M M 8 14 22 250
14 51 30 41 -9 24 0 T 0.0 0 4.8 17 30 M M 7 1 21 50
15 53 36 45 -5 20 0 0.05 0.0 0 9.7 20 60 M M 7 23 70
16 50 36 43 -7 22 0 0.09 0.0 0 2.9 10 200 M M 8 14 210
17 60 33 47 -4 18 0 T 0.0 0 4.3 14 330 M M 6 16 190
18 62 39 51 0 14 0 0.00 0.0 0 5.6 15 10 M M 6 18 10
19 68 41 55 4 10 0 0.00 0.0 0 3.1 13 180 M M 5 18 190
20 73 39 56 4 9 0 0.00 0.0 0 3.1 12 190 M M 1 17 190
21 74 42 58 6 7 0 0.00 0.0 0 5.9 16 40 M M 5 19 30
22 68 47 58 6 7 0 0.00 0.0 0 11.6 22 50 M M 4 27 30
23 61 43 52 -1 13 0 0.00 0.0 0 10.3 18 40 M M 2 23 360
24 65 36 51 -2 14 0 0.00 0.0 0 5.3 15 280 M M 3 19 290
25 70 39 55 1 10 0 T 0.0 0 7.3 23 260 M M 8 29 270
26 70 52 61 7 4 0 0.00 0.0 0 10.0 24 250 M M 8 30 250
27 71 46 59 5 6 0 0.00 0.0 0 6.6 17 330 M M 4 25 320
28 74 41 58 3 7 0 0.00 0.0 0 4.2 16 280 M M 6 19 290
29 73 48 61 6 4 0 0.00 0.0 0 6.1 20 270 M M 4 25 270
30 77 44 61 5 4 0 0.00 0.0 0 5.1 15 190 M M 3 21 180
31 79 49 64 8 1 0 0.00 0.0 0 3.0 13 190 M M 7 16 190
================================================================================
SM 1845 1175 498 0 1.09 1.3 168.6 M 197
================================================================================
AV 59.5 37.9 5.4 FASTST M M 6 MAX(MPH)
MISC ----> 24 250 30 250
================================================================================
NOTES:
# LAST OF SEVERAL OCCURRENCES
COLUMN 17 PEAK WIND IN M.P.H.
PRELIMINARY LOCAL CLIMATOLOGICAL DATA (WS FORM: F-6) , PAGE 2
STATION: FAIRBANKS AK
MONTH: MAY
YEAR: 2022
LATITUDE: 64 49 N
LONGITUDE: 147 52 W
[TEMPERATURE DATA] [PRECIPITATION DATA] SYMBOLS USED IN COLUMN 16
AVERAGE MONTHLY: 48.7 TOTAL FOR MONTH: 1.09 1 = FOG OR MIST
DPTR FM NORMAL: -1.6 DPTR FM NORMAL: 0.55 2 = FOG REDUCING VISIBILITY
HIGHEST: 79 ON 31 GRTST 24HR 0.45 ON 8- 9 TO 1/4 MILE OR LESS
LOWEST: 28 ON 1 3 = THUNDER
SNOW, ICE PELLETS, HAIL 4 = ICE PELLETS
TOTAL MONTH: 1.3 INCHES 5 = HAIL
GRTST 24HR 1.2 ON 9- 9 6 = FREEZING RAIN OR DRIZZLE
GRTST DEPTH: 5 ON M 7 = DUSTSTORM OR SANDSTORM:
VSBY 1/2 MILE OR LESS
8 = SMOKE OR HAZE
[NO. OF DAYS WITH] [WEATHER - DAYS WITH] 9 = BLOWING SNOW
X = TORNADO
MAX 32 OR BELOW: 0 0.01 INCH OR MORE: 10
MAX 90 OR ABOVE: 0 0.10 INCH OR MORE: 4
MIN 32 OR BELOW: 4 0.50 INCH OR MORE: 0
MIN 0 OR BELOW: 0 1.00 INCH OR MORE: 0
[HDD (BASE 65) ]
TOTAL THIS MO. 498 CLEAR (SCALE 0-3) 4
DPTR FM NORMAL 43 PTCLDY (SCALE 4-7) 24
TOTAL FM JUL 1 13150 CLOUDY (SCALE 8-10) 3
DPTR FM NORMAL -122
[CDD (BASE 65) ]
TOTAL THIS MO. 0
DPTR FM NORMAL -1 [PRESSURE DATA]
TOTAL FM JAN 1 0 HIGHEST SLP 30.43 ON 20
DPTR FM NORMAL -1 LOWEST SLP 29.23 ON 3
[REMARKS]
#FINAL-05-22#