000
CXAK56 PAFG 040515
CF6FAI
PRELIMINARY LOCAL CLIMATOLOGICAL DATA (WS FORM: F-6)
STATION: FAIRBANKS AK
MONTH: DECEMBER
YEAR: 2021
LATITUDE: 64 49 N
LONGITUDE: 147 52 W
TEMPERATURE IN F: :PCPN: SNOW: WIND :SUNSHINE: SKY :PK WND
================================================================================
1 2 3 4 5 6A 6B 7 8 9 10 11 12 13 14 15 16 17 18
12Z AVG MX 2MIN
DY MAX MIN AVG DEP HDD CDD WTR SNW DPTH SPD SPD DIR MIN PSBL S-S WX SPD DR
================================================================================
1 -1 -15 -8 -7 73 0 0.04 1.0 5 1.0 6 140 M M 9 1 9 220
2 -3 -29 -16 -14 81 0 T 0.1 6 1.8 8 50 M M 7 1 8 50
3 -22 -35 -28 -26 93 0 0.00 0.0 6 1.0 7 10 M M 0 18 7 50
4 -8 -37 -22 -20 87 0 T T 6 0.6 6 90 M M 4 7 60
5 20 -15 3 5 62 0 0.00 0.0 6 1.6 7 10 M M 8 8 360
6 28 10 19 21 46 0 0.00 0.0 6 2.7 8 40 M M 9 10 50
7 23 15 19 21 46 0 0.09 2.5 6 4.3 14 250 M M 10 1 20 240
8 19 -3 8 10 57 0 0.05 1.5 8 2.2 8 210 M M 9 1 11 210
9 13 -5 4 7 61 0 0.09 3.4 9 2.7 8 20 M M 9 1 9 350
10 16 5 11 14 54 0 0.05 1.4 11 4.1 15 280 M M 10 1 18 270
11 11 -13 -1 2 66 0 0.02 0.6 11 7.8 17 250 M M 10 1 24 250
12 -11 -34 -22 -19 87 0 0.01 0.1 11 0.8 5 30 M M 8 1 7 200
13 -31 -38 -34 -30 99 0 T T 11 0.8 6 190 M M 4 1 6 190
14 -28 -40 -34 -30 99 0 T T 11 0.6 6 50 M M 5 1 6 50
15 -12 -40 -26 -22 91 0 0.00 0.0 10 2.0 7 40 M M 4 1 10 40
16 7 -14 -3 1 68 0 0.07 0.9 10 0.8 9 40 M M 9 1 10 40
17 11 3 7 11 58 0 0.09 2.3 10 1.8 9 160 M M 10 1 11 150
18 15 7 11 16 54 0 0.05 0.4 12 2.0 6 50 M M 10 1 7 70
19 22 15 19 24 46 0 0.60 5.1 16 3.9 7 360 M M 10 126 M M
20 33 22 28 33 37 0 0.66 4.0 16 3.6 13 260 M M 10 16 17 250
21 34 12 23 28 42 0 T T 19 10.3 29 260 M M 5 19 37 250
22 13 -13 0 6 65 0 0.10 1.0 19 4.5 22 280 M M 6 1 29 280
23 7 -17 -5 1 70 0 0.14 1.8 20 4.0 10 270 M M 8 1 16 210
24 2 -25 -11 -5 76 0 0.00 0.0 21 2.5 9 30 M M 6 11 40
25 15 2 9 15 56 0 0.52 4.8 21 2.2 8 40 M M 10 1 9 60
26 41 15 28 35 37 0 1.93 4.5 24 4.5 16 240 M M 10 146 23 240
27 40 10 25 32 40 0 0.07 T 26 8.9 30 260 M M 8 1 45 250
28 33 15 24 31 41 0 0.85 8.2 25 3.5 28 260 M M 10 169 35 250
29 35 16 26 34 39 0 0.30 5.9 32 12.4 29 260 M M 9 129 45 280
30 16 -12 2 10 63 0 T 0.2 34 4.6 10 270 M M 8 1 14 250
31 7 -16 -4 4 69 0 T T 34 8.1 16 360 M M 9 18 360
================================================================================
SM 345 -254 1963 0 5.73 49.7 111.6 M 244
================================================================================
AV 11.1 -8.2 3.6 FASTST M M 8 MAX(MPH)
MISC ----> 30 260 45 250
================================================================================
NOTES:
# LAST OF SEVERAL OCCURRENCES
COLUMN 17 PEAK WIND IN M.P.H.
PRELIMINARY LOCAL CLIMATOLOGICAL DATA (WS FORM: F-6) , PAGE 2
STATION: FAIRBANKS AK
MONTH: DECEMBER
YEAR: 2021
LATITUDE: 64 49 N
LONGITUDE: 147 52 W
[TEMPERATURE DATA] [PRECIPITATION DATA] SYMBOLS USED IN COLUMN 16
AVERAGE MONTHLY: 1.5 TOTAL FOR MONTH: 5.73 1 = FOG OR MIST
DPTR FM NORMAL: 5.8 DPTR FM NORMAL: 5.16 2 = FOG REDUCING VISIBILITY
HIGHEST: 41 ON 26 GRTST 24HR 2.74 ON 25-26 TO 1/4 MILE OR LESS
LOWEST: -40 ON 15,14 3 = THUNDER
SNOW, ICE PELLETS, HAIL 4 = ICE PELLETS
TOTAL MONTH: 49.7 INCHES 5 = HAIL
GRTST 24HR 8.2 ON 28-28 6 = FREEZING RAIN OR DRIZZLE
GRTST DEPTH: 34 ON 31,30 7 = DUSTSTORM OR SANDSTORM:
VSBY 1/2 MILE OR LESS
8 = SMOKE OR HAZE
[NO. OF DAYS WITH] [WEATHER - DAYS WITH] 9 = BLOWING SNOW
X = TORNADO
MAX 32 OR BELOW: 25 0.01 INCH OR MORE: 19
MAX 90 OR ABOVE: 0 0.10 INCH OR MORE: 8
MIN 32 OR BELOW: 31 0.50 INCH OR MORE: 5
MIN 0 OR BELOW: 18 1.00 INCH OR MORE: 1
[HDD (BASE 65) ]
TOTAL THIS MO. 1963 CLEAR (SCALE 0-3) 1
DPTR FM NORMAL -187 PTCLDY (SCALE 4-7) 12
TOTAL FM JUL 1 5900 CLOUDY (SCALE 8-10) 18
DPTR FM NORMAL -209
[CDD (BASE 65) ]
TOTAL THIS MO. 0
DPTR FM NORMAL 0 [PRESSURE DATA]
TOTAL FM JAN 1 125 HIGHEST SLP 30.58 ON 3
DPTR FM NORMAL 57 LOWEST SLP 28.76 ON 10
[REMARKS]
#FINAL-12-21#