000
CXAK56 PAFG 011630
CF6FAI
PRELIMINARY LOCAL CLIMATOLOGICAL DATA (WS FORM: F-6)
STATION: FAIRBANKS AK
MONTH: OCTOBER
YEAR: 2023
LATITUDE: 64 49 N
LONGITUDE: 147 52 W
TEMPERATURE IN F: :PCPN: SNOW: WIND :SUNSHINE: SKY :PK WND
================================================================================
1 2 3 4 5 6A 6B 7 8 9 10 11 12 13 14 15 16 17 18
12Z AVG MX 2MIN
DY MAX MIN AVG DEP HDD CDD WTR SNW DPTH SPD SPD DIR MIN PSBL S-S WX SPD DR
================================================================================
1 48 33 41 3 24 0 0.02 0.0 0 3.8 8 210 M M 9 11 210
2 41 28 35 -2 30 0 T T 0 6.4 15 260 M M 7 1 18 240
3 35 24 30 -7 35 0 0.12 0.8 T 2.6 13 270 M M 8 18 16 270
4 38 20 29 -7 36 0 0.00 0.0 T 5.1 14 40 M M 5 12 17 40
5 39 22 31 -4 34 0 T T T 7.7 17 20 M M 6 1 22 30
6 37 27 32 -3 33 0 0.30 3.3 3 5.9 10 360 M M 9 1 14 360
7 37 28 33 -1 32 0 0.02 0.2 3 8.8 17 20 M M 8 1 M M
8 31 27 29 -4 36 0 0.12 1.5 3 12.0 21 50 M M 10 19 28 10
9 35 28 32 0 33 0 0.10 0.9 5 3.6 9 350 M M 9 1 12 350
10 31 22 27 -5 38 0 0.04 0.6 5 5.3 10 220 M M 9 1 16 250
11 28 23 26 -5 39 0 T T 5 0.8 6 200 M M 9 1 9 210
12 34 22 28 -2 37 0 0.00 0.0 5 4.7 14 360 M M 9 18 350
13 36 23 30 1 35 0 0.00 0.0 5 1.9 13 360 M M 7 16 10
14 33 24 29 1 36 0 0.04 T 5 1.9 9 190 M M 9 6 12 190
15 37 25 31 3 34 0 0.06 0.6 5 3.4 12 50 M M 7 16 12 50
16 46 23 35 8 30 0 0.00 0.0 4 4.0 10 40 M M 7 12 40
17 40 32 36 10 29 0 T 0.1 4 3.3 9 190 M M 8 1 11 220
18 33 26 30 5 35 0 0.03 0.6 5 5.0 12 220 M M 10 1 15 220
19 29 25 27 3 38 0 0.07 2.2 5 14.2 29 260 M M 9 129 40 250
20 27 24 26 3 39 0 0.01 T 7 10.5 20 270 M M 8 28 260
21 27 24 26 4 39 0 T T 6 5.7 12 260 M M 10 1 16 250
22 26 14 20 -1 45 0 0.17 3.5 6 2.7 9 190 M M 10 1 13 210
23 26 20 23 3 42 0 0.02 0.6 9 3.0 7 70 M M 8 1 10 70
24 27 7 17 -3 48 0 0.00 0.0 9 1.5 7 360 M M 7 1 7 350
25 29 10 20 1 45 0 0.00 0.0 8 3.2 12 50 M M 6 1 14 50
26 29 11 20 2 45 0 0.00 0.0 8 0.1 5 40 M M 6 4 40
27 25 5 15 -2 50 0 0.00 0.0 8 1.2 7 10 M M 5 7 40
28 19 6 13 -3 52 0 0.00 0.0 8 1.1 8 50 M M 6 9 40
29 28 13 21 6 44 0 0.00 0.0 8 1.0 6 40 M M 7 7 40
30 35 19 27 13 38 0 0.00 0.0 8 0.1 5 20 M M 8 5 20
31 32 18 25 12 40 0 0.00 0.0 7 0.7 5 50 M M 8 M M
================================================================================
SM 1018 653 1171 0 1.12 14.9 131.2 M 244
================================================================================
AV 32.8 21.1 4.2 FASTST M M 8 MAX(MPH)
MISC ----> 29 260 40 250
================================================================================
NOTES:
# LAST OF SEVERAL OCCURRENCES
COLUMN 17 PEAK WIND IN M.P.H.
PRELIMINARY LOCAL CLIMATOLOGICAL DATA (WS FORM: F-6) , PAGE 2
STATION: FAIRBANKS AK
MONTH: OCTOBER
YEAR: 2023
LATITUDE: 64 49 N
LONGITUDE: 147 52 W
[TEMPERATURE DATA] [PRECIPITATION DATA] SYMBOLS USED IN COLUMN 16
AVERAGE MONTHLY: 27.0 TOTAL FOR MONTH: 1.12 1 = FOG OR MIST
DPTR FM NORMAL: 0.8 DPTR FM NORMAL: 0.36 2 = FOG REDUCING VISIBILITY
HIGHEST: 48 ON 1 GRTST 24HR 0.30 ON 5- 6 TO 1/4 MILE OR LESS
LOWEST: 5 ON 27 3 = THUNDER
SNOW, ICE PELLETS, HAIL 4 = ICE PELLETS
TOTAL MONTH: 14.9 INCHES 5 = HAIL
GRTST 24HR 3.5 ON 22-22 6 = FREEZING RAIN OR DRIZZLE
GRTST DEPTH: 9 ON 24,23 7 = DUSTSTORM OR SANDSTORM:
VSBY 1/2 MILE OR LESS
8 = SMOKE OR HAZE
[NO. OF DAYS WITH] [WEATHER - DAYS WITH] 9 = BLOWING SNOW
X = TORNADO
MAX 32 OR BELOW: 15 0.01 INCH OR MORE: 14
MAX 90 OR ABOVE: 0 0.10 INCH OR MORE: 5
MIN 32 OR BELOW: 30 0.50 INCH OR MORE: 0
MIN 0 OR BELOW: 0 1.00 INCH OR MORE: 0
[HDD (BASE 65) ]
TOTAL THIS MO. 1171 CLEAR (SCALE 0-3) 0
DPTR FM NORMAL -30 PTCLDY (SCALE 4-7) 16
TOTAL FM JUL 1 1930 CLOUDY (SCALE 8-10) 15
DPTR FM NORMAL -203
[CDD (BASE 65) ]
TOTAL THIS MO. 0
DPTR FM NORMAL 0 [PRESSURE DATA]
TOTAL FM JAN 1 140 HIGHEST SLP 30.58 ON 24
DPTR FM NORMAL 72 LOWEST SLP 29.27 ON 9
[REMARKS]
#FINAL-10-23#