000
CXUS56 KHNX 012350
CF6FAT
PRELIMINARY LOCAL CLIMATOLOGICAL DATA (WS FORM: F-6)
STATION: FRESNO CA
MONTH: OCTOBER
YEAR: 2021
LATITUDE: 36 46 N
LONGITUDE: 119 43 W
TEMPERATURE IN F: :PCPN: SNOW: WIND :SUNSHINE: SKY :PK WND
================================================================================
1 2 3 4 5 6A 6B 7 8 9 10 11 12 13 14 15 16 17 18
12Z AVG MX 2MIN
DY MAX MIN AVG DEP HDD CDD WTR SNW DPTH SPD SPD DIR MIN PSBL S-S WX SPD DR
================================================================================
1 92 59 76 4 0 11 0.00 0.0 0 2.8 8 330 M M 1 8 10 310
2 93 60 77 5 0 12 0.00 0.0 0 3.1 7 310 M M 2 8 9 290
3 87 61 74 2 0 9 0.00 0.0 0 3.6 9 130 M M 1 8 10 140
4 90 59 75 4 0 10 0.00 0.0 0 3.5 9 110 M M 2 8 12 120
5 87 61 74 3 0 9 0.00 0.0 0 3.6 10 310 M M 6 8 13 310
6 85 60 73 3 0 8 0.00 0.0 0 6.1 15 310 M M 6 8 17 320
7 81 59 70 0 0 5 0.00 0.0 0 6.3 18 310 M M 5 23 300
8 67 52 60 -10 5 0 0.40 0.0 0 6.9 20 310 M M 6 1 22 300
9 72 49 61 -8 4 0 0.00 0.0 0 4.6 10 280 M M 1 15 280
10 76 51 64 -5 1 0 0.00 0.0 0 4.1 9 300 M M 1 8 16 280
11 70 53 62 -7 3 0 0.00 0.0 0 17.2 35 310 M M 2 78 44 310
12 68 46 57 -11 8 0 0.00 0.0 0 6.5 24 310 M M 0 31 310
13 73 46 60 -8 5 0 0.00 0.0 0 3.7 10 120 M M 1 8 13 170
14 75 47 61 -6 4 0 0.00 0.0 0 2.6 10 300 M M 0 12 290
15 82 50 66 -1 0 1 0.00 0.0 0 3.0 8 220 M M 1 8 12 200
16 84 52 68 1 0 3 0.00 0.0 0 2.9 8 200 M M 1 11 210
17 83 53 68 2 0 3 0.00 0.0 0 10.7 23 340 M M 6 8 32 330
18 65 50 58 -8 7 0 0.01 0.0 0 7.6 20 340 M M 3 26 340
19 70 45 58 -8 7 0 0.00 0.0 0 3.6 10 120 M M 4 14 140
20 76 54 65 0 0 0 0.00 0.0 0 4.2 12 140 M M 8 16 150
21 82 59 71 6 0 6 0.00 0.0 0 3.0 7 320 M M 7 8 13 190
22 72 55 64 0 1 0 T 0.0 0 8.3 17 320 M M 8 21 310
23 71 57 64 0 1 0 0.00 0.0 0 6.5 16 310 M M 8 20 310
24 71 59 65 1 0 0 0.00 0.0 0 13.8 23 170 M M 10 30 170
25 68 50 59 -4 6 0 0.86 0.0 0 8.0 28 200 M M 8 138 34 190
26 67 47 57 -6 8 0 0.00 0.0 0 3.5 13 290 M M 2 16 280
27 70 50 60 -2 5 0 0.00 0.0 0 1.5 9 170 M M 2 18 10 170
28 76 54 65 3 0 0 0.00 0.0 0 2.0 6 300 M M 3 8 9 210
29 78 55 67 5 0 2 0.00 0.0 0 2.8 8 310 M M 2 18 10 300
30 75 57 66 5 0 1 0.00 0.0 0 3.6 13 320 M M 6 18 16 310
31 68 54 61 0 4 0 0.00 0.0 0 5.1 12 320 M M 8 18 15 320
================================================================================
SM 2374 1664 69 80 1.27 0.0 164.7 M 121
================================================================================
AV 76.6 53.7 5.3 FASTST M M 4 MAX(MPH)
MISC ----> 35 310 44 310
================================================================================
NOTES:
# LAST OF SEVERAL OCCURRENCES
COLUMN 17 PEAK WIND IN M.P.H.
PRELIMINARY LOCAL CLIMATOLOGICAL DATA (WS FORM: F-6) , PAGE 2
STATION: FRESNO CA
MONTH: OCTOBER
YEAR: 2021
LATITUDE: 36 46 N
LONGITUDE: 119 43 W
[TEMPERATURE DATA] [PRECIPITATION DATA] SYMBOLS USED IN COLUMN 16
AVERAGE MONTHLY: 65.1 TOTAL FOR MONTH: 1.27 1 = FOG OR MIST
DPTR FM NORMAL: -1.6 DPTR FM NORMAL: 0.71 2 = FOG REDUCING VISIBILITY
HIGHEST: 93 ON 2 GRTST 24HR 0.86 ON 25-25 TO 1/4 MILE OR LESS
LOWEST: 45 ON 19 3 = THUNDER
SNOW, ICE PELLETS, HAIL 4 = ICE PELLETS
TOTAL MONTH: 0.0 INCH 5 = HAIL
GRTST 24HR 0.0 6 = FREEZING RAIN OR DRIZZLE
GRTST DEPTH: 0 7 = DUSTSTORM OR SANDSTORM:
VSBY 1/2 MILE OR LESS
8 = SMOKE OR HAZE
[NO. OF DAYS WITH] [WEATHER - DAYS WITH] 9 = BLOWING SNOW
X = TORNADO
MAX 32 OR BELOW: 0 0.01 INCH OR MORE: 3
MAX 90 OR ABOVE: 3 0.10 INCH OR MORE: 2
MIN 32 OR BELOW: 0 0.50 INCH OR MORE: 1
MIN 0 OR BELOW: 0 1.00 INCH OR MORE: 0
[HDD (BASE 65) ]
TOTAL THIS MO. 69 CLEAR (SCALE 0-3) 16
DPTR FM NORMAL 13 PTCLDY (SCALE 4-7) 12
TOTAL FM JUL 1 69 CLOUDY (SCALE 8-10) 3
DPTR FM NORMAL 11
[CDD (BASE 65) ]
TOTAL THIS MO. 80
DPTR FM NORMAL -28 [PRESSURE DATA]
TOTAL FM JAN 1 2782 HIGHEST SLP 30.37 ON 27
DPTR FM NORMAL 577 LOWEST SLP 29.65 ON 25
[REMARKS]
#FINAL-10-21#