000
CXUS55 KLMK 011625
CLMFFT
CLIMATE REPORT
NATIONAL WEATHER SERVICE LOUISVILLE KY
1125 AM EST THU FEB 01 2024
...................................
...THE FRANKFORT KY CLIMATE SUMMARY FOR THE MONTH OF JANUARY 2024...
CLIMATE NORMAL PERIOD 1991 TO 2020
CLIMATE RECORD PERIOD 1895 TO 2024
WEATHER OBSERVED NORMAL DEPART LAST YEAR`S
VALUE DATE(S) VALUE FROM VALUE DATE(S)
NORMAL
................................................................
TEMPERATURE (F)
RECORD
HIGH 80 01/24/1943
LOW -27 01/19/1994
HIGHEST 63 01/25 MM MM 64 01/03
01/17
01/19
LOWEST -6 01/21 MM MM 20 01/15
01/27
AVG. MAXIMUM 40.1 43.1 -3.0 50.3
AVG. MINIMUM 25.5 25.1 0.4 33.0
MEAN 32.8 34.1 -1.3 41.7
DAYS MAX >= 90 0 0.0 0.0 0
DAYS MAX <= 32 7 7.2 -0.2 1
DAYS MIN <= 32 20 23.4 -3.4 17
DAYS MIN <= 0 2 0.9 1.1 0
PRECIPITATION (INCHES)
RECORD
MAXIMUM 16.77 1937
MINIMUM 0.37 1981
TOTALS 5.96 3.27 2.69 5.82
DAILY AVG. 0.19 0.11 0.08 0.19
DAYS >= .01 15 11.2 3.8 16
DAYS >= .10 10 6.2 3.8 9
DAYS >= .50 4 2.0 2.0 2
DAYS >= 1.00 2 0.8 1.2 1
GREATEST
24 HR. TOTAL 1.62 01/08 TO 01/09
DEGREE DAYS
HEATING TOTAL 989 958 31 716
SINCE 7/1 2479 2659 -180 MM
COOLING TOTAL 0 0 0 0
SINCE 1/1 0 0 0 MM
................................................................
WIND (MPH)
AVERAGE WIND SPEED 7.1
HIGHEST WIND SPEED/DIRECTION 36/220 DATE 01/09
HIGHEST GUST SPEED/DIRECTION 50/240 DATE 01/09
SKY COVER
POSSIBLE SUNSHINE (PERCENT) MM
AVERAGE SKY COVER 0.69
NUMBER OF DAYS FAIR 8
NUMBER OF DAYS PC 5
NUMBER OF DAYS CLOUDY 18
AVERAGE RH (PERCENT) 75
WEATHER CONDITIONS. NUMBER OF DAYS WITH
THUNDERSTORM 1 MIXED PRECIP 0
HEAVY RAIN 4 RAIN 6
LIGHT RAIN 12 FREEZING RAIN 0
LT FREEZING RAIN 0 HAIL 0
HEAVY SNOW 0 SNOW 2
LIGHT SNOW 8 SLEET 0
FOG 19 FOG W/VIS <= 1/4 MILE 2
HAZE 6
- INDICATES NEGATIVE NUMBERS.
R INDICATES RECORD WAS SET OR TIED.
MM INDICATES DATA IS MISSING.
T INDICATES TRACE AMOUNT.
$$