000
CXUS53 KARX 011354
CF6FKA
PRELIMINARY LOCAL CLIMATOLOGICAL DATA (WS FORM: F-6)
STATION: PRESTON MN
MONTH: NOVEMBER
YEAR: 2022
LATITUDE: 43 40 N
LONGITUDE: 92 11 W
TEMPERATURE IN F: :PCPN: SNOW: WIND :SUNSHINE: SKY :PK WND
================================================================================
1 2 3 4 5 6A 6B 7 8 9 10 11 12 13 14 15 16 17 18
12Z AVG MX 2MIN
DY MAX MIN AVG DEP HDD CDD WTR SNW DPTH SPD SPD DIR MIN PSBL S-S WX SPD DR
================================================================================
1 71 43 57 M 8 0 0.00 0.0 0 10.6 17 190 M M 0 22 190
2 72 48 60 M 5 0 0.00 0.0 0 14.3 25 190 M M 0 35 200
3 64 52 58 M 7 0 0.00 0.0 0 12.1 22 190 M M 5 30 190
4 63 38 51 M 14 0 M 0.0 0 10.0 18 200 M M 10 1 29 320
5 41 34 38 M 27 0 M 0.0 0 10.9 18 350 M M 7 1 24 350
6 54 35 45 M 20 0 0.00 0.0 0 14.9 25 280 M M 1 33 270
7 37 25 31 M 34 0 0.00 0.0 0 8.6 21 310 M M 0 32 310
8 51 31 41 M 24 0 M 0.0 0 13.1 22 140 M M 3 3 32 140
9 66 48 57 M 8 0 0.00 0.0 0 16.0 20 210 M M 8 1 31 210
10 65 27 46 M 19 0 M 0.0 0 16.4 23 300 M M 9 1 29 270
11 28 21 25 M 40 0 0.00 0.0 0 15.4 20 310 M M 10 28 300
12 29 24 27 M 38 0 M M 0 11.9 16 310 M M 9 21 350
13 27 20 24 M 41 0 0.00 0.0 0 3.1 8 320 M M 6 M M
14 33 21 27 M 38 0 M M 0 7.1 16 160 M M 3 22 160
15 31 27 29 M 36 0 M M M 3.5 6 110 M M 8 1 M M
16 30 18 24 M 41 0 M M M 8.2 13 290 M M 7 1 21 270
17 28 19 24 M 41 0 M M M 13.7 20 310 M M 8 18 26 310
18 19 13 16 M 49 0 M M M 15.5 21 280 M M 5 28 280
19 19 6 13 M 52 0 M M M 15.4 21 300 M M 5 18 35 310
20 32 7 20 M 45 0 0.00 0.0 M 10.9 18 210 M M 0 23 190
21 32 19 26 M 39 0 0.00 0.0 M 7.6 15 310 M M 0 20 310
22 41 16 29 M 36 0 0.00 0.0 M 5.8 10 190 M M 0 M M
23 49 21 35 M 30 0 0.00 0.0 M 5.3 12 180 M M 0 1 M M
24 41 31 36 M 29 0 0.00 0.0 0 9.0 12 320 M M 4 1 17 330
25 49 28 39 M 26 0 0.00 0.0 0 9.3 15 210 M M 0 20 210
26 50 33 42 M 23 0 0.00 0.0 0 12.9 20 200 M M 0 27 210
27 40 24 32 M 33 0 0.00 0.0 0 9.6 15 350 M M 0 1 24 340
28 40 19 30 M 35 0 0.00 0.0 0 9.5 17 170 M M 0 8 23 170
29 34 18 26 M 39 0 M M 0 11.4 27 310 M M 7 1 32 300
30 19 9 14 M 51 0 M M M 16.2 25 290 M M 5 37 290
================================================================================
SM 1255 775 928 0 0.00 0.0 328.3 M 120
================================================================================
AV 41.8 25.8 10.9 FASTST M M 4 MAX(MPH)
MISC ----> 27 310 37 290
================================================================================
NOTES:
# LAST OF SEVERAL OCCURRENCES
COLUMN 17 PEAK WIND IN M.P.H.
PRELIMINARY LOCAL CLIMATOLOGICAL DATA (WS FORM: F-6) , PAGE 2
STATION: PRESTON MN
MONTH: NOVEMBER
YEAR: 2022
LATITUDE: 43 40 N
LONGITUDE: 92 11 W
[TEMPERATURE DATA] [PRECIPITATION DATA] SYMBOLS USED IN COLUMN 16
AVERAGE MONTHLY: 33.8 TOTAL FOR MONTH: 0.00 1 = FOG OR MIST
DPTR FM NORMAL: 0.0 DPTR FM NORMAL: M 2 = FOG REDUCING VISIBILITY
HIGHEST: 72 ON 2 GRTST 24HR 0.00 ON 1- 1 TO 1/4 MILE OR LESS
LOWEST: 6 ON 19 3 = THUNDER
SNOW, ICE PELLETS, HAIL 4 = ICE PELLETS
TOTAL MONTH: 0.0 INCH 5 = HAIL
GRTST 24HR 0.0 6 = FREEZING RAIN OR DRIZZLE
GRTST DEPTH: 0 7 = DUSTSTORM OR SANDSTORM:
VSBY 1/2 MILE OR LESS
8 = SMOKE OR HAZE
[NO. OF DAYS WITH] [WEATHER - DAYS WITH] 9 = BLOWING SNOW
X = TORNADO
MAX 32 OR BELOW: 11 0.01 INCH OR MORE: 0
MAX 90 OR ABOVE: 0 0.10 INCH OR MORE: 0
MIN 32 OR BELOW: 22 0.50 INCH OR MORE: 0
MIN 0 OR BELOW: 0 1.00 INCH OR MORE: 0
[HDD (BASE 65) ]
TOTAL THIS MO. 928 CLEAR (SCALE 0-3) 13
DPTR FM NORMAL M PTCLDY (SCALE 4-7) 12
TOTAL FM JUL 1 1583 CLOUDY (SCALE 8-10) 5
DPTR FM NORMAL M
[CDD (BASE 65) ]
TOTAL THIS MO. 0
DPTR FM NORMAL M [PRESSURE DATA]
TOTAL FM JAN 1 581 HIGHEST SLP M ON M
DPTR FM NORMAL M LOWEST SLP M ON M
[REMARKS]
#FINAL-11-22#