000
CXUS53 KMKX 010910
CF6FLD
PRELIMINARY LOCAL CLIMATOLOGICAL DATA (WS FORM: F-6)
STATION: FOND_DU_LAC WI
MONTH: NOVEMBER
YEAR: 2023
LATITUDE: 43 46 N
LONGITUDE: 88 29 W
TEMPERATURE IN F: :PCPN: SNOW: WIND :SUNSHINE: SKY :PK WND
================================================================================
1 2 3 4 5 6A 6B 7 8 9 10 11 12 13 14 15 16 17 18
12Z AVG MX 2MIN
DY MAX MIN AVG DEP HDD CDD WTR SNW DPTH SPD SPD DIR MIN PSBL S-S WX SPD DR
================================================================================
1 40 20 30 -13 35 0 0.00 M M 8.8 17 210 M M 2 24 200
2 51 30 41 -1 24 0 0.00 M M 9.1 16 220 M M 0 23 220
3 52 35 44 2 21 0 T M M 8.4 17 210 M M 5 24 200
4 50 29 40 -2 25 0 0.00 M M 3.8 13 30 M M 1 1 17 30
5 58 30 44 3 21 0 0.01 M M 8.4 24 180 M M 5 34 180
6 69 47 58 17 7 0 T M M 17.4 24 300 M M 6 37 200
7 47 40 44 4 21 0 0.00 M M 9.4 16 30 M M 6 22 310
8 47 42 45 5 20 0 0.16 M M 8.8 20 120 M M 10 1 28 140
9 52 34 43 4 22 0 T M M 11.1 25 280 M M 2 38 280
10 44 25 35 -4 30 0 0.00 M M 7.2 17 290 M M 4 23 310
11 45 22 34 -5 31 0 0.00 M M 4.5 15 190 M M 4 22 190
12 56 43 50 12 15 0 0.00 M M 16.4 28 190 M M 4 38 190
13 59 30 45 7 20 0 0.00 M M 8.4 22 300 M M 0 29 290
14 60 26 43 6 22 0 0.00 M M 11.0 24 200 M M 0 33 210
15 64 35 50 13 15 0 0.00 M M 7.4 20 200 M M 0 29 200
16 68 38 53 17 12 0 T M M 14.8 28 200 M M 1 40 210
17 59 23 41 5 24 0 T M M 9.8 24 300 M M 2 8 35 290
18 55 24 40 4 25 0 0.00 M M 7.8 15 280 M M 0 20 240
19 49 22 36 1 29 0 0.00 M M 4.5 10 90 M M 0 15 80
20 46 37 42 7 23 0 T M M 8.7 16 100 M M 3 22 90
21 43 30 37 3 28 0 0.21 M M 8.7 16 330 M M 7 1 21 360
22 43 33 38 4 27 0 0.00 M M 9.4 15 210 M M 4 24 210
23 43 24 34 0 31 0 0.00 M M 9.0 18 330 M M 0 25 330
24 31 17 24 -9 41 0 0.00 M M 7.3 16 330 M M 0 21 340
25 33 19 26 -7 39 0 T M M 4.1 9 240 M M 5 1 13 210
26 32 24 28 -4 37 0 0.12 M M 7.3 23 290 M M 10 18 32 290
27 24 11 18 -14 47 0 T M M 13.1 20 290 M M 3 29 290
28 21 10 16 -16 49 0 0.00 M M 12.0 20 190 M M 3 30 200
29 39 20 30 -1 35 0 0.00 M M 9.5 18 200 M M 1 27 210
30 45 23 34 3 31 0 0.00 M M 7.9 16 200 M M 0 25 200
================================================================================
SM 1425 843 807 0 0.50 M 274.0 M 88
================================================================================
AV 47.5 28.1 9.1 FASTST M M 3 MAX(MPH)
MISC ----> # 28 190 40 210
================================================================================
NOTES:
# LAST OF SEVERAL OCCURRENCES
COLUMN 17 PEAK WIND IN M.P.H.
PRELIMINARY LOCAL CLIMATOLOGICAL DATA (WS FORM: F-6) , PAGE 2
STATION: FOND_DU_LAC WI
MONTH: NOVEMBER
YEAR: 2023
LATITUDE: 43 46 N
LONGITUDE: 88 29 W
[TEMPERATURE DATA] [PRECIPITATION DATA] SYMBOLS USED IN COLUMN 16
AVERAGE MONTHLY: 37.8 TOTAL FOR MONTH: 0.50 1 = FOG OR MIST
DPTR FM NORMAL: 1.1 DPTR FM NORMAL: -1.34 2 = FOG REDUCING VISIBILITY
HIGHEST: 69 ON 6 GRTST 24HR 0.21 ON 20-21 TO 1/4 MILE OR LESS
LOWEST: 10 ON 28 3 = THUNDER
SNOW, ICE PELLETS, HAIL 4 = ICE PELLETS
TOTAL MONTH: M 5 = HAIL
GRTST 24HR M ON M 6 = FREEZING RAIN OR DRIZZLE
GRTST DEPTH: M ON M 7 = DUSTSTORM OR SANDSTORM:
VSBY 1/2 MILE OR LESS
8 = SMOKE OR HAZE
[NO. OF DAYS WITH] [WEATHER - DAYS WITH] 9 = BLOWING SNOW
X = TORNADO
MAX 32 OR BELOW: 4 0.01 INCH OR MORE: 4
MAX 90 OR ABOVE: 0 0.10 INCH OR MORE: 3
MIN 32 OR BELOW: 20 0.50 INCH OR MORE: 0
MIN 0 OR BELOW: 0 1.00 INCH OR MORE: 0
[HDD (BASE 65) ]
TOTAL THIS MO. 807 CLEAR (SCALE 0-3) 16
DPTR FM NORMAL -42 PTCLDY (SCALE 4-7) 12
TOTAL FM JUL 1 1294 CLOUDY (SCALE 8-10) 2
DPTR FM NORMAL -222
[CDD (BASE 65) ]
TOTAL THIS MO. 0
DPTR FM NORMAL 0 [PRESSURE DATA]
TOTAL FM JAN 1 736 HIGHEST SLP 30.58 ON 24
DPTR FM NORMAL 153 LOWEST SLP 29.53 ON 6
[REMARKS]
#FINAL-11-23#