000
CXUS52 KMFL 011135
CLMFLL
CLIMATE REPORT
NATIONAL WEATHER SERVICE MIAMI, FL
735 AM EDT SAT APR 01 2023
...................................
...THE FORT LAUDERDALE CLIMATE SUMMARY FOR THE MONTH OF MARCH 2023...
CLIMATE NORMAL PERIOD: 1991 TO 2020
CLIMATE RECORD PERIOD: 1912 TO 2023
WEATHER OBSERVED NORMAL DEPART LAST YEAR`S
VALUE DATE(S) VALUE FROM VALUE
NORMAL
..............................................................
TEMPERATURE (F)
RECORD
HIGH 94 03/24/1948
LOW 32 03/03/1980
03/02/1920
HIGHEST 89 03/13 90
LOWEST 58 03/20 50
AVG. MAXIMUM 83.4 79.7 3.7 81.8
AVG. MINIMUM 69.3 65.6 3.7 69.4
MEAN 76.3 72.6 3.7 75.6
DAYS MAX >= 90 0 1
DAYS MAX <= 32 0 0
DAYS MIN <= 32 0 0
DAYS MIN <= 0 0 0
PRECIPITATION (INCHES)
RECORD
MAXIMUM 12.31 1970
MINIMUM 0.03 2006
TOTALS 1.19 2.38 -1.19 1.00
DAILY AVG. 0.04 0.08 -0.04 0.03
DAYS >= .01 5 4
DAYS >= .10 3 2
DAYS >= .50 1 1
DAYS >= 1.00 0 0
GREATEST
24 HR. TOTAL 0.88 03/28 TO 03/29 0.52
DEGREE DAYS
HEATING TOTAL 0 11 -11 3
SINCE 7/1 72 117 -45 MM
COOLING TOTAL 358 248 110 341
SINCE 1/1 902 576 326 MM
..............................................................
WIND (MPH)
AVERAGE WIND SPEED 9.6
HIGHEST WIND SPEED/DIRECTION 26/180 DATE 03/03
HIGHEST GUST SPEED/DIRECTION 34/260 DATE 03/13
SKY COVER
POSSIBLE SUNSHINE (PERCENT) MM
AVERAGE SKY COVER 0.45
NUMBER OF DAYS FAIR 6
NUMBER OF DAYS PC 23
NUMBER OF DAYS CLOUDY 2
AVERAGE RH (PERCENT) 68
WEATHER CONDITIONS. NUMBER OF DAYS WITH
THUNDERSTORM 2 MIXED PRECIP 0
HEAVY RAIN 1 RAIN 2
LIGHT RAIN 5 FREEZING RAIN 0
LT FREEZING RAIN 0 HAIL 0
HEAVY SNOW 0 SNOW 0
LIGHT SNOW 0 SLEET 0
FOG 2 FOG W/VIS <= 1/4 MILE 0
HAZE 0
- INDICATES NEGATIVE NUMBERS.
R INDICATES RECORD WAS SET OR TIED.
MM INDICATES DATA IS MISSING.
T INDICATES TRACE AMOUNT.
$$