000
CXUS52 KMLB 010725
CF6FPR
PRELIMINARY LOCAL CLIMATOLOGICAL DATA (WS FORM: F-6)
STATION: FORT PIERCE
MONTH: NOVEMBER
YEAR: 2022
LATITUDE: 27 30 N
LONGITUDE: 80 22 W
TEMPERATURE IN F: :PCPN: SNOW: WIND :SUNSHINE: SKY :PK WND
================================================================================
1 2 3 4 5 6A 6B 7 8 9 10 11 12 13 14 15 16 17 18
12Z AVG MX 2MIN
DY MAX MIN AVG DEP HDD CDD WTR SNW DPTH SPD SPD DIR MIN PSBL S-S WX SPD DR
================================================================================
1 86 70 78 5 0 13 0.07 0.0 0 2.8 13 70 M M 4 12 20 330
2 86 71 79 7 0 14 0.00 0.0 0 4.7 13 80 M M 3 12 17 100
3 85 68 77 5 0 12 0.00 0.0 0 4.7 14 30 M M 3 21 350
4 84 67 76 4 0 11 T 0.0 0 6.9 15 60 M M 2 1 23 60
5 85 74 80 8 0 15 0.01 0.0 0 10.5 20 110 M M 4 18 25 120
6 85 74 80 8 0 15 0.25 0.0 0 11.8 22 110 M M 5 18 29 100
7 84 77 81 10 0 16 T 0.0 0 8.7 17 60 M M 4 26 40
8 84 72 78 7 0 13 0.24 0.0 0 10.1 22 70 M M 8 18 33 70
9 78 72 75 4 0 10 1.32 0.0 0 14.3 25 20 M M 10 18 45 30
10 82 70 76 5 0 11 0.41 0.0 0 15.4 31 170 M M 8 1 44 210
11 86 71 79 9 0 14 0.00 0.0 0 6.2 16 240 M M 1 24 210
12 86 69 78 8 0 13 0.02 0.0 0 4.5 12 230 M M 4 128 18 240
13 84 64 74 4 0 9 0.39 0.0 0 3.2 13 340 M M 2 13 19 320
14 83 65 74 4 0 9 0.00 0.0 0 3.9 12 90 M M 1 1 16 120
15 84 65 75 5 0 10 0.00 0.0 0 4.1 13 110 M M 1 16 130
16 86 66 76 6 0 11 0.00 0.0 0 4.2 12 310 M M 4 12 15 230
17 73 57 65 -5 0 0 0.00 0.0 0 7.6 15 10 M M 3 25 350
18 71 58 65 -4 0 0 0.00 0.0 0 5.9 13 10 M M 4 20 20
19 79 59 69 0 0 4 0.00 0.0 0 6.1 13 60 M M 0 21 10
20 74 66 70 1 0 5 0.61 0.0 0 9.2 15 40 M M 9 1 29 10
21 76 72 74 5 0 9 0.97 0.0 0 8.3 17 90 M M 9 1 24 70
22 78 71 75 6 0 10 1.46 0.0 0 4.8 20 100 M M 10 12 23 100
23 79 70 75 6 0 10 0.01 0.0 0 3.7 10 290 M M 10 12 13 290
24 83 69 76 8 0 11 0.00 0.0 0 3.7 13 100 M M 5 128 20 150
25 86 69 78 10 0 13 0.00 0.0 0 2.7 14 240 M M 1 1 18 200
26 83 68 76 8 0 11 0.00 0.0 0 4.9 12 120 M M 1 1 15 130
27 86 69 78 10 0 13 0.00 0.0 0 5.3 17 230 M M 2 1 24 210
28 78 60 69 1 0 4 0.01 0.0 0 3.2 9 340 M M 3 1 13 360
29 80 58 69 1 0 4 0.00 0.0 0 6.9 17 100 M M 1 22 100
30 86 63 75 7 0 10 T 0.0 0 5.6 15 260 M M 2 21 280
================================================================================
SM 2460 2024 0 300 5.77 0.0 193.9 M 124
================================================================================
AV 82.0 67.5 6.5 FASTST M M 4 MAX(MPH)
MISC ----> 31 170 45 30
================================================================================
NOTES:
# LAST OF SEVERAL OCCURRENCES
COLUMN 17 PEAK WIND IN M.P.H.
PRELIMINARY LOCAL CLIMATOLOGICAL DATA (WS FORM: F-6) , PAGE 2
STATION: FORT PIERCE
MONTH: NOVEMBER
YEAR: 2022
LATITUDE: 27 30 N
LONGITUDE: 80 22 W
[TEMPERATURE DATA] [PRECIPITATION DATA] SYMBOLS USED IN COLUMN 16
AVERAGE MONTHLY: 74.7 TOTAL FOR MONTH: 5.77 1 = FOG OR MIST
DPTR FM NORMAL: 4.8 DPTR FM NORMAL: 2.76 2 = FOG REDUCING VISIBILITY
HIGHEST: 86 ON 30,27 GRTST 24HR 2.39 ON 21-22 TO 1/4 MILE OR LESS
LOWEST: 57 ON 17 3 = THUNDER
SNOW, ICE PELLETS, HAIL 4 = ICE PELLETS
TOTAL MONTH: 0.0 INCH 5 = HAIL
GRTST 24HR 0.0 6 = FREEZING RAIN OR DRIZZLE
GRTST DEPTH: 0 7 = DUSTSTORM OR SANDSTORM:
VSBY 1/2 MILE OR LESS
8 = SMOKE OR HAZE
[NO. OF DAYS WITH] [WEATHER - DAYS WITH] 9 = BLOWING SNOW
X = TORNADO
MAX 32 OR BELOW: 0 0.01 INCH OR MORE: 13
MAX 90 OR ABOVE: 0 0.10 INCH OR MORE: 8
MIN 32 OR BELOW: 0 0.50 INCH OR MORE: 4
MIN 0 OR BELOW: 0 1.00 INCH OR MORE: 2
[HDD (BASE 65) ]
TOTAL THIS MO. 0 CLEAR (SCALE 0-3) 12
DPTR FM NORMAL -26 PTCLDY (SCALE 4-7) 13
TOTAL FM JUL 1 0 CLOUDY (SCALE 8-10) 5
DPTR FM NORMAL -28
[CDD (BASE 65) ]
TOTAL THIS MO. 300
DPTR FM NORMAL 127 [PRESSURE DATA]
TOTAL FM JAN 1 3699 HIGHEST SLP M ON M
DPTR FM NORMAL 418 LOWEST SLP 29.02 ON 10
[REMARKS]
#FINAL-11-22#