000
CXUS52 KMLB 011947
CF6FPR
PRELIMINARY LOCAL CLIMATOLOGICAL DATA (WS FORM: F-6)
STATION: FORT PIERCE
MONTH: SEPTEMBER
YEAR: 2020
LATITUDE: 27 30 N
LONGITUDE: 80 22 W
TEMPERATURE IN F: :PCPN: SNOW: WIND :SUNSHINE: SKY :PK WND
================================================================================
1 2 3 4 5 6A 6B 7 8 9 10 11 12 13 14 15 16 17 18
12Z AVG MX 2MIN
DY MAX MIN AVG DEP HDD CDD WTR SNW DPTH SPD SPD DIR MIN PSBL S-S WX SPD DR
================================================================================
1 90 72 81 0 0 16 0.00 0.0 0 4.6 14 130 M M 2 18 130
2 88 74 81 0 0 16 0.00 0.0 0 5.1 16 130 M M 1 1 20 100
3 90 75 83 2 0 18 0.00 0.0 0 5.8 15 100 M M 0 1 18 100
4 90 75 83 2 0 18 0.00 0.0 0 4.0 13 100 M M 1 1 15 100
5 89 75 82 1 0 17 0.00 0.0 0 4.2 14 90 M M 2 1 18 100
6 88 73 81 0 0 16 0.32 0.0 0 4.6 24 130 M M 3 13 29 130
7 85 72 79 -2 0 14 0.33 0.0 0 3.9 15 110 M M 2 13 18 120
8 86 72 79 -2 0 14 T 0.0 0 4.4 14 130 M M 3 3 18 100
9 86 73 80 -1 0 15 0.03 0.0 0 3.3 16 100 M M 2 1 19 120
10 87 74 81 0 0 16 0.68 0.0 0 3.2 22 110 M M 2 1 26 100
11 88 76 82 1 0 17 0.20 0.0 0 8.1 22 90 M M 3 18 28 110
12 87 73 80 -1 0 15 0.46 0.0 0 17.1 30 120 M M 5 18 39 130
13 85 74 80 -1 0 15 0.87 0.0 0 8.8 22 130 M M 4 13 28 160
14 88 76 82 1 0 17 0.00 0.0 0 6.7 16 130 M M 1 21 120
15 88 74 81 0 0 16 0.00 0.0 0 5.7 16 110 M M 1 19 100
16 89 74 82 1 0 17 0.41 0.0 0 5.2 20 130 M M 3 13 24 130
17 92 76 84 3 0 19 0.00 0.0 0 6.4 15 220 M M 1 20 190
18 92 77 85 4 0 20 0.10 0.0 0 6.4 28 240 M M 4 13 39 240
19 88 75 82 1 0 17 0.00 0.0 0 3.8 10 80 M M 2 14 90
20 88 76 82 2 0 17 0.32 0.0 0 11.4 21 60 M M 8 1 34 70
21 85 77 81 1 0 16 0.02 0.0 0 12.8 22 60 M M 9 1 33 60
22 85 77 81 1 0 16 0.00 0.0 0 10.9 20 80 M M 6 27 90
23 85 73 79 -1 0 14 T 0.0 0 8.3 17 100 M M 3 21 100
24 86 76 81 1 0 16 0.30 0.0 0 9.1 21 110 M M 8 1 24 120
25 88 73 81 1 0 16 0.20 0.0 0 3.3 15 90 M M 3 13 19 100
26 90 71 81 1 0 16 0.00 0.0 0 3.7 12 290 M M 2 1 17 280
27 88 72 80 0 0 15 0.00 0.0 0 6.2 14 90 M M 2 1 18 100
28 89 75 82 2 0 17 0.56 0.0 0 4.8 15 110 M M 3 13 18 110
29 89 73 81 1 0 16 0.12 0.0 0 4.9 14 160 M M 4 138 19 160
30 81 70 76 -4 0 11 0.04 0.0 0 5.4 15 10 M M 8 1 23 340
================================================================================
SM 2630 2223 0 483 4.96 0.0 192.1 M 98
================================================================================
AV 87.7 74.1 6.4 FASTST M M 3 MAX(MPH)
MISC ----> 30 120 # 39 130
================================================================================
NOTES:
# LAST OF SEVERAL OCCURRENCES
COLUMN 17 PEAK WIND IN M.P.H.
PRELIMINARY LOCAL CLIMATOLOGICAL DATA (WS FORM: F-6) , PAGE 2
STATION: FORT PIERCE
MONTH: SEPTEMBER
YEAR: 2020
LATITUDE: 27 30 N
LONGITUDE: 80 22 W
[TEMPERATURE DATA] [PRECIPITATION DATA] SYMBOLS USED IN COLUMN 16
AVERAGE MONTHLY: 80.9 TOTAL FOR MONTH: 4.96 1 = FOG OR MIST
DPTR FM NORMAL: 0.3 DPTR FM NORMAL: -2.34 2 = FOG REDUCING VISIBILITY
HIGHEST: 92 ON 18,17 GRTST 24HR 1.10 ON 12-13 TO 1/4 MILE OR LESS
LOWEST: 70 ON 30 3 = THUNDER
SNOW, ICE PELLETS, HAIL 4 = ICE PELLETS
TOTAL MONTH: 0.0 INCH 5 = HAIL
GRTST 24HR 0.0 6 = FREEZING RAIN OR DRIZZLE
GRTST DEPTH: 0 7 = DUSTSTORM OR SANDSTORM:
VSBY 1/2 MILE OR LESS
8 = SMOKE OR HAZE
[NO. OF DAYS WITH] [WEATHER - DAYS WITH] 9 = BLOWING SNOW
X = TORNADO
MAX 32 OR BELOW: 0 0.01 INCH OR MORE: 16
MAX 90 OR ABOVE: 6 0.10 INCH OR MORE: 13
MIN 32 OR BELOW: 0 0.50 INCH OR MORE: 3
MIN 0 OR BELOW: 0 1.00 INCH OR MORE: 0
[HDD (BASE 65) ]
TOTAL THIS MO. 0 CLEAR (SCALE 0-3) 18
DPTR FM NORMAL 0 PTCLDY (SCALE 4-7) 11
TOTAL FM JUL 1 0 CLOUDY (SCALE 8-10) 1
DPTR FM NORMAL 0
[CDD (BASE 65) ]
TOTAL THIS MO. 483
DPTR FM NORMAL 14 [PRESSURE DATA]
TOTAL FM JAN 1 3276 HIGHEST SLP 30.11 ON 5
DPTR FM NORMAL 538 LOWEST SLP 29.78 ON 29
[REMARKS]
#FINAL-09-20#