000
CXUS54 KFWD 010731
CF6FTW
PRELIMINARY LOCAL CLIMATOLOGICAL DATA (WS FORM: F-6)
STATION: FORT WORTH MEACHAM
MONTH: MARCH
YEAR: 2024
LATITUDE: 32 49 N
LONGITUDE: 97 21 W
TEMPERATURE IN F: :PCPN: SNOW: WIND :SUNSHINE: SKY :PK WND
================================================================================
1 2 3 4 5 6A 6B 7 8 9 10 11 12 13 14 15 16 17 18
12Z AVG MX 2MIN
DY MAX MIN AVG DEP HDD CDD WTR SNW DPTH SPD SPD DIR MIN PSBL S-S WX SPD DR
================================================================================
1 68 36 52 -1 13 0 0.00 M M 7.8 17 150 M M 1 1 23 150
2 81 47 64 11 1 0 0.00 M M 12.7 22 160 M M 0 31 150
3 78 59 69 15 0 4 0.00 M M 15.6 22 170 M M 2 29 160
4 82 63 73 19 0 8 0.00 M M 11.4 21 180 M M 4 1 32 170
5 77 55 66 12 0 1 0.00 M M 7.0 16 350 M M 0 1 25 20
6 76 49 63 9 2 0 T M M 8.1 29 130 M M 1 3 36 120
7 66 56 61 6 4 0 1.90 M M 8.1 22 140 M M 7 13 31 140
8 69 41 55 0 10 0 0.13 M M 13.8 26 310 M M 9 13 42 310
9 58 40 49 -6 16 0 0.00 M M 12.1 22 320 M M 4 33 310
10 62 38 50 -6 15 0 0.00 M M 3.0 8 150 M M 0 11 140
11 68 47 58 2 7 0 0.02 M M 8.2 18 160 M M 3 23 170
12 74 51 63 7 2 0 0.00 M M 12.8 23 170 M M 3 31 150
13 79 62 71 15 0 6 0.00 M M 16.0 23 160 M M 4 30 150
14 79 70 75 18 0 10 0.01 M M 10.9 25 170 M M 9 38 35 180
15 71 52 62 5 3 0 0.37 M M 11.7 26 350 M M 8 13 38 70
16 59 54 57 0 8 0 0.91 M M 8.3 16 40 M M 10 13 20 50
17 64 51 58 0 7 0 T M M 10.5 21 10 M M 7 1 28 360
18 57 42 50 -8 15 0 0.00 M M 8.5 17 10 M M 2 24 10
19 65 36 51 -7 14 0 0.00 M M 6.5 16 160 M M 0 22 150
20 70 47 59 1 6 0 0.00 M M 8.9 20 160 M M 2 26 160
21 63 54 59 0 6 0 0.27 M M 8.1 20 280 M M 6 13 29 280
22 68 53 61 2 4 0 0.02 M M 9.0 20 10 M M 7 1 27 10
23 66 45 56 -3 9 0 0.00 M M 8.3 15 130 M M 0 20 10
24 67 57 62 2 3 0 0.15 M M 18.6 31 160 M M 6 13 46 180
25 71 41 56 -4 9 0 0.23 M M 11.6 26 330 M M 5 13 36 330
26 57 35 46 -14 19 0 0.00 M M 9.0 18 310 M M 0 27 290
27 64 37 51 -9 14 0 0.00 M M 6.6 14 150 M M 1 19 160
28 70 40 55 -6 10 0 0.00 M M 8.6 16 160 M M 0 28 140
29 74 57 66 5 0 1 0.00 M M 18.4 32 160 M M 0 42 170
30 78 61 70 9 0 5 0.00 M M 13.3 21 170 M M 3 29 160
31 75 64 70 9 0 5 0.00 M M 12.9 25 180 M M 7 35 180
================================================================================
SM 2156 1540 197 40 4.01 M 326.3 M 111
================================================================================
AV 69.5 49.7 10.5 FASTST M M 4 MAX(MPH)
MISC ----> 32 160 46 180
================================================================================
NOTES:
# LAST OF SEVERAL OCCURRENCES
COLUMN 17 PEAK WIND IN M.P.H.
PRELIMINARY LOCAL CLIMATOLOGICAL DATA (WS FORM: F-6) , PAGE 2
STATION: FORT WORTH MEACHAM
MONTH: MARCH
YEAR: 2024
LATITUDE: 32 49 N
LONGITUDE: 97 21 W
[TEMPERATURE DATA] [PRECIPITATION DATA] SYMBOLS USED IN COLUMN 16
AVERAGE MONTHLY: 59.6 TOTAL FOR MONTH: 4.01 1 = FOG OR MIST
DPTR FM NORMAL: 2.3 DPTR FM NORMAL: 0.85 2 = FOG REDUCING VISIBILITY
HIGHEST: 82 ON 4 GRTST 24HR 2.02 ON 7- 8 TO 1/4 MILE OR LESS
LOWEST: 35 ON 26 3 = THUNDER
SNOW, ICE PELLETS, HAIL 4 = ICE PELLETS
TOTAL MONTH: M 5 = HAIL
GRTST 24HR M ON M 6 = FREEZING RAIN OR DRIZZLE
GRTST DEPTH: M ON M 7 = DUSTSTORM OR SANDSTORM:
VSBY 1/2 MILE OR LESS
8 = SMOKE OR HAZE
[NO. OF DAYS WITH] [WEATHER - DAYS WITH] 9 = BLOWING SNOW
X = TORNADO
MAX 32 OR BELOW: 0 0.01 INCH OR MORE: 10
MAX 90 OR ABOVE: 0 0.10 INCH OR MORE: 7
MIN 32 OR BELOW: 0 0.50 INCH OR MORE: 2
MIN 0 OR BELOW: 0 1.00 INCH OR MORE: 1
[HDD (BASE 65) ]
TOTAL THIS MO. 197 CLEAR (SCALE 0-3) 15
DPTR FM NORMAL -73 PTCLDY (SCALE 4-7) 13
TOTAL FM JUL 1 2013 CLOUDY (SCALE 8-10) 3
DPTR FM NORMAL -215
[CDD (BASE 65) ]
TOTAL THIS MO. 40
DPTR FM NORMAL 10 [PRESSURE DATA]
TOTAL FM JAN 1 62 HIGHEST SLP M ON M
DPTR FM NORMAL 23 LOWEST SLP 29.43 ON 24
[REMARKS]
#FINAL-03-24#