000
CXUS54 KFWD 072138
CF6FTW
PRELIMINARY LOCAL CLIMATOLOGICAL DATA (WS FORM: F-6)
STATION: FORT WORTH MEACHAM
MONTH: APRIL
YEAR: 2022
LATITUDE: 32 49 N
LONGITUDE: 97 21 W
TEMPERATURE IN F: :PCPN: SNOW: WIND :SUNSHINE: SKY :PK WND
================================================================================
1 2 3 4 5 6A 6B 7 8 9 10 11 12 13 14 15 16 17 18
12Z AVG MX 2MIN
DY MAX MIN AVG DEP HDD CDD WTR SNW DPTH SPD SPD DIR MIN PSBL S-S WX SPD DR
================================================================================
1 75 54 65 3 0 0 0.08 M M 9.7 29 320 M M 1 1 39 310
2 76 48 62 0 3 0 T M M 7.9 21 360 M M 0 29 360
3 83 52 68 6 0 3 0.00 M M 13.6 25 150 M M 0 35 160
4 79 59 69 7 0 4 1.01 M M 12.7 26 10 M M 5 13 35 20
5 92 57 75 13 0 10 0.02 M M 9.7 23 220 M M 2 1 33 210
6 77 52 65 2 0 0 0.00 M M 16.4 38 350 M M 0 53 340
7 68 45 57 -6 8 0 0.00 M M 15.6 36 310 M M 4 52 300
8 67 46 57 -6 8 0 0.00 M M 12.4 29 320 M M 1 8 39 330
9 86 43 65 2 0 0 0.00 M M 12.3 25 180 M M 0 42 180
10 83 61 72 8 0 7 0.00 M M 21.4 31 170 M M 1 42 160
11 89 68 79 15 0 14 T M M 16.2 29 180 M M 4 3 38 180
12 81 63 72 8 0 7 0.12 M M 18.0 35 140 M M 6 13 45 230
13 79 56 68 4 0 3 T M M 16.6 28 310 M M 3 40 170
14 75 49 62 -2 3 0 0.00 M M 9.9 18 120 M M 0 26 120
15 85 54 70 6 0 5 0.00 M M 14.9 23 150 M M 3 32 170
16 80 54 67 2 0 2 0.00 M M 12.0 22 180 M M 5 18 29 170
17 77 54 66 1 0 1 0.00 M M 7.8 17 360 M M 6 25 320
18 73 50 62 -3 3 0 0.00 M M 11.2 20 20 M M 1 25 30
19 75 52 64 -1 1 0 0.00 M M 15.5 28 130 M M 4 39 150
20 91 64 78 12 0 13 0.00 M M 19.9 29 160 M M 5 1 41 170
21 87 71 79 13 0 14 0.00 M M 19.1 28 130 M M 8 37 150
22 85 70 78 12 0 13 0.00 M M 21.2 33 150 M M 7 46 140
23 82 69 76 10 0 11 0.00 M M 22.1 32 160 M M 8 43 150
24 81 56 69 3 0 4 0.73 M M 14.7 28 170 M M 9 13 39 170
25 67 51 59 -8 6 0 0.91 M M 11.4 22 350 M M 5 13 30 10
26 73 46 60 -7 5 0 0.00 M M 7.9 14 80 M M 0 21 80
27 76 53 65 -2 0 0 0.00 M M 10.3 20 140 M M 5 27 140
28 81 63 72 4 0 7 0.00 M M 14.6 25 160 M M 6 34 150
29 81 68 75 7 0 10 0.00 M M 18.2 29 160 M M 6 39 170
30 82 61 72 4 0 7 0.00 M M 11.5 26 190 M M 2 37 170
================================================================================
SM 2386 1689 37 135 2.87 M 424.7 M 107
================================================================================
AV 79.5 56.3 14.2 FASTST M M 4 MAX(MPH)
MISC ----> 38 350 53 340
================================================================================
NOTES:
# LAST OF SEVERAL OCCURRENCES
COLUMN 17 PEAK WIND IN M.P.H.
PRELIMINARY LOCAL CLIMATOLOGICAL DATA (WS FORM: F-6) , PAGE 2
STATION: FORT WORTH MEACHAM
MONTH: APRIL
YEAR: 2022
LATITUDE: 32 49 N
LONGITUDE: 97 21 W
[TEMPERATURE DATA] [PRECIPITATION DATA] SYMBOLS USED IN COLUMN 16
AVERAGE MONTHLY: 67.9 TOTAL FOR MONTH: 2.87 1 = FOG OR MIST
DPTR FM NORMAL: 3.2 DPTR FM NORMAL: -0.19 2 = FOG REDUCING VISIBILITY
HIGHEST: 92 ON 5 GRTST 24HR 1.64 ON 24-25 TO 1/4 MILE OR LESS
LOWEST: 43 ON 9 3 = THUNDER
SNOW, ICE PELLETS, HAIL 4 = ICE PELLETS
TOTAL MONTH: M 5 = HAIL
GRTST 24HR M ON M 6 = FREEZING RAIN OR DRIZZLE
GRTST DEPTH: M ON M 7 = DUSTSTORM OR SANDSTORM:
VSBY 1/2 MILE OR LESS
8 = SMOKE OR HAZE
[NO. OF DAYS WITH] [WEATHER - DAYS WITH] 9 = BLOWING SNOW
X = TORNADO
MAX 32 OR BELOW: 0 0.01 INCH OR MORE: 6
MAX 90 OR ABOVE: 2 0.10 INCH OR MORE: 4
MIN 32 OR BELOW: 0 0.50 INCH OR MORE: 3
MIN 0 OR BELOW: 0 1.00 INCH OR MORE: 1
[HDD (BASE 65) ]
TOTAL THIS MO. 37 CLEAR (SCALE 0-3) 14
DPTR FM NORMAL -62 PTCLDY (SCALE 4-7) 15
TOTAL FM JUL 1 1992 CLOUDY (SCALE 8-10) 1
DPTR FM NORMAL -335
[CDD (BASE 65) ]
TOTAL THIS MO. 135
DPTR FM NORMAL 45 [PRESSURE DATA]
TOTAL FM JAN 1 168 HIGHEST SLP 30.39 ON 26
DPTR FM NORMAL 39 LOWEST SLP 29.37 ON 5
[REMARKS]
#FINAL-04-22#