000
CXUS51 KCAR 010700
CF6FVE
PRELIMINARY LOCAL CLIMATOLOGICAL DATA (WS FORM: F-6)
STATION: FRENCHVILLE ME
MONTH: NOVEMBER
YEAR: 2021
LATITUDE: 47 16 N
LONGITUDE: 68 19 W
TEMPERATURE IN F: :PCPN: SNOW: WIND :SUNSHINE: SKY :PK WND
================================================================================
1 2 3 4 5 6A 6B 7 8 9 10 11 12 13 14 15 16 17 18
12Z AVG MX 2MIN
DY MAX MIN AVG DEP HDD CDD WTR SNW DPTH SPD SPD DIR MIN PSBL S-S WX SPD DR
================================================================================
1 53 34 44 6 21 0 T M M 12.4 32 250 M M 5 1 42 240
2 46 32 39 1 26 0 0.00 M M 9.3 22 240 M M 2 32 220
3 41 26 34 -3 31 0 0.00 M M 4.8 13 330 M M 4 12 18 340
4 38 25 32 -5 33 0 0.00 M M 6.7 14 320 M M 6 18 300
5 40 25 33 -3 32 0 0.00 M M 7.9 18 280 M M 4 24 290
6 49 29 39 3 26 0 0.00 M M 9.1 22 250 M M 0 29 250
7 51 31 41 5 24 0 0.00 M M 6.1 14 240 M M 1 18 260
8 54 36 45 10 20 0 0.00 M M 3.7 10 320 M M 4 13 300
9 57 34 46 11 19 0 0.00 M M 8.9 21 300 M M 3 25 300
10 46 30 38 4 27 0 T M M 5.3 13 300 M M 2 17 300
11 44 28 36 2 29 0 T M M 7.5 16 320 M M 5 1 21 340
12 40 28 34 1 31 0 0.40 M M 11.5 21 120 M M 9 16 30 120
13 47 35 41 8 24 0 0.01 M M 5.1 10 100 M M 7 12 15 80
14 43 33 38 6 27 0 0.16 M M 6.9 21 290 M M 9 1 27 290
15 33 30 32 0 33 0 0.23 M M 12.5 29 320 M M 10 12 39 310
16 33 27 30 -2 35 0 T M M 16.5 32 290 M M 8 1 39 280
17 32 23 28 -3 37 0 T M M 8.9 23 300 M M 6 29 310
18 40 27 34 3 31 0 0.38 M M 10.8 20 140 M M 10 126 27 140
19 38 29 34 4 31 0 0.02 M M 10.8 24 320 M M 8 1 33 290
20 34 26 30 0 35 0 T M M 8.6 21 300 M M 4 29 300
21 36 28 32 3 33 0 0.00 M M 6.7 13 130 M M 9 16 130
22 44 30 37 8 28 0 0.26 M M 9.8 22 240 M M 10 126 33 230
23 30 21 26 -3 39 0 0.00 M M 15.0 29 330 M M 4 41 330
24 32 23 28 0 37 0 0.00 M M 15.1 29 330 M M 4 37 330
25 42 24 33 5 32 0 0.00 M M 10.4 17 320 M M 0 24 310
26 35 29 32 5 33 0 0.21 M M 8.2 17 320 M M 10 1 21 320
27 31 21 26 -1 39 0 0.01 M M 16.9 29 290 M M 10 1 38 290
28 25 18 22 -4 43 0 T M M 10.3 22 270 M M 9 27 260
29 24 17 21 -5 44 0 T M M 6.2 14 360 M M 9 18 20 20
30 23 14 19 -7 46 0 T M M 11.7 21 290 M M 9 1 28 300
================================================================================
SM 1181 813 946 0 1.68 M 283.6 M 181
================================================================================
AV 39.4 27.1 9.5 FASTST M M 6 MAX(MPH)
MISC ----> # 32 250 42 240
================================================================================
NOTES:
# LAST OF SEVERAL OCCURRENCES
COLUMN 17 PEAK WIND IN M.P.H.
PRELIMINARY LOCAL CLIMATOLOGICAL DATA (WS FORM: F-6) , PAGE 2
STATION: FRENCHVILLE ME
MONTH: NOVEMBER
YEAR: 2021
LATITUDE: 47 16 N
LONGITUDE: 68 19 W
[TEMPERATURE DATA] [PRECIPITATION DATA] SYMBOLS USED IN COLUMN 16
AVERAGE MONTHLY: 33.2 TOTAL FOR MONTH: 1.68 1 = FOG OR MIST
DPTR FM NORMAL: 1.4 DPTR FM NORMAL: -0.90 2 = FOG REDUCING VISIBILITY
HIGHEST: 57 ON 9 GRTST 24HR 0.40 ON 12-12 TO 1/4 MILE OR LESS
LOWEST: 14 ON 30 3 = THUNDER
SNOW, ICE PELLETS, HAIL 4 = ICE PELLETS
TOTAL MONTH: M 5 = HAIL
GRTST 24HR M ON M 6 = FREEZING RAIN OR DRIZZLE
GRTST DEPTH: M ON M 7 = DUSTSTORM OR SANDSTORM:
VSBY 1/2 MILE OR LESS
8 = SMOKE OR HAZE
[NO. OF DAYS WITH] [WEATHER - DAYS WITH] 9 = BLOWING SNOW
X = TORNADO
MAX 32 OR BELOW: 7 0.01 INCH OR MORE: 9
MAX 90 OR ABOVE: 0 0.10 INCH OR MORE: 6
MIN 32 OR BELOW: 25 0.50 INCH OR MORE: 0
MIN 0 OR BELOW: 0 1.00 INCH OR MORE: 0
[HDD (BASE 65) ]
TOTAL THIS MO. 946 CLEAR (SCALE 0-3) 6
DPTR FM NORMAL -50 PTCLDY (SCALE 4-7) 13
TOTAL FM JUL 1 1830 CLOUDY (SCALE 8-10) 11
DPTR FM NORMAL -237
[CDD (BASE 65) ]
TOTAL THIS MO. 0
DPTR FM NORMAL 0 [PRESSURE DATA]
TOTAL FM JAN 1 294 HIGHEST SLP 30.46 ON 12
DPTR FM NORMAL 86 LOWEST SLP 29.18 ON 27
[REMARKS]
#FINAL-11-21#