005
CXUS51 KCAR 010600
CF6FVE
PRELIMINARY LOCAL CLIMATOLOGICAL DATA (WS FORM: F-6)
STATION: FRENCHVILLE ME
MONTH: MARCH
YEAR: 2021
LATITUDE: 47 16 N
LONGITUDE: 68 19 W
TEMPERATURE IN F: :PCPN: SNOW: WIND :SUNSHINE: SKY :PK WND
================================================================================
1 2 3 4 5 6A 6B 7 8 9 10 11 12 13 14 15 16 17 18
12Z AVG MX 2MIN
DY MAX MIN AVG DEP HDD CDD WTR SNW DPTH SPD SPD DIR MIN PSBL S-S WX SPD DR
================================================================================
1 32 6 19 1 46 0 0.07 M M 18.7 39 320 M M 10 129 50 340
2 7 -7 0 -18 65 0 T M M 28.4 39 300 M M 8 52 290
3 24 3 14 -5 51 0 T M M 21.5 36 290 M M 0 48 300
4 16 5 11 -8 54 0 T M M 18.7 32 290 M M 5 8 42 280
5 16 1 9 -10 56 0 0.00 M M 13.9 23 280 M M 3 29 320
6 23 1 12 -8 53 0 T M M 12.5 22 260 M M 7 30 260
7 24 4 14 -6 51 0 0.00 M M 9.9 16 330 M M 2 23 320
8 30 7 19 -1 46 0 0.00 M M 5.2 17 330 M M 0 22 330
9 26 11 19 -2 46 0 0.05 M M 8.6 21 320 M M 7 18 26 320
10 42 16 29 8 36 0 T M M 7.9 15 170 M M 0 21 160
11 47 32 40 18 25 0 0.03 M M 11.2 16 150 M M 9 6 21 170
12 47 29 38 16 27 0 0.04 M M 20.9 35 250 M M 8 47 260
13 29 14 22 0 43 0 T M M 17.9 35 330 M M 4 8 47 310
14 19 6 13 -9 52 0 T M M 13.1 31 330 M M 9 18 39 330
15 7 -3 2 -21 63 0 T M M 19.4 31 320 M M 7 8 42 320
16 24 -2 11 -12 54 0 0.00 M M 9.6 20 320 M M 1 25 320
17 47 15 31 7 34 0 0.00 M M 5.8 13 280 M M 1 16 260
18 41 11 26 2 39 0 0.01 M M 14.3 28 330 M M 7 1 37 330
19 22 4 13 -11 52 0 0.00 M M 15.7 31 330 M M 1 42 330
20 48 16 32 7 33 0 0.00 M M 11.2 25 290 M M 2 31 280
21 58 29 44 19 21 0 0.00 M M 10.8 22 240 M M 0 28 240
22 61 36 49 23 16 0 0.00 M M 8.9 16 220 M M 0 22 230
23 64 33 49 23 16 0 0.00 M M 6.1 12 270 M M 0 13 230
24 56 36 46 20 19 0 0.03 M M 7.2 12 140 M M 2 17 130
25 54 39 47 20 18 0 0.15 M M 8.4 14 150 M M 10 12 20 150
26 46 30 38 11 27 0 0.75 M M 11.1 25 40 M M 10 12 36 40
27 31 25 28 0 37 0 0.04 M M 6.4 21 340 M M 10 1 27 40
28 32 22 27 -1 38 0 0.15 M M 17.5 30 140 M M 10 126 40 140
29 34 20 27 -1 38 0 0.06 M M 19.6 37 300 M M 7 126 53 300
30 44 15 30 1 35 0 0.00 M M 10.8 20 160 M M 1 27 190
31 51 31 41 12 24 0 T M M 11.6 21 160 M M 3 1 26 150
================================================================================
SM 1102 485 1215 0 1.38 M 402.8 M 144
================================================================================
AV 35.5 15.6 13.0 FASTST M M 5 MAX(MPH)
MISC ----> # 39 320 53 300
================================================================================
NOTES:
# LAST OF SEVERAL OCCURRENCES
COLUMN 17 PEAK WIND IN M.P.H.
PRELIMINARY LOCAL CLIMATOLOGICAL DATA (WS FORM: F-6) , PAGE 2
STATION: FRENCHVILLE ME
MONTH: MARCH
YEAR: 2021
LATITUDE: 47 16 N
LONGITUDE: 68 19 W
[TEMPERATURE DATA] [PRECIPITATION DATA] SYMBOLS USED IN COLUMN 16
AVERAGE MONTHLY: 25.6 TOTAL FOR MONTH: 1.38 1 = FOG OR MIST
DPTR FM NORMAL: 2.3 DPTR FM NORMAL: -0.10 2 = FOG REDUCING VISIBILITY
HIGHEST: 64 ON 23 GRTST 24HR 0.79 ON 26-27 TO 1/4 MILE OR LESS
LOWEST: -7 ON 2 3 = THUNDER
SNOW, ICE PELLETS, HAIL 4 = ICE PELLETS
TOTAL MONTH: M 5 = HAIL
GRTST 24HR M ON M 6 = FREEZING RAIN OR DRIZZLE
GRTST DEPTH: M ON M 7 = DUSTSTORM OR SANDSTORM:
VSBY 1/2 MILE OR LESS
8 = SMOKE OR HAZE
[NO. OF DAYS WITH] [WEATHER - DAYS WITH] 9 = BLOWING SNOW
X = TORNADO
MAX 32 OR BELOW: 16 0.01 INCH OR MORE: 11
MAX 90 OR ABOVE: 0 0.10 INCH OR MORE: 3
MIN 32 OR BELOW: 27 0.50 INCH OR MORE: 1
MIN 0 OR BELOW: 3 1.00 INCH OR MORE: 0
[HDD (BASE 65) ]
TOTAL THIS MO. 1215 CLEAR (SCALE 0-3) 15
DPTR FM NORMAL -76 PTCLDY (SCALE 4-7) 9
TOTAL FM JUL 1 7331 CLOUDY (SCALE 8-10) 7
DPTR FM NORMAL -961
[CDD (BASE 65) ]
TOTAL THIS MO. 0
DPTR FM NORMAL 0 [PRESSURE DATA]
TOTAL FM JAN 1 0 HIGHEST SLP M ON M
DPTR FM NORMAL 0 LOWEST SLP 29.17 ON 1
[REMARKS]
#FINAL-03-21#