000
CXUS52 KMFL 011030
CF6FXE
PRELIMINARY LOCAL CLIMATOLOGICAL DATA (WS FORM: F-6)
STATION: FORT LAUDERDALE EXEC ARPT
MONTH: AUGUST
YEAR: 2023
LATITUDE: 26 12 N
LONGITUDE: 80 11 W
TEMPERATURE IN F: :PCPN: SNOW: WIND :SUNSHINE: SKY :PK WND
================================================================================
1 2 3 4 5 6A 6B 7 8 9 10 11 12 13 14 15 16 17 18
12Z AVG MX 2MIN
DY MAX MIN AVG DEP HDD CDD WTR SNW DPTH SPD SPD DIR MIN PSBL S-S WX SPD DR
================================================================================
1 94 78 86 2 0 21 0.04 0.0 0 2.7 16 160 M M 1 3 21 160
2 93 75 84 0 0 19 1.40 0.0 0 5.4 24 210 M M 2 13 30 200
3 92 76 84 0 0 19 1.04 0.0 0 4.7 15 110 M M 4 13 19 90
4 91 78 85 1 0 20 0.14 M M 3.2 14 220 M M 2 13 20 180
5 93 80 87 3 0 22 T M M 3.7 13 180 M M 1 3 16 140
6 94 81 88 4 0 23 0.02 M M 4.7 15 140 M M 3 3 19 120
7 95 81 88 4 0 23 0.00 M M 4.4 15 280 M M 2 3 19 270
8 96 80 88 4 0 23 T M M 4.7 17 130 M M 2 3 20 140
9 96 79 88 4 0 23 0.36 0.0 0 3.9 25 220 M M 2 13 35 220
10 95 78 87 3 0 22 0.43 0.0 0 4.6 18 280 M M 3 13 23 290
11 96 78 87 3 0 22 0.00 0.0 0 4.5 14 110 M M 1 19 110
12 93 82 88 4 0 23 0.00 0.0 0 8.0 17 140 M M 2 24 90
13 92 78 85 1 0 20 0.13 0.0 0 6.3 21 150 M M 3 138X 30 150
14 94 79 87 3 0 22 0.00 0.0 0 6.2 17 100 M M 2 3 22 100
15 95 81 88 4 0 23 T 0.0 0 6.4 23 110 M M 3 3 30 80
16 93 76 85 1 0 20 0.67 0.0 0 5.9 18 70 M M 4 3 27 60
17 94 78 86 2 0 21 0.02 0.0 0 3.2 30 100 M M 4 38 36 100
18 92 78 85 1 0 20 0.14 0.0 0 4.1 14 270 M M 3 13 17 270
19 91 76 84 0 0 19 0.48 0.0 0 9.0 22 100 M M 4 138 26 90
20 91 76 84 0 0 19 0.98 0.0 0 12.6 24 90 M M 6 138 32 150
21 92 77 85 1 0 20 0.06 0.0 0 13.6 23 80 M M 4 13 32 80
22 92 82 87 3 0 22 T 0.0 0 11.1 20 60 M M 3 8 26 80
23 91 77 84 0 0 19 0.51 0.0 0 8.6 20 120 M M 4 1 27 120
24 92 78 85 1 0 20 0.92 0.0 0 5.8 20 80 M M 3 13 23 80
25 91 77 84 0 0 19 0.02 0.0 0 6.5 17 60 M M 3 23 60
26 92 77 85 1 0 20 0.11 0.0 0 7.3 17 70 M M 2 1 22 50
27 91 78 85 1 0 20 0.01 0.0 0 5.9 18 120 M M 3 22 120
28 93 78 86 2 0 21 0.03 0.0 0 4.1 22 230 M M 4 3 29 220
29 92 77 85 1 0 20 0.18 0.0 0 10.2 32 190 M M 3 13 49 200
30 94 83 89 5 0 24 0.10 M M 15.2 33 230 M M 2 13 50 240
31 96 78 87 4 0 22 0.47 M M 6.9 17 260 M M 3 13 23 260
================================================================================
SM 2886 2430 0 651 8.26 0.0 203.4 M 88
================================================================================
AV 93.1 78.4 6.6 FASTST M M 3 MAX(MPH)
MISC ----> 33 230 50 240
================================================================================
NOTES:
# LAST OF SEVERAL OCCURRENCES
COLUMN 17 PEAK WIND IN M.P.H.
PRELIMINARY LOCAL CLIMATOLOGICAL DATA (WS FORM: F-6) , PAGE 2
STATION: FORT LAUDERDALE EXEC ARPT
MONTH: AUGUST
YEAR: 2023
LATITUDE: 26 12 N
LONGITUDE: 80 11 W
[TEMPERATURE DATA] [PRECIPITATION DATA] SYMBOLS USED IN COLUMN 16
AVERAGE MONTHLY: 85.7 TOTAL FOR MONTH: 8.26 1 = FOG OR MIST
DPTR FM NORMAL: 1.6 DPTR FM NORMAL: 0.75 2 = FOG REDUCING VISIBILITY
HIGHEST: 96 ON 31,11 GRTST 24HR 1.83 ON 2- 3 TO 1/4 MILE OR LESS
LOWEST: 75 ON 2 3 = THUNDER
SNOW, ICE PELLETS, HAIL 4 = ICE PELLETS
TOTAL MONTH: 0.0 INCH 5 = HAIL
GRTST 24HR 0.0 6 = FREEZING RAIN OR DRIZZLE
GRTST DEPTH: 0 7 = DUSTSTORM OR SANDSTORM:
VSBY 1/2 MILE OR LESS
8 = SMOKE OR HAZE
[NO. OF DAYS WITH] [WEATHER - DAYS WITH] 9 = BLOWING SNOW
X = TORNADO
MAX 32 OR BELOW: 0 0.01 INCH OR MORE: 23
MAX 90 OR ABOVE: 31 0.10 INCH OR MORE: 16
MIN 32 OR BELOW: 0 0.50 INCH OR MORE: 6
MIN 0 OR BELOW: 0 1.00 INCH OR MORE: 2
[HDD (BASE 65) ]
TOTAL THIS MO. 0 CLEAR (SCALE 0-3) 19
DPTR FM NORMAL 0 PTCLDY (SCALE 4-7) 12
TOTAL FM JUL 1 0 CLOUDY (SCALE 8-10) 0
DPTR FM NORMAL 0
[CDD (BASE 65) ]
TOTAL THIS MO. 651
DPTR FM NORMAL 59 [PRESSURE DATA]
TOTAL FM JAN 1 3620 HIGHEST SLP 30.09 ON 8
DPTR FM NORMAL 601 LOWEST SLP 29.72 ON 27
[REMARKS]
#FINAL-08-23#