000
CXUS54 KTSA 011059
CF6FYV
PRELIMINARY LOCAL CLIMATOLOGICAL DATA (WS FORM: F-6)
STATION: FAYETTEVILLE ARKANSAS
MONTH: AUGUST
YEAR: 2023
LATITUDE: 36 0 N
LONGITUDE: 94 10 W
TEMPERATURE IN F: :PCPN: SNOW: WIND :SUNSHINE: SKY :PK WND
================================================================================
1 2 3 4 5 6A 6B 7 8 9 10 11 12 13 14 15 16 17 18
12Z AVG MX 2MIN
DY MAX MIN AVG DEP HDD CDD WTR SNW DPTH SPD SPD DIR MIN PSBL S-S WX SPD DR
================================================================================
1 96 73 85 7 0 20 0.00 0.0 0 5.1 13 160 M M 0 17 160
2 100 74 87 9 0 22 0.00 0.0 0 6.3 16 200 M M 0 26 240
3 101 77 89 11 0 24 0.00 0.0 0 7.1 18 240 M M 0 30 250
4 102 74 88 10 0 23 0.00 0.0 0 6.6 16 220 M M 1 22 260
5 89 71 80 2 0 15 0.12 0.0 0 3.8 28 330 M M 2 13 42 300
6 87 69 78 0 0 13 0.46 0.0 0 5.4 25 300 M M 2 13 37 300
7 86 67 77 -1 0 12 0.21 0.0 0 5.4 14 300 M M 2 13 19 340
8 86 67 77 -1 0 12 0.31 0.0 0 6.2 29 170 M M 2 13 41 170
9 85 70 78 0 0 13 0.53 0.0 0 5.0 16 200 M M 5 13 24 170
10 92 70 81 3 0 16 0.00 0.0 0 1.5 8 80 M M 4 1 14 70
11 94 71 83 5 0 18 0.13 0.0 0 7.4 25 170 M M 1 1238 36 290
12 91 74 83 5 0 18 0.01 0.0 0 3.3 14 180 M M 1 3 19 180
13 92 72 82 4 0 17 0.68 0.0 0 5.4 37 310 M M 2 13 54 320
14 83 63 73 -5 0 8 0.92 0.0 0 5.3 22 290 M M 5 138 35 290
15 82 58 70 -8 0 5 0.00 0.0 0 4.6 18 320 M M 1 26 330
16 85 56 71 -6 0 6 0.00 0.0 0 2.1 9 180 M M 1 12 13 190
17 92 59 76 -1 0 11 0.00 0.0 0 3.6 17 200 M M 0 1 22 200
18 95 67 81 4 0 16 0.00 0.0 0 2.7 9 180 M M 0 1 13 70
19 99 69 84 7 0 19 0.00 0.0 0 4.6 14 180 M M 0 1 19 220
20 103 70 87 10 0 22 0.00 0.0 0 2.6 13 310 M M 0 1 16 310
21 103 71 87 11 0 22 0.00 0.0 0 2.3 12 320 M M 0 18 18 310
22 100 74 87 11 0 22 0.00 0.0 0 2.0 8 60 M M 0 18 12 60
23 99 73 86 10 0 21 0.00 0.0 0 1.8 9 320 M M 2 18 13 320
24 100 74 87 11 0 22 0.00 0.0 0 4.2 13 330 M M 0 18 20 240
25 101 72 87 11 0 22 0.00 0.0 0 3.0 15 190 M M 0 18 19 170
26 98 72 85 10 0 20 0.00 0.0 0 2.6 10 60 M M 1 1 16 340
27 88 70 79 4 0 14 0.00 0.0 0 4.3 12 340 M M 4 20 10
28 88 62 75 0 0 10 0.00 0.0 0 2.7 10 60 M M 1 17 20
29 90 60 75 0 0 10 0.00 0.0 0 2.8 14 340 M M 0 1 20 340
30 89 62 76 2 0 11 0.00 0.0 0 1.9 13 60 M M 1 1 20 10
31 88 59 74 0 0 9 0.00 0.0 0 2.2 12 70 M M 2 8 16 80
================================================================================
SM 2884 2120 0 493 3.37 0.0 123.8 M 40
================================================================================
AV 93.0 68.4 4.0 FASTST M M 1 MAX(MPH)
MISC ----> 37 310 54 320
================================================================================
NOTES:
# LAST OF SEVERAL OCCURRENCES
COLUMN 17 PEAK WIND IN M.P.H.
PRELIMINARY LOCAL CLIMATOLOGICAL DATA (WS FORM: F-6) , PAGE 2
STATION: FAYETTEVILLE ARKANSAS
MONTH: AUGUST
YEAR: 2023
LATITUDE: 36 0 N
LONGITUDE: 94 10 W
[TEMPERATURE DATA] [PRECIPITATION DATA] SYMBOLS USED IN COLUMN 16
AVERAGE MONTHLY: 80.7 TOTAL FOR MONTH: 3.37 1 = FOG OR MIST
DPTR FM NORMAL: 3.8 DPTR FM NORMAL: 0.20 2 = FOG REDUCING VISIBILITY
HIGHEST: 103 ON 21,20 GRTST 24HR 1.59 ON 13-14 TO 1/4 MILE OR LESS
LOWEST: 56 ON 16 3 = THUNDER
SNOW, ICE PELLETS, HAIL 4 = ICE PELLETS
TOTAL MONTH: 0.0 INCH 5 = HAIL
GRTST 24HR 0.0 6 = FREEZING RAIN OR DRIZZLE
GRTST DEPTH: 0 7 = DUSTSTORM OR SANDSTORM:
VSBY 1/2 MILE OR LESS
8 = SMOKE OR HAZE
[NO. OF DAYS WITH] [WEATHER - DAYS WITH] 9 = BLOWING SNOW
X = TORNADO
MAX 32 OR BELOW: 0 0.01 INCH OR MORE: 9
MAX 90 OR ABOVE: 19 0.10 INCH OR MORE: 8
MIN 32 OR BELOW: 0 0.50 INCH OR MORE: 3
MIN 0 OR BELOW: 0 1.00 INCH OR MORE: 0
[HDD (BASE 65) ]
TOTAL THIS MO. 0 CLEAR (SCALE 0-3) 27
DPTR FM NORMAL -1 PTCLDY (SCALE 4-7) 4
TOTAL FM JUL 1 0 CLOUDY (SCALE 8-10) 0
DPTR FM NORMAL 0
[CDD (BASE 65) ]
TOTAL THIS MO. 493
DPTR FM NORMAL 121 [PRESSURE DATA]
TOTAL FM JAN 1 1474 HIGHEST SLP 30.15 ON 15
DPTR FM NORMAL 315 LOWEST SLP 29.70 ON 9
[REMARKS]
#FINAL-08-23#