000
CXUS54 KOUN 010810
CF6GAG
PRELIMINARY LOCAL CLIMATOLOGICAL DATA (WS FORM: F-6)
STATION: GAGE
MONTH: JUNE
YEAR: 2022
LATITUDE: 36 17 N
LONGITUDE: 99 46 W
TEMPERATURE IN F: :PCPN: SNOW: WIND :SUNSHINE: SKY :PK WND
================================================================================
1 2 3 4 5 6A 6B 7 8 9 10 11 12 13 14 15 16 17 18
12Z AVG MX 2MIN
DY MAX MIN AVG DEP HDD CDD WTR SNW DPTH SPD SPD DIR MIN PSBL S-S WX SPD DR
================================================================================
1 67 56 62 -12 3 0 0.87 M M 11.0 23 20 M M 9 13 29 20
2 69 57 63 -11 2 0 0.27 M M 4.6 12 20 M M 10 13 13 50
3 78 60 69 -5 0 4 0.04 M M 7.1 16 160 M M 6 3 20 150
4 85 62 74 -1 0 9 0.00 M M 14.6 24 170 M M 2 8 30 160
5 90 68 79 4 0 14 0.00 M M 14.6 25 150 M M 2 30 160
6 90 66 78 3 0 13 0.00 M M 6.9 17 60 M M 0 23 70
7 88 65 77 1 0 12 0.04 M M 9.4 24 30 M M 4 29 30
8 79 62 71 -5 0 6 0.28 M M 11.3 31 350 M M 5 3 41 360
9 84 59 72 -4 0 7 T M M 11.7 31 180 M M 4 1 38 180
10 94 61 78 2 0 13 0.00 M M 9.5 22 200 M M 0 30 190
11 102 68 85 8 0 20 0.00 M M 8.6 20 190 M M 0 28 180
12 106 73 90 13 0 25 0.00 M M 18.3 29 220 M M 0 37 200
13 100 75 88 11 0 23 0.00 M M 23.9 36 170 M M 0 46 170
14 96 78 87 10 0 22 0.00 M M 25.8 36 170 M M 0 45 170
15 97 76 87 9 0 22 0.00 M M 15.1 32 200 M M 0 38 200
16 99 74 87 9 0 22 0.00 M M 15.3 25 180 M M 0 31 160
17 100 71 86 8 0 21 0.00 M M 14.9 21 170 M M 0 26 170
18 97 71 84 6 0 19 0.00 M M 15.1 24 150 M M 0 31 140
19 97 74 86 8 0 21 0.00 M M 18.0 28 180 M M 1 38 190
20 98 73 86 7 0 21 0.00 0.0 M 18.4 28 200 M M 1 35 180
21 100 75 88 9 0 23 0.00 0.0 M 15.4 24 190 M M 1 33 160
22 98 67 83 4 0 18 T 0.0 M 6.6 26 60 M M 2 8 35 60
23 103 68 86 7 0 21 T M M 14.1 25 160 M M 1 31 160
24 106 76 91 12 0 26 0.00 M M 19.8 31 200 M M 0 40 210
25 99 68 84 4 0 19 0.55 M M 17.6 36 190 M M 0 13 48 190
26 76 60 68 -12 0 3 0.71 M M 12.0 24 30 M M 5 13 31 20
27 80 59 70 -10 0 5 0.00 M M 6.4 17 10 M M 6 21 360
28 87 62 75 -5 0 10 0.00 M M 5.9 15 170 M M 4 19 160
29 91 63 77 -3 0 12 0.00 M M 10.7 20 150 M M 0 24 160
30 98 68 83 3 0 18 0.00 0.0 0 16.7 26 180 M M 0 32 180
================================================================================
SM 2754 2015 5 449 2.76 0.0 399.3 M 63
================================================================================
AV 91.8 67.2 13.3 FASTST M M 2 MAX(MPH)
MISC ----> # 36 170 48 190
================================================================================
NOTES:
# LAST OF SEVERAL OCCURRENCES
COLUMN 17 PEAK WIND IN M.P.H.
PRELIMINARY LOCAL CLIMATOLOGICAL DATA (WS FORM: F-6) , PAGE 2
STATION: GAGE
MONTH: JUNE
YEAR: 2022
LATITUDE: 36 17 N
LONGITUDE: 99 46 W
[TEMPERATURE DATA] [PRECIPITATION DATA] SYMBOLS USED IN COLUMN 16
AVERAGE MONTHLY: 79.5 TOTAL FOR MONTH: 2.76 1 = FOG OR MIST
DPTR FM NORMAL: 2.0 DPTR FM NORMAL: -0.72 2 = FOG REDUCING VISIBILITY
HIGHEST: 106 ON 24,12 GRTST 24HR 1.38 ON 31- 1 TO 1/4 MILE OR LESS
LOWEST: 56 ON 1 3 = THUNDER
SNOW, ICE PELLETS, HAIL 4 = ICE PELLETS
TOTAL MONTH: 0.0 INCH 5 = HAIL
GRTST 24HR 0.0 6 = FREEZING RAIN OR DRIZZLE
GRTST DEPTH: 0 7 = DUSTSTORM OR SANDSTORM:
VSBY 1/2 MILE OR LESS
8 = SMOKE OR HAZE
[NO. OF DAYS WITH] [WEATHER - DAYS WITH] 9 = BLOWING SNOW
X = TORNADO
MAX 32 OR BELOW: 0 0.01 INCH OR MORE: 7
MAX 90 OR ABOVE: 20 0.10 INCH OR MORE: 5
MIN 32 OR BELOW: 0 0.50 INCH OR MORE: 3
MIN 0 OR BELOW: 0 1.00 INCH OR MORE: 0
[HDD (BASE 65) ]
TOTAL THIS MO. 5 CLEAR (SCALE 0-3) 21
DPTR FM NORMAL 2 PTCLDY (SCALE 4-7) 7
TOTAL FM JUL 1 3742 CLOUDY (SCALE 8-10) 2
DPTR FM NORMAL -279
[CDD (BASE 65) ]
TOTAL THIS MO. 449
DPTR FM NORMAL 72 [PRESSURE DATA]
TOTAL FM JAN 1 776 HIGHEST SLP M ON M
DPTR FM NORMAL 181 LOWEST SLP 29.49 ON 5
[REMARKS]
#FINAL-06-22#