000
CXUS53 KDDC 031719
CF6GCK
PRELIMINARY LOCAL CLIMATOLOGICAL DATA (WS FORM: F-6)
STATION: GARDEN CITY REGIONAL ARPT KS
MONTH: APRIL
YEAR: 2021
LATITUDE: 37 55 N
LONGITUDE: 100 43 W
TEMPERATURE IN F: :PCPN: SNOW: WIND :SUNSHINE: SKY :PK WND
================================================================================
1 2 3 4 5 6A 6B 7 8 9 10 11 12 13 14 15 16 17 18
12Z AVG MX 2MIN
DY MAX MIN AVG DEP HDD CDD WTR SNW DPTH SPD SPD DIR MIN PSBL S-S WX SPD DR
================================================================================
1 69 26 48 0 17 0 0.00 M M 16.4 31 190 M M 0 44 190
2 73 39 56 8 9 0 0.00 M M 20.3 36 200 M M 0 50 190
3 83 35 59 10 6 0 0.00 M M 7.3 15 150 M M 0 22 140
4 86 44 65 16 0 0 0.00 M M 15.7 29 190 M M 0 38 190
5 84 49 67 18 0 2 0.00 M M 16.9 26 180 M M 0 37 180
6 80 41 61 11 4 0 0.00 M M 19.9 46 340 M M 0 59 350
7 52 34 43 -7 22 0 0.02 M M 22.0 36 340 M M 7 1 49 360
8 76 34 55 5 10 0 0.00 M M 9.0 25 300 M M 0 35 310
9 57 28 43 -8 22 0 T M M 19.7 45 360 M M 2 56 350
10 64 24 44 -7 21 0 0.00 M M 8.5 14 220 M M 0 20 260
11 75 35 55 4 10 0 0.00 M M 15.6 29 20 M M 0 36 30
12 56 32 44 -8 21 0 0.00 M M 12.8 24 40 M M 2 33 50
13 54 33 44 -8 21 0 0.00 M M 10.3 21 10 M M 1 28 10
14 55 25 40 -12 25 0 0.00 M M 11.9 21 50 M M 4 27 100
15 46 38 42 -11 23 0 0.01 M M 13.0 20 100 M M 10 1 27 120
16 44 32 38 -15 27 0 0.10 M M 15.0 23 340 M M 9 12 30 350
17 50 31 41 -12 24 0 T M M 12.3 23 360 M M 8 29 10
18 63 25 44 -10 21 0 0.00 M M 8.8 20 330 M M 1 27 360
19 51 28 40 -14 25 0 T M M 17.3 32 50 M M 5 1 40 50
20 47 22 35 -19 30 0 T M M 12.7 23 360 M M 4 1 31 340
21 48 29 39 -16 26 0 0.00 M M 9.0 17 20 M M 8 22 10
22 62 29 46 -9 19 0 0.00 M M 21.5 40 180 M M 2 55 180
23 56 35 46 -10 19 0 0.00 M M 6.7 20 170 M M 7 12 30 180
24 67 33 50 -6 15 0 0.00 M M 11.2 23 150 M M 5 12 35 150
25 87 44 66 10 0 1 0.00 M M 14.6 26 200 M M 0 36 180
26 90 44 67 10 0 2 0.00 M M 15.7 33 190 M M 0 44 200
27 81 48 65 8 0 0 0.00 M M 13.0 36 220 M M 1 48 210
28 64 46 55 -2 10 0 0.00 M M 15.7 26 10 M M 5 13 35 340
29 75 39 57 -1 8 0 0.00 M M 11.1 24 30 M M 0 33 30
30 79 37 58 0 7 0 0.00 M M 8.8 20 180 M M 0 26 180
================================================================================
SM 1974 1039 442 5 0.13 M 412.7 M 81
================================================================================
AV 65.8 34.6 13.8 FASTST M M 3 MAX(MPH)
MISC ----> 46 340 59 350
================================================================================
NOTES:
# LAST OF SEVERAL OCCURRENCES
COLUMN 17 PEAK WIND IN M.P.H.
PRELIMINARY LOCAL CLIMATOLOGICAL DATA (WS FORM: F-6) , PAGE 2
STATION: GARDEN CITY REGIONAL ARPT KS
MONTH: APRIL
YEAR: 2021
LATITUDE: 37 55 N
LONGITUDE: 100 43 W
[TEMPERATURE DATA] [PRECIPITATION DATA] SYMBOLS USED IN COLUMN 16
AVERAGE MONTHLY: 50.2 TOTAL FOR MONTH: 0.13 1 = FOG OR MIST
DPTR FM NORMAL: -2.8 DPTR FM NORMAL: -1.59 2 = FOG REDUCING VISIBILITY
HIGHEST: 90 ON 26 GRTST 24HR 0.11 ON 15-16 TO 1/4 MILE OR LESS
LOWEST: 22 ON 20 3 = THUNDER
4 = ICE PELLETS
5 = HAIL
6 = FREEZING RAIN OR DRIZZLE
7 = DUSTSTORM OR SANDSTORM:
VSBY 1/2 MILE OR LESS
8 = SMOKE OR HAZE
[NO. OF DAYS WITH] [WEATHER - DAYS WITH] 9 = BLOWING SNOW
X = TORNADO
MAX 32 OR BELOW: 0 0.01 INCH OR MORE: 3
MAX 90 OR ABOVE: 1 0.10 INCH OR MORE: 1
MIN 32 OR BELOW: 12 0.50 INCH OR MORE: 0
MIN 0 OR BELOW: 0 1.00 INCH OR MORE: 0
[HDD (BASE 65) ]
TOTAL THIS MO. 442 CLEAR (SCALE 0-3) 19
DPTR FM NORMAL 68 PTCLDY (SCALE 4-7) 9
TOTAL FM JUL 1 5193 CLOUDY (SCALE 8-10) 2
DPTR FM NORMAL 130
[CDD (BASE 65) ]
TOTAL THIS MO. 5
DPTR FM NORMAL -7 [PRESSURE DATA]
TOTAL FM JAN 1 5 HIGHEST SLP 30.53 ON 1
DPTR FM NORMAL -7 LOWEST SLP 29.39 ON 26
[REMARKS]
Precipitation amounts are underreported.
#FINAL-04-21#