000
CXUS53 KDDC 011507
CF6GCK
PRELIMINARY LOCAL CLIMATOLOGICAL DATA (WS FORM: F-6)
STATION: GARDEN CITY REGIONAL ARPT KS
MONTH: NOVEMBER
YEAR: 2023
LATITUDE: 37 55 N
LONGITUDE: 100 43 W
TEMPERATURE IN F: :PCPN: SNOW: WIND :SUNSHINE: SKY :PK WND
================================================================================
1 2 3 4 5 6A 6B 7 8 9 10 11 12 13 14 15 16 17 18
12Z AVG MX 2MIN
DY MAX MIN AVG DEP HDD CDD WTR SNW DPTH SPD SPD DIR MIN PSBL S-S WX SPD DR
================================================================================
1 68 22 45 -3 20 0 0.00 M M 11.1 21 190 M M 0 26 180
2 72 23 48 1 17 0 0.00 M M 7.3 14 210 M M 0 21 160
3 78 30 54 7 11 0 0.00 M M 9.6 21 50 M M 0 27 10
4 67 36 52 5 13 0 0.00 M M 8.1 14 60 M M 0 1 19 50
5 77 35 56 10 9 0 0.00 M M 11.1 28 210 M M 2 12 37 200
6 74 42 58 12 7 0 0.00 M M 8.5 22 360 M M 0 8 29 360
7 85 33 59 14 6 0 0.00 M M 6.6 17 200 M M 1 12 22 180
8 65 42 54 9 11 0 0.00 M M 18.2 32 10 M M 4 1 41 350
9 54 31 43 -1 22 0 0.00 M M 6.1 15 40 M M 5 20 30
10 60 24 42 -2 23 0 0.00 M M 9.6 23 190 M M 1 32 200
11 61 34 48 4 17 0 0.00 M M 12.7 25 200 M M 2 40 210
12 71 30 51 8 14 0 0.00 M M 7.5 20 30 M M 0 26 360
13 68 24 46 3 19 0 T M M 8.8 21 180 M M 0 8 27 170
14 69 40 55 13 10 0 0.00 M M 11.9 25 210 M M 0 1 33 210
15 70 25 48 6 17 0 0.00 M M 7.2 16 200 M M 0 12 21 160
16 67 42 55 13 10 0 0.00 M M 12.4 23 30 M M 0 1 31 40
17 61 29 45 4 20 0 0.00 M M 6.7 20 20 M M 0 25 20
18 70 27 49 8 16 0 0.00 M M 11.9 23 190 M M 1 31 180
19 58 38 48 8 17 0 T M M 8.6 18 150 M M 6 12 30 170
20 50 41 46 6 19 0 0.01 M M 20.5 31 360 M M 10 18 39 340
21 55 26 41 1 24 0 0.00 M M 15.7 31 360 M M 1 41 340
22 67 20 44 5 21 0 0.00 M M 9.4 20 220 M M 0 27 240
23 46 28 37 -2 28 0 0.00 M M 16.8 32 60 M M 2 41 60
24 30 21 26 -12 39 0 0.00 M M 14.4 25 40 M M 10 34 40
25 23 12 18 -20 47 0 0.05 M M 7.8 14 340 M M 10 12 17 340
26 39 11 25 -13 40 0 0.00 M M 11.1 21 340 M M 0 27 340
27 47 19 33 -4 32 0 0.00 M M 6.0 10 290 M M 1 16 290
28 58 21 40 3 25 0 0.00 M M 8.2 17 260 M M 0 23 260
29 59 17 38 1 27 0 0.00 M M 9.4 21 180 M M 0 26 190
30 45 23 34 -2 31 0 0.00 M M 14.9 25 20 M M 0 32 20
================================================================================
SM 1814 846 612 0 0.06 M 318.1 M 56
================================================================================
AV 60.5 28.2 10.6 FASTST M M 2 MAX(MPH)
MISC ----> # 32 60 # 41 60
================================================================================
NOTES:
# LAST OF SEVERAL OCCURRENCES
COLUMN 17 PEAK WIND IN M.P.H.
PRELIMINARY LOCAL CLIMATOLOGICAL DATA (WS FORM: F-6) , PAGE 2
STATION: GARDEN CITY REGIONAL ARPT KS
MONTH: NOVEMBER
YEAR: 2023
LATITUDE: 37 55 N
LONGITUDE: 100 43 W
[TEMPERATURE DATA] [PRECIPITATION DATA] SYMBOLS USED IN COLUMN 16
AVERAGE MONTHLY: 44.4 TOTAL FOR MONTH: 0.06 1 = FOG OR MIST
DPTR FM NORMAL: 2.4 DPTR FM NORMAL: -0.36 2 = FOG REDUCING VISIBILITY
HIGHEST: 85 ON 7 GRTST 24HR 0.05 ON 25-25 TO 1/4 MILE OR LESS
LOWEST: 11 ON 26 3 = THUNDER
4 = ICE PELLETS
5 = HAIL
6 = FREEZING RAIN OR DRIZZLE
7 = DUSTSTORM OR SANDSTORM:
VSBY 1/2 MILE OR LESS
8 = SMOKE OR HAZE
[NO. OF DAYS WITH] [WEATHER - DAYS WITH] 9 = BLOWING SNOW
X = TORNADO
MAX 32 OR BELOW: 2 0.01 INCH OR MORE: 2
MAX 90 OR ABOVE: 0 0.10 INCH OR MORE: 0
MIN 32 OR BELOW: 20 0.50 INCH OR MORE: 0
MIN 0 OR BELOW: 0 1.00 INCH OR MORE: 0
[HDD (BASE 65) ]
TOTAL THIS MO. 612 CLEAR (SCALE 0-3) 24
DPTR FM NORMAL -81 PTCLDY (SCALE 4-7) 3
TOTAL FM JUL 1 959 CLOUDY (SCALE 8-10) 3
DPTR FM NORMAL -126
[CDD (BASE 65) ]
TOTAL THIS MO. 0
DPTR FM NORMAL -1 [PRESSURE DATA]
TOTAL FM JAN 1 1210 HIGHEST SLP 30.48 ON 24
DPTR FM NORMAL -116 LOWEST SLP 29.56 ON 19
[REMARKS]
#FINAL-11-23#