866
CXUS53 KDDC 011655
CLSGCK
CLIMATE REPORT
NATIONAL WEATHER SERVICE DODGE CITY KS
1143 AM CDT MON JUN 1 2020
...................................
...THE GARDEN CITY REGIONAL ARPT KS CLIMATE SUMMARY FOR THE SEASON, FROM
3/1/2020 TO 5/31/2020...
CLIMATE NORMAL PERIOD 1981 TO 2010
CLIMATE RECORD PERIOD 1948 TO 2020
WEATHER OBSERVED NORMAL DEPART LAST YEAR`S
VALUE DATE(S) VALUE FROM VALUE DATE(S)
NORMAL
................................................................
TEMPERATURE (F)
RECORD
HIGH 106 05/26/1953
LOW -22 03/11/1948
HIGHEST 94 05/30 MM MM 89 05/16
LOWEST 18 04/14 MM MM -3 03/05
AVG. MAXIMUM 68.4 67.2 1.2 63.4
AVG. MINIMUM 38.8 39.4 -0.6 36.6
MEAN 53.6 53.3 0.3 50.0
DAYS MAX >= 90 4 3.5 0.5 0
DAYS MAX <= 32 0 1.6 -1.6 4
DAYS MIN <= 32 26 26.0 0.0 30
DAYS MIN <= 0 0 0.1 -0.1 2
PRECIPITATION (INCHES)
RECORD
MAXIMUM 13.01 1990
MINIMUM 0.77 1966
TOTALS 1.29 6.06 -4.77 7.16
DAILY AVG. 0.01 0.07 -0.06 0.08
DAYS >= .01 13 21.3 -8.3 22
DAYS >= .10 4 11.7 -7.7 13
DAYS >= .50 0 3.9 -3.9 6
DAYS >= 1.00 0 1.3 -1.3 3
GREATEST
24 HR. TOTAL 0.39 05/21 TO 05/21 05/06 TO 05/07
05/07 TO 05/07
DEGREE_DAYS
HEATING TOTAL 1087 1167 -80 1403
SINCE 7/1 5109 5191 -82 5864
COOLING TOTAL 61 90 -29 38
SINCE 1/1 61 89 -28 38
.................................................................
WIND (MPH)
AVERAGE WIND SPEED 13.4
RESULTANT WIND SPEED/DIRECTION 3/096
HIGHEST WIND SPEED/DIRECTION 45/310 DATE 03/28
HIGHEST GUST SPEED/DIRECTION 62/360 DATE 04/12
SKY COVER
POSSIBLE SUNSHINE (PERCENT) MM
AVERAGE SKY COVER 0.30
NUMBER OF DAYS FAIR 57
NUMBER OF DAYS PC 26
NUMBER OF DAYS CLOUDY 9
AVERAGE RH (PERCENT) 61
- INDICATES NEGATIVE NUMBERS.
R INDICATES RECORD WAS SET OR TIED.
MM INDICATES DATA IS MISSING.
T INDICATES TRACE AMOUNT.
$$