000
CXUS56 KFGZ 010910
CF6GCN
PRELIMINARY LOCAL CLIMATOLOGICAL DATA (WS FORM: F-6)
STATION: GRAND CANYON AZ AIRPORT
MONTH: DECEMBER
YEAR: 2022
LATITUDE: 35 57 N
LONGITUDE: 112 9 W
TEMPERATURE IN F: :PCPN: SNOW: WIND :SUNSHINE: SKY :PK WND
================================================================================
1 2 3 4 5 6A 6B 7 8 9 10 11 12 13 14 15 16 17 18
12Z AVG MX 2MIN
DY MAX MIN AVG DEP HDD CDD WTR SNW DPTH SPD SPD DIR MIN PSBL S-S WX SPD DR
================================================================================
1 50 12 31 -1 34 0 0.00 M M 12.4 29 210 M M 1 8 38 210
2 47 24 36 5 29 0 0.00 M M 10.3 24 200 M M 6 39 210
3 52 24 38 7 27 0 0.00 M M 2.7 13 220 M M 3 16 210
4 55 30 43 12 22 0 0.00 M M 7.9 22 200 M M 7 1 29 210
5 46 35 41 11 24 0 0.00 M M 9.4 20 210 M M 8 12 24 200
6 43 33 38 8 27 0 0.07 M M 6.2 17 210 M M 10 1 22 220
7 36 13 25 -5 40 0 0.44 M M 3.8 16 210 M M 8 1 22 210
8 41 6 24 -6 41 0 0.00 M M 3.0 9 30 M M 0 18 11 170
9 42 11 27 -3 38 0 0.00 M M 2.8 13 220 M M 1 18 15 210
10 46 12 29 0 36 0 0.00 M M 4.9 15 220 M M 0 20 210
11 45 23 34 5 31 0 T M M 12.6 28 200 M M 3 1 37 200
12 30 2 16 -13 49 0 T M M 6.5 21 210 M M 8 128 27 220
13 27 0 14 -15 51 0 0.04 M M 4.8 14 250 M M 7 128 19 250
14 29 -8 11 -18 54 0 0.00 M M 3.6 9 280 M M 1 18 14 260
15 34 -2 16 -13 49 0 0.00 M M 3.2 9 250 M M 0 14 280
16 31 -4 14 -15 51 0 0.00 M M 4.9 15 40 M M 0 18 40
17 42 -3 20 -8 45 0 0.00 M M 3.6 10 40 M M 0 12 40
18 38 7 23 -5 42 0 0.00 M M 3.5 14 210 M M 0 18 250
19 42 2 22 -6 43 0 0.00 M M 2.3 9 220 M M 0 18 12 230
20 44 9 27 -1 38 0 0.00 M M 3.0 13 200 M M 0 16 220
21 44 7 26 -2 39 0 0.00 M M 2.7 13 270 M M 0 16 270
22 46 11 29 1 36 0 0.00 M M 2.2 13 270 M M 1 17 280
23 51 21 36 8 29 0 0.00 M M 2.1 9 310 M M 4 12 310
24 50 17 34 6 31 0 0.00 M M 3.0 13 40 M M 0 15 40
25 56 22 39 11 26 0 0.00 M M 2.2 8 40 M M 0 12 330
26 57 22 40 12 25 0 0.00 M M 2.4 8 140 M M 0 11 140
27 48 26 37 9 28 0 0.24 M M 10.4 28 220 M M 7 1 35 230
28 38 19 29 1 36 0 0.58 M M 10.6 20 240 M M 9 1236 29 240
29 34 18 26 -2 39 0 0.32 M M 5.5 17 200 M M 10 12 23 210
30 36 32 34 5 31 0 0.22 M M 7.4 17 220 M M 10 12 22 210
31 39 36 38 9 27 0 0.02 M M 13.5 23 210 M M 10 12 30 210
================================================================================
SM 1319 457 1118 0 1.93 M 173.4 M 114
================================================================================
AV 42.5 14.7 5.6 FASTST M M 4 MAX(MPH)
MISC ----> 29 210 39 210
================================================================================
NOTES:
# LAST OF SEVERAL OCCURRENCES
COLUMN 17 PEAK WIND IN M.P.H.
PRELIMINARY LOCAL CLIMATOLOGICAL DATA (WS FORM: F-6) , PAGE 2
STATION: GRAND CANYON AZ AIRPORT
MONTH: DECEMBER
YEAR: 2022
LATITUDE: 35 57 N
LONGITUDE: 112 9 W
[TEMPERATURE DATA] [PRECIPITATION DATA] SYMBOLS USED IN COLUMN 16
AVERAGE MONTHLY: 28.6 TOTAL FOR MONTH: 1.93 1 = FOG OR MIST
DPTR FM NORMAL: -0.6 DPTR FM NORMAL: 1.11 2 = FOG REDUCING VISIBILITY
HIGHEST: 57 ON 26 GRTST 24HR 0.82 ON 27-28 TO 1/4 MILE OR LESS
LOWEST: -8 ON 14 3 = THUNDER
SNOW, ICE PELLETS, HAIL 4 = ICE PELLETS
TOTAL MONTH: M 5 = HAIL
GRTST 24HR M ON M 6 = FREEZING RAIN OR DRIZZLE
GRTST DEPTH: M ON M 7 = DUSTSTORM OR SANDSTORM:
VSBY 1/2 MILE OR LESS
8 = SMOKE OR HAZE
[NO. OF DAYS WITH] [WEATHER - DAYS WITH] 9 = BLOWING SNOW
X = TORNADO
MAX 32 OR BELOW: 4 0.01 INCH OR MORE: 8
MAX 90 OR ABOVE: 0 0.10 INCH OR MORE: 5
MIN 32 OR BELOW: 28 0.50 INCH OR MORE: 1
MIN 0 OR BELOW: 5 1.00 INCH OR MORE: 0
[HDD (BASE 65) ]
TOTAL THIS MO. 1118 CLEAR (SCALE 0-3) 17
DPTR FM NORMAL 7 PTCLDY (SCALE 4-7) 8
TOTAL FM JUL 1 2795 CLOUDY (SCALE 8-10) 6
DPTR FM NORMAL 74
[CDD (BASE 65) ]
TOTAL THIS MO. 0
DPTR FM NORMAL 0 [PRESSURE DATA]
TOTAL FM JAN 1 261 HIGHEST SLP M ON M
DPTR FM NORMAL 100 LOWEST SLP 29.61 ON 12
[REMARKS]
#FINAL-12-22#