000
CXUS51 KPHI 012021
CF6GED
PRELIMINARY LOCAL CLIMATOLOGICAL DATA (WS FORM: F-6)
STATION: GEORGETOWN DE
MONTH: APRIL
YEAR: 2023
LATITUDE: 38 41 N
LONGITUDE: 75 22 W
TEMPERATURE IN F: :PCPN: SNOW: WIND :SUNSHINE: SKY :PK WND
================================================================================
1 2 3 4 5 6A 6B 7 8 9 10 11 12 13 14 15 16 17 18
12Z AVG MX 2MIN
DY MAX MIN AVG DEP HDD CDD WTR SNW DPTH SPD SPD DIR MIN PSBL S-S WX SPD DR
================================================================================
1 75 51 63 12 2 0 0.39 M M 18.8 31 220 M M 8 13 41 230
2 58 37 48 -3 17 0 0.00 M M 7.8 20 340 M M 1 29 330
3 68 33 51 -1 14 0 0.00 M M 8.8 20 180 M M 0 26 180
4 81 55 68 16 0 3 0.00 M M 10.4 21 200 M M 1 26 180
5 85 60 73 21 0 8 0.00 M M 10.6 21 170 M M 0 27 170
6 89 58 74 21 0 9 0.31 M M 9.4 18 160 M M 2 13 28 10
7 58 50 54 1 11 0 0.05 M M 4.2 13 10 M M 8 17 360
8 53 43 48 -5 17 0 0.00 M M 7.9 18 40 M M 0 22 50
9 58 37 48 -6 17 0 0.00 M M 6.6 18 40 M M 0 23 40
10 65 33 49 -5 16 0 0.00 M M 3.9 15 150 M M 0 18 140
11 74 35 55 1 10 0 0.00 M M 7.7 16 220 M M 0 24 220
12 84 58 71 16 0 6 0.00 M M 7.8 17 290 M M 0 25 270
13 89 52 71 16 0 6 0.00 M M 5.7 16 220 M M 0 22 220
14 84 60 72 17 0 7 0.00 M M 9.6 18 210 M M 0 25 210
15 82 61 72 16 0 7 T M M 5.5 21 200 M M 6 13 26 230
16 82 56 69 13 0 4 T M M 5.5 16 210 M M 3 12 19 210
17 71 55 63 7 2 0 T M M 8.3 23 220 M M 5 34 220
18 73 48 61 4 4 0 0.00 M M 9.5 24 220 M M 3 34 220
19 72 37 55 -2 10 0 0.00 M M 5.2 16 300 M M 0 23 310
20 74 48 61 4 4 0 0.00 M M 4.7 14 40 M M 0 17 50
21 90 49 70 12 0 5 0.00 M M 7.9 21 230 M M 0 28 210
22 81 59 70 12 0 5 0.95 M M 12.2 30 160 M M 4 13 37 160
23 69 52 61 3 4 0 0.33 M M 7.2 16 280 M M 5 1 23 300
24 62 42 52 -6 13 0 T M M 3.7 14 280 M M 5 20 280
25 62 40 51 -8 14 0 0.00 M M 4.7 13 260 M M 1 22 330
26 65 38 52 -7 13 0 0.00 M M 5.9 17 150 M M 4 24 150
27 68 49 59 0 6 0 0.00 M M 6.9 15 100 M M 9 19 100
28 61 56 59 -1 6 0 1.34 M M 16.1 28 110 M M 8 1 40 110
29 72 58 65 5 0 0 0.54 M M 4.5 16 130 M M 7 123 21 140
30 66 58 62 2 3 0 2.40 M M 9.3 22 300 M M 8 13 33 320
================================================================================
SM 2171 1468 183 60 6.31 M 236.3 M 88
================================================================================
AV 72.4 48.9 7.9 FASTST M M 3 MAX(MPH)
MISC ----> 31 220 41 230
================================================================================
NOTES:
# LAST OF SEVERAL OCCURRENCES
COLUMN 17 PEAK WIND IN M.P.H.
PRELIMINARY LOCAL CLIMATOLOGICAL DATA (WS FORM: F-6) , PAGE 2
STATION: GEORGETOWN DE
MONTH: APRIL
YEAR: 2023
LATITUDE: 38 41 N
LONGITUDE: 75 22 W
[TEMPERATURE DATA] [PRECIPITATION DATA] SYMBOLS USED IN COLUMN 16
AVERAGE MONTHLY: 60.7 TOTAL FOR MONTH: 6.31 1 = FOG OR MIST
DPTR FM NORMAL: 4.9 DPTR FM NORMAL: 3.02 2 = FOG REDUCING VISIBILITY
HIGHEST: 90 ON 21 GRTST 24HR 2.40 ON 30-30 TO 1/4 MILE OR LESS
LOWEST: 33 ON 10, 3 3 = THUNDER
SNOW, ICE PELLETS, HAIL 4 = ICE PELLETS
TOTAL MONTH: M 5 = HAIL
GRTST 24HR M ON M 6 = FREEZING RAIN OR DRIZZLE
GRTST DEPTH: M ON M 7 = DUSTSTORM OR SANDSTORM:
VSBY 1/2 MILE OR LESS
8 = SMOKE OR HAZE
[NO. OF DAYS WITH] [WEATHER - DAYS WITH] 9 = BLOWING SNOW
X = TORNADO
MAX 32 OR BELOW: 0 0.01 INCH OR MORE: 8
MAX 90 OR ABOVE: 1 0.10 INCH OR MORE: 7
MIN 32 OR BELOW: 0 0.50 INCH OR MORE: 4
MIN 0 OR BELOW: 0 1.00 INCH OR MORE: 2
[HDD (BASE 65) ]
TOTAL THIS MO. 183 CLEAR (SCALE 0-3) 18
DPTR FM NORMAL -118 PTCLDY (SCALE 4-7) 9
TOTAL FM JUL 1 3288 CLOUDY (SCALE 8-10) 3
DPTR FM NORMAL -666
[CDD (BASE 65) ]
TOTAL THIS MO. 60
DPTR FM NORMAL 35 [PRESSURE DATA]
TOTAL FM JAN 1 60 HIGHEST SLP 30.54 ON 10
DPTR FM NORMAL 32 LOWEST SLP 29.08 ON 30
[REMARKS]
#FINAL-04-23#
UPDATED PRECIPITATION FOR DAYS 6, 7, AND 18 BASED ON THE BACKUP GAUGE.
STAARMANN