977
CXUS56 KOTX 021207
CF6GEG
PRELIMINARY LOCAL CLIMATOLOGICAL DATA (WS FORM: F-6)
STATION: SPOKANE WA AIRPORT
MONTH: NOVEMBER
YEAR: 2020
LATITUDE: 47 37 N
LONGITUDE: 117 32 W
TEMPERATURE IN F: :PCPN: SNOW: WIND :SUNSHINE: SKY :PK WND
================================================================================
1 2 3 4 5 6A 6B 7 8 9 10 11 12 13 14 15 16 17 18
12Z AVG MX 2MIN
DY MAX MIN AVG DEP HDD CDD WTR SNW DPTH SPD SPD DIR MIN PSBL S-S WX SPD DR
================================================================================
1 53 32 43 2 22 0 0.00 0.0 0 5.5 10 70 M M 2 14 70
2 56 33 45 4 20 0 0.00 0.0 0 4.6 12 70 M M 1 14 70
3 49 30 40 0 25 0 0.07 0.0 0 3.6 10 170 M M 7 128 13 160
4 60 47 54 14 11 0 0.01 0.0 0 13.8 24 200 M M 7 33 200
5 57 43 50 10 15 0 0.34 0.0 0 15.6 32 210 M M 9 1 41 230
6 43 37 40 1 25 0 T 0.0 0 6.9 15 20 M M 9 12 17 10
7 43 34 39 0 26 0 T T 0 4.6 14 220 M M 9 1 15 220
8 37 28 33 -6 32 0 0.03 0.7 T 11.0 25 40 M M 10 1 30 40
9 33 22 28 -10 37 0 0.04 0.5 T 7.8 14 190 M M 7 1 19 210
10 35 23 29 -9 36 0 0.11 1.3 2 9.1 20 220 M M 9 12 24 210
11 30 22 26 -11 39 0 T T T 5.7 10 170 M M 9 12 13 170
12 36 27 32 -5 33 0 0.00 0.0 T 8.5 15 150 M M 9 20 150
13 40 32 36 -1 29 0 0.43 3.6 1 18.6 31 220 M M 8 15 40 220
14 40 29 35 -1 30 0 0.11 0.6 1 13.2 30 220 M M 6 1 35 230
15 47 33 40 4 25 0 T 0.1 1 16.9 32 230 M M 7 12 38 220
16 42 35 39 3 26 0 0.17 0.0 0 6.1 14 80 M M 10 12 16 80
17 55 36 46 11 19 0 0.02 0.0 0 11.8 24 200 M M 9 1 30 200
18 48 37 43 8 22 0 0.09 0.0 0 12.4 26 200 M M 7 18 36 200
19 45 32 39 5 26 0 0.00 0.0 0 12.1 23 260 M M 6 29 260
20 44 30 37 3 28 0 0.00 0.0 0 7.7 13 200 M M 5 17 180
21 43 29 36 2 29 0 0.00 0.0 0 5.1 12 150 M M 2 14 180
22 41 28 35 2 30 0 0.00 0.0 0 4.4 14 50 M M 8 1 16 50
23 34 31 33 0 32 0 0.12 1.6 1 4.5 10 230 M M 10 12 12 210
24 39 30 35 3 30 0 0.01 0.0 1 10.1 20 200 M M 10 16 26 200
25 39 31 35 3 30 0 0.02 T 0 10.0 25 240 M M 9 1 31 250
26 37 30 34 2 31 0 0.00 0.0 0 7.3 13 220 M M 10 12 16 220
27 43 30 37 6 28 0 0.00 0.0 0 8.6 16 160 M M 6 21 160
28 46 29 38 7 27 0 0.00 0.0 0 4.8 18 200 M M 5 24 200
29 41 27 34 3 31 0 0.00 0.0 0 6.4 12 60 M M 4 12 15 60
30 38 27 33 3 32 0 0.08 1.1 0 11.3 28 210 M M 8 1 39 210
================================================================================
SM 1294 934 826 0 1.65 9.5 268.0 M 218
================================================================================
AV 43.1 31.1 8.9 FASTST M M 7 MAX(MPH)
MISC ----> # 32 210 41 230
================================================================================
NOTES:
# LAST OF SEVERAL OCCURRENCES
COLUMN 17 PEAK WIND IN M.P.H.
PRELIMINARY LOCAL CLIMATOLOGICAL DATA (WS FORM: F-6) , PAGE 2
STATION: SPOKANE WA AIRPORT
MONTH: NOVEMBER
YEAR: 2020
LATITUDE: 47 37 N
LONGITUDE: 117 32 W
[TEMPERATURE DATA] [PRECIPITATION DATA] SYMBOLS USED IN COLUMN 16
AVERAGE MONTHLY: 37.1 TOTAL FOR MONTH: 1.65 1 = FOG OR MIST
DPTR FM NORMAL: 1.4 DPTR FM NORMAL: -0.65 2 = FOG REDUCING VISIBILITY
HIGHEST: 60 ON 4 GRTST 24HR 0.43 ON 13-13 TO 1/4 MILE OR LESS
LOWEST: 22 ON 11, 9 3 = THUNDER
SNOW, ICE PELLETS, HAIL 4 = ICE PELLETS
TOTAL MONTH: 9.5 INCHES 5 = HAIL
GRTST 24HR 3.6 ON 13-13 6 = FREEZING RAIN OR DRIZZLE
GRTST DEPTH: 2 ON 10 7 = DUSTSTORM OR SANDSTORM:
VSBY 1/2 MILE OR LESS
8 = SMOKE OR HAZE
[NO. OF DAYS WITH] [WEATHER - DAYS WITH] 9 = BLOWING SNOW
X = TORNADO
MAX 32 OR BELOW: 1 0.01 INCH OR MORE: 15
MAX 90 OR ABOVE: 0 0.10 INCH OR MORE: 6
MIN 32 OR BELOW: 21 0.50 INCH OR MORE: 0
MIN 0 OR BELOW: 0 1.00 INCH OR MORE: 0
[HDD (BASE 65) ]
TOTAL THIS MO. 826 CLEAR (SCALE 0-3) 3
DPTR FM NORMAL -53 PTCLDY (SCALE 4-7) 12
TOTAL FM JUL 1 1470 CLOUDY (SCALE 8-10) 15
DPTR FM NORMAL -197
[CDD (BASE 65) ]
TOTAL THIS MO. 0
DPTR FM NORMAL 0 [PRESSURE DATA]
TOTAL FM JAN 1 557 HIGHEST SLP 30.53 ON 21
DPTR FM NORMAL 107 LOWEST SLP 29.27 ON 13
[REMARKS]
#FINAL-11-20#