000
CXUS53 KIND 011621
CLMGEZ
CLIMATE REPORT
NATIONAL WEATHER SERVICE INDIANAPOLIS IN
1121 AM EST FRI MAR 01 2024
...................................
...THE SHELBYVILLE IN CLIMATE SUMMARY FOR THE MONTH OF FEBRUARY 2024...
CLIMATE NORMAL PERIOD 1991 TO 2020
CLIMATE RECORD PERIOD 9999 TO 9999
WEATHER OBSERVED NORMAL DEPART LAST YEAR`S
VALUE DATE(S) VALUE FROM VALUE DATE(S)
NORMAL
................................................................
TEMPERATURE (F)
HIGHEST 73 02/26 73 02/22
LOWEST 9 02/18 13 02/03
AVG. MAXIMUM 54.1 42.0 12.1 53.8
AVG. MINIMUM 30.5 25.2 5.3 30.4
MEAN 42.3 33.6 8.7 42.1
DAYS MAX >= 90 0 0.0 0.0 0
DAYS MAX <= 32 1 6.8 -5.8 2
DAYS MIN <= 32 18 22.0 -4.0 15
DAYS MIN <= 0 0 1.0 -1.0 0
PRECIPITATION (INCHES)
TOTALS 1.89R 2.34 -0.45 2.11
DAILY AVG. 0.07 NAN NAN 0.08
DAYS >= .01 4 10.2 -6.2 8
DAYS >= .10 4 5.1 -1.1 5
DAYS >= .50 2 1.5 0.5 2
DAYS >= 1.00 0 0.6 -0.6 0
GREATEST
24 HR. TOTAL 0.81 02/28 TO 02/28
DEGREE DAYS
HEATING TOTAL 652 879 -227 635
SINCE 7/1 3181 3969 -788 MM
COOLING TOTAL 0 0 0 0
SINCE 1/1 0 0 0 MM
................................................................
WIND (MPH)
AVERAGE WIND SPEED 9.7
HIGHEST WIND SPEED/DIRECTION 44/240 DATE 02/28
HIGHEST GUST SPEED/DIRECTION 59/230 DATE 02/28
SKY COVER
AVERAGE SKY COVER 0.25
AVERAGE RH (PERCENT) 62
WEATHER CONDITIONS. NUMBER OF DAYS WITH
THUNDERSTORM 2 MIXED PRECIP 0
HEAVY RAIN 2 RAIN 2
LIGHT RAIN 4 FREEZING RAIN 0
LT FREEZING RAIN 0 HAIL 0
HEAVY SNOW 1 SNOW 1
LIGHT SNOW 2 SLEET 0
FOG 11 FOG W/VIS <= 1/4 MILE 4
HAZE 8
- INDICATES NEGATIVE NUMBERS.
R INDICATES RECORD WAS SET OR TIED.
MM INDICATES DATA IS MISSING.
T INDICATES TRACE AMOUNT.
$$