000
CXUS53 KFGF 010815
CF6GFK
PRELIMINARY LOCAL CLIMATOLOGICAL DATA (WS FORM: F-6)
STATION: GRAND FORKS INTL AP ND
MONTH: APRIL
YEAR: 2022
LATITUDE: 47 57 N
LONGITUDE: 97 11 W
TEMPERATURE IN F: :PCPN: SNOW: WIND :SUNSHINE: SKY :PK WND
================================================================================
1 2 3 4 5 6A 6B 7 8 9 10 11 12 13 14 15 16 17 18
12Z AVG MX 2MIN
DY MAX MIN AVG DEP HDD CDD WTR SNW DPTH SPD SPD DIR MIN PSBL S-S WX SPD DR
================================================================================
1 55 22 39 5 26 0 0.01 T 0 11.8 22 230 M M 7 37 240
2 36 28 32 -2 33 0 0.00 0.0 0 9.2 18 320 M M 8 26 320
3 36 21 29 -5 36 0 0.00 0.0 0 5.3 12 50 M M 10 16 40
4 48 23 36 1 29 0 T T 0 11.8 22 150 M M 7 6 28 160
5 37 33 35 -1 30 0 0.08 T 0 14.1 23 130 M M 10 1 30 110
6 35 31 33 -3 32 0 0.30 0.3 0 28.6 40 340 M M 10 1 56 350
7 38 29 34 -3 31 0 T 0.2 1 28.7 41 350 M M 7 19 55 350
8 45 25 35 -2 30 0 0.00 0.0 0 15.0 25 360 M M 1 32 330
9 51 22 37 -1 28 0 0.00 0.0 0 12.5 25 180 M M 5 32 160
10 45 31 38 0 27 0 T 0.0 0 7.7 18 30 M M 8 24 20
11 50 22 36 -3 29 0 0.00 0.0 0 8.9 22 280 M M 5 30 260
12 33 22 28 -11 37 0 0.52 9.0 0 18.7 30 40 M M 8 129 41 30
13 34 29 32 -8 33 0 0.17 0.4 10 17.0 28 180 M M 10 16 34 170
14 29 13 21 -19 44 0 0.01 T 6 17.7 33 330 M M 10 189 41 330
15 21 12 17 -24 48 0 T T 6 16.8 24 310 M M 8 18 31 320
16 26 5 16 -25 49 0 0.00 0.0 6 8.9 16 330 M M 2 20 330
17 31 5 18 -24 47 0 0.26 2.0 6 11.8 30 340 M M 8 126 39 350
18 30 8 19 -23 46 0 0.01 0.4 8 14.3 31 340 M M 4 19 41 330
19 36 4 20 -22 45 0 T 0.0 7 12.4 29 130 M M 7 1 37 150
20 41 31 36 -7 29 0 0.08 T 6 11.1 26 150 M M 6 1 33 270
21 38 32 35 -8 30 0 0.00 0.0 3 10.7 24 280 M M 9 33 280
22 40 34 37 -7 28 0 0.62 0.0 1 17.2 26 130 M M 10 13 34 110
23 49 36 43 -1 22 0 1.72 0.0 0 14.8 28 260 M M 10 123 40 240
24 39 26 33 -12 32 0 0.12 0.8 0 25.2 41 330 M M 10 1 55 340
25 26 23 25 -20 40 0 T T M 22.2 31 350 M M 10 9 45 350
26 39 22 31 -15 34 0 T T T 9.4 16 330 M M 6 20 320
27 49 27 38 -8 27 0 0.00 0.0 M 10.4 20 100 M M 3 28 90
28 53 32 43 -3 22 0 0.00 0.0 0 7.7 16 140 M M 7 21 110
29 46 38 42 -5 23 0 0.97 0.0 0 9.2 16 60 M M 10 1 22 60
30 44 40 42 -5 23 0 0.60 0.0 0 14.8 24 340 M M 10 1 31 330
================================================================================
SM 1180 726 990 0 5.47 13.1 423.9 M 226
================================================================================
AV 39.3 24.2 14.1 FASTST M M 8 MAX(MPH)
MISC ----> # 41 350 56 350
================================================================================
NOTES:
# LAST OF SEVERAL OCCURRENCES
COLUMN 17 PEAK WIND IN M.P.H.
PRELIMINARY LOCAL CLIMATOLOGICAL DATA (WS FORM: F-6) , PAGE 2
STATION: GRAND FORKS INTL AP ND
MONTH: APRIL
YEAR: 2022
LATITUDE: 47 57 N
LONGITUDE: 97 11 W
[TEMPERATURE DATA] [PRECIPITATION DATA] SYMBOLS USED IN COLUMN 16
AVERAGE MONTHLY: 31.8 TOTAL FOR MONTH: 5.47 1 = FOG OR MIST
DPTR FM NORMAL: -8.9 DPTR FM NORMAL: 4.26 2 = FOG REDUCING VISIBILITY
HIGHEST: 55 ON 1 GRTST 24HR 1.74 ON 22-23 TO 1/4 MILE OR LESS
LOWEST: 4 ON 19 3 = THUNDER
SNOW, ICE PELLETS, HAIL 4 = ICE PELLETS
TOTAL MONTH: 13.1 INCHES 5 = HAIL
GRTST 24HR 9.0 ON 12-12 6 = FREEZING RAIN OR DRIZZLE
GRTST DEPTH: 10 ON 13 7 = DUSTSTORM OR SANDSTORM:
VSBY 1/2 MILE OR LESS
8 = SMOKE OR HAZE
[NO. OF DAYS WITH] [WEATHER - DAYS WITH] 9 = BLOWING SNOW
X = TORNADO
MAX 32 OR BELOW: 6 0.01 INCH OR MORE: 14
MAX 90 OR ABOVE: 0 0.10 INCH OR MORE: 9
MIN 32 OR BELOW: 25 0.50 INCH OR MORE: 5
MIN 0 OR BELOW: 0 1.00 INCH OR MORE: 1
[HDD (BASE 65) ]
TOTAL THIS MO. 990 CLEAR (SCALE 0-3) 3
DPTR FM NORMAL 259 PTCLDY (SCALE 4-7) 14
TOTAL FM JUL 1 9405 CLOUDY (SCALE 8-10) 13
DPTR FM NORMAL 312
[CDD (BASE 65) ]
TOTAL THIS MO. 0
DPTR FM NORMAL 0 [PRESSURE DATA]
TOTAL FM JAN 1 0 HIGHEST SLP M ON M
DPTR FM NORMAL 0 LOWEST SLP 29.19 ON 23
[REMARKS]
#FINAL-04-22#