000
CXUS55 KALY 011719
CF6GFL
PRELIMINARY LOCAL CLIMATOLOGICAL DATA (WS FORM: F-6)
STATION: GLENS FALLS NY
MONTH: MARCH
YEAR: 2020
LATITUDE: 43 20 N
LONGITUDE: 73 37 W
TEMPERATURE IN F: :PCPN: SNOW: WIND :SUNSHINE: SKY :PK WND
================================================================================
1 2 3 4 5 6A 6B 7 8 9 10 11 12 13 14 15 16 17 18
12Z AVG MX 2MIN
DY MAX MIN AVG DEP HDD CDD WTR SNW DPTH SPD SPD DIR MIN PSBL S-S WX SPD DR
================================================================================
1 33 5 19 -6 46 0 0.00 M M 1.5 9 170 M M 2 12 170
2 50 21 36 10 29 0 0.01 M M 3.7 15 200 M M 8 22 240
3 56 32 44 18 21 0 0.14 M M 4.7 16 220 M M 6 12 24 220
4 46 32 39 13 26 0 T M M 9.2 25 280 M M 7 37 290
5 47 24 36 9 29 0 0.00 M M 4.7 14 220 M M 4 21 220
6 45 24 35 8 30 0 T M M 6.9 18 360 M M 4 1 23 360
7 37 18 28 0 37 0 0.00 M M 9.5 23 10 M M 1 31 10
8 53 19 36 8 29 0 0.00 M M 4.8 16 230 M M 2 8 21 190
9 68 27 48 20 17 0 0.00 M M 5.5 20 210 M M 1 8 27 200
10 56 35 46 17 19 0 0.04 M M 4.8 17 350 M M 6 1 23 340
11 42 27 35 6 30 0 0.00 M M 6.2 16 350 M M 2 21 20
12 52 28 40 10 25 0 0.00 M M 5.1 16 170 M M 10 22 190
13 53 38 46 16 19 0 0.96 M M 8.1 26 300 M M 7 1 41 290
14 49 36 43 13 22 0 0.00 M M 8.2 20 280 M M 2 29 300
15 38 22 30 -1 35 0 0.00 M M 9.7 18 60 M M 0 23 60
16 41 17 29 -2 36 0 0.00 M M 5.8 15 180 M M 1 20 200
17 44 32 38 6 27 0 0.01 M M 7.5 25 290 M M 9 1 33 300
18 48 19 34 2 31 0 0.00 M M 3.2 17 300 M M 1 22 290
19 48 32 40 8 25 0 0.22 M M 4.5 16 190 M M 10 1 22 190
20 62 40 51 18 14 0 0.18 M M 7.8 23 240 M M 9 1 39 300
21 43 23 33 0 32 0 0.00 M M 12.9 23 310 M M 2 28 340
22 37 20 29 -5 36 0 0.00 M M 7.6 16 50 M M 0 20 50
23 34 21 28 -6 37 0 0.60 M M 6.2 22 160 M M 7 12 28 150
24 37 25 31 -4 34 0 T M M 3.9 13 340 M M 9 12 17 340
25 45 22 34 -1 31 0 0.00 M M 1.8 8 170 M M 5 12 11 170
26 54 22 38 2 27 0 T M M 4.6 13 160 M M 2 16 170
27 58 29 44 8 21 0 0.00 M M 8.8 18 340 M M 3 25 350
28 50 24 37 1 28 0 T M M 1.9 12 220 M M 4 1 15 230
29 46 40 43 6 22 0 0.49 M M 2.7 16 290 M M 10 13 21 290
30 43 33 38 1 27 0 0.14 M M 3.6 10 210 M M 9 12 14 240
31 47 27 37 -1 28 0 0.01 M M 5.0 16 60 M M 7 19 60
================================================================================
SM 1462 814 870 0 2.80 M 180.4 M 150
================================================================================
AV 47.2 26.3 5.8 FASTST M M 5 MAX(MPH)
MISC ----> # 26 300 # 41 290
================================================================================
NOTES:
# LAST OF SEVERAL OCCURRENCES
COLUMN 17 PEAK WIND IN M.P.H.
PRELIMINARY LOCAL CLIMATOLOGICAL DATA (WS FORM: F-6) , PAGE 2
STATION: GLENS FALLS NY
MONTH: MARCH
YEAR: 2020
LATITUDE: 43 20 N
LONGITUDE: 73 37 W
[TEMPERATURE DATA] [PRECIPITATION DATA] SYMBOLS USED IN COLUMN 16
AVERAGE MONTHLY: 36.7 TOTAL FOR MONTH: 2.80 1 = FOG OR MIST
DPTR FM NORMAL: 5.4 DPTR FM NORMAL: -0.14 2 = FOG REDUCING VISIBILITY
HIGHEST: 68 ON 9 GRTST 24HR 0.96 ON 13-13 TO 1/4 MILE OR LESS
LOWEST: 5 ON 1 3 = THUNDER
SNOW, ICE PELLETS, HAIL 4 = ICE PELLETS
TOTAL MONTH: M 5 = HAIL
GRTST 24HR M ON M 6 = FREEZING RAIN OR DRIZZLE
GRTST DEPTH: M ON M 7 = DUSTSTORM OR SANDSTORM:
VSBY 1/2 MILE OR LESS
8 = SMOKE OR HAZE
[NO. OF DAYS WITH] [WEATHER - DAYS WITH] 9 = BLOWING SNOW
X = TORNADO
MAX 32 OR BELOW: 0 0.01 INCH OR MORE: 11
MAX 90 OR ABOVE: 0 0.10 INCH OR MORE: 7
MIN 32 OR BELOW: 25 0.50 INCH OR MORE: 2
MIN 0 OR BELOW: 0 1.00 INCH OR MORE: 0
[HDD (BASE 65) ]
TOTAL THIS MO. 870 CLEAR (SCALE 0-3) 13
DPTR FM NORMAL -173 PTCLDY (SCALE 4-7) 11
TOTAL FM JUL 1 6145 CLOUDY (SCALE 8-10) 7
DPTR FM NORMAL -518
[CDD (BASE 65) ]
TOTAL THIS MO. 0
DPTR FM NORMAL 0 [PRESSURE DATA]
TOTAL FM JAN 1 0 HIGHEST SLP 30.77 ON 22
DPTR FM NORMAL 0 LOWEST SLP 29.32 ON 3
[REMARKS]
#FINAL-03-20#