000
CXUS51 KALY 020033
CLSGFL
CLIMATE REPORT
NATIONAL WEATHER SERVICE ALBANY NY
833 PM EDT TUE SEP 01 2020
...................................
...THE GLENS FALLS NY CLIMATE SUMMARY FOR THE SEASON, FROM
6/1/2020 TO 8/31/2020...
CLIMATE NORMAL PERIOD: 1981 TO 2010
CLIMATE RECORD PERIOD: 1893 TO 2020
WEATHER OBSERVED NORMAL DEPART LAST YEAR`S
VALUE DATE(S) VALUE FROM VALUE DATE(S)
NORMAL
................................................................
TEMPERATURE (F)
RECORD
HIGH 101 08/07/1918
07/04/1911
07/03/1911
LOW 31 08/29/1982
HIGHEST 93 07/19 92 07/21
07/27
LOWEST 33 06/01 40 06/04
AVG. MAXIMUM MM 78.8 MM 80.5
AVG. MINIMUM 56.1 54.6 1.5 55.3
MEAN 68.8 66.7 2.1 67.9
DAYS MAX >= 90 5 4.0 1.0 5
DAYS MAX <= 32 0 0.0 0.0 0
DAYS MIN <= 32 0 0.1 -0.1 0
DAYS MIN <= 0 0 0.0 0.0 0
PRECIPITATION (INCHES)
RECORD
MAXIMUM 17.74 1915
MINIMUM 4.56 1913
TOTALS 10.44 11.32 -0.88 10.30
DAILY AVG. 0.11 0.11
DAYS >= .01 34 33.9 0.1 32
DAYS >= .10 18 21.1 -3.1 17
DAYS >= .50 7 7.9 -0.9 10
DAYS >= 1.00 1 2.7 -1.7 1
GREATEST
24 HR. TOTAL 2.81 08/04 TO 08/04
DEGREE DAYS
HEATING TOTAL 120 157 -37 98
SINCE 7/1 34 66 -32 28
COOLING TOTAL 498 315 183 386
SINCE 1/1 543 327 216 395
................................................................
WIND (MPH)
AVERAGE WIND SPEED 4.6
HIGHEST WIND SPEED/DIRECTION 30/340 DATE 06/06
HIGHEST GUST SPEED/DIRECTION 44/350 DATE 06/06
WEATHER CONDITIONS. NUMBER OF DAYS WITH
THUNDERSTORM 19 MIXED PRECIP 0
HEAVY RAIN 12 RAIN 15
LIGHT RAIN 41 FREEZING RAIN 0
LT FREEZING RAIN 0 HAIL 0
HEAVY SNOW 0 SNOW 0
LIGHT SNOW 0 SLEET 0
FOG 70 FOG W/VIS <= 1/4 MILE 8
HAZE 3
- INDICATES NEGATIVE NUMBERS.
R INDICATES RECORD WAS SET OR TIED.
MM INDICATES DATA IS MISSING.
T INDICATES TRACE AMOUNT.
$$