000
CXUS54 KSHV 011400
CF6GGG
PRELIMINARY LOCAL CLIMATOLOGICAL DATA (WS FORM: F-6)
STATION: LONGVIEW
MONTH: FEBRUARY
YEAR: 2024
LATITUDE: 32 22 N
LONGITUDE: 94 43 W
TEMPERATURE IN F: :PCPN: SNOW: WIND :SUNSHINE: SKY :PK WND
================================================================================
1 2 3 4 5 6A 6B 7 8 9 10 11 12 13 14 15 16 17 18
12Z AVG MX 2MIN
DY MAX MIN AVG DEP HDD CDD WTR SNW DPTH SPD SPD DIR MIN PSBL S-S WX SPD DR
================================================================================
1 74 42 58 9 7 0 0.00 0.0 0 6.4 18 200 M M 0 27 180
2 70 48 59 10 6 0 T 0.0 0 6.8 15 200 M M 7 19 200
3 62 51 57 8 8 0 0.53 0.0 0 8.4 18 100 M M 10 1 28 80
4 61 51 56 7 9 0 T 0.0 0 6.6 17 330 M M 9 1 26 340
5 67 45 56 7 9 0 T 0.0 0 9.6 18 320 M M 5 29 350
6 68 37 53 4 12 0 0.00 0.0 0 2.2 9 80 M M 0 13 70
7 71 44 58 8 7 0 0.00 0.0 0 8.0 20 140 M M 1 27 140
8 70 57 64 14 1 0 T 0.0 0 8.5 17 190 M M 8 24 210
9 77 62 70 20 0 5 T 0.0 0 9.2 21 200 M M 6 8 27 210
10 67 55 61 11 4 0 1.47 0.0 0 5.4 14 250 M M 8 13 20 70
11 60 49 55 5 10 0 0.97 0.0 0 6.9 29 70 M M 10 13 45 250
12 54 36 45 -6 20 0 0.01 0.0 0 12.2 26 310 M M 7 38 320
13 62 32 47 -4 18 0 0.00 0.0 0 2.8 12 220 M M 0 16 210
14 68 36 52 1 13 0 0.00 0.0 0 5.9 15 180 M M 0 20 140
15 72 48 60 9 5 0 0.00 0.0 0 6.6 14 230 M M 1 20 220
16 73 45 59 8 6 0 0.00 0.0 0 12.7 23 340 M M 5 30 340
17 45 35 40 -12 25 0 0.00 0.0 0 10.4 18 30 M M 5 31 30
18 54 29 42 -10 23 0 0.00 0.0 0 5.3 10 320 M M 1 M M
19 64 28 46 -6 19 0 0.00 0.0 0 5.7 17 170 M M 0 24 200
20 80 40 60 8 5 0 0.00 0.0 0 5.7 16 190 M M 0 24 200
21 79 57 68 15 0 3 0.00 0.0 0 14.7 23 210 M M 3 30 190
22 81 62 72 19 0 7 0.00 0.0 0 12.3 24 220 M M 3 32 210
23 74 48 61 8 4 0 0.00 0.0 0 7.6 22 300 M M 0 30 310
24 77 43 60 7 5 0 0.00 0.0 0 4.8 17 270 M M 0 27 310
25 82 48 65 11 0 0 0.00 0.0 0 13.8 31 220 M M 0 43 200
26 87 63 75 21 0 10 0.00 0.0 0 15.2 24 190 M M 2 33 180
27 84 68 76 22 0 11 0.00 0.0 0 15.1 23 200 M M 4 31 190
28 74 47 61 7 4 0 T 0.0 0 11.6 25 310 M M 2 36 350
29 57 43 50 -4 15 0 0.07 0.0 0 7.3 21 80 M M 8 28 70
================================================================================
SM 2014 1349 235 36 3.05 0.0 247.7 M 105
================================================================================
AV 69.4 46.5 8.5 FASTST M M 4 MAX(MPH)
MISC ----> 31 220 45 250
================================================================================
NOTES:
# LAST OF SEVERAL OCCURRENCES
COLUMN 17 PEAK WIND IN M.P.H.
PRELIMINARY LOCAL CLIMATOLOGICAL DATA (WS FORM: F-6) , PAGE 2
STATION: LONGVIEW
MONTH: FEBRUARY
YEAR: 2024
LATITUDE: 32 22 N
LONGITUDE: 94 43 W
[TEMPERATURE DATA] [PRECIPITATION DATA] SYMBOLS USED IN COLUMN 16
AVERAGE MONTHLY: 58.0 TOTAL FOR MONTH: 3.05 1 = FOG OR MIST
DPTR FM NORMAL: 6.7 DPTR FM NORMAL: -0.75 2 = FOG REDUCING VISIBILITY
HIGHEST: 87 ON 26 GRTST 24HR 2.39 ON 10-11 TO 1/4 MILE OR LESS
LOWEST: 28 ON 19 3 = THUNDER
SNOW, ICE PELLETS, HAIL 4 = ICE PELLETS
TOTAL MONTH: 0.0 INCH 5 = HAIL
GRTST 24HR 0.0 6 = FREEZING RAIN OR DRIZZLE
GRTST DEPTH: 0 7 = DUSTSTORM OR SANDSTORM:
VSBY 1/2 MILE OR LESS
8 = SMOKE OR HAZE
[NO. OF DAYS WITH] [WEATHER - DAYS WITH] 9 = BLOWING SNOW
X = TORNADO
MAX 32 OR BELOW: 0 0.01 INCH OR MORE: 5
MAX 90 OR ABOVE: 0 0.10 INCH OR MORE: 3
MIN 32 OR BELOW: 3 0.50 INCH OR MORE: 3
MIN 0 OR BELOW: 0 1.00 INCH OR MORE: 1
[HDD (BASE 65) ]
TOTAL THIS MO. 235 CLEAR (SCALE 0-3) 15
DPTR FM NORMAL -161 PTCLDY (SCALE 4-7) 11
TOTAL FM JUL 1 1588 CLOUDY (SCALE 8-10) 3
DPTR FM NORMAL -241
[CDD (BASE 65) ]
TOTAL THIS MO. 36
DPTR FM NORMAL 25 [PRESSURE DATA]
TOTAL FM JAN 1 36 HIGHEST SLP 30.40 ON 29
DPTR FM NORMAL 20 LOWEST SLP 29.50 ON 4
[REMARKS]
#FINAL-02-24#